{"id":6698,"date":"2016-08-29T12:23:45","date_gmt":"2016-08-29T10:23:45","guid":{"rendered":"http:\/\/semmelweis.hu\/orvosi-vegytan\/?page_id=6698"},"modified":"2025-04-09T17:30:35","modified_gmt":"2025-04-09T15:30:35","slug":"chemfurmed","status":"publish","type":"page","link":"https:\/\/semmelweis.hu\/molekularis-biologia\/de\/studentenseite\/chemfurmed\/","title":{"rendered":"Chemie f\u00fcr Mediziner"},"content":{"rendered":"<p><strong>MF (6 Kreditpunkte, Kolloquium, Dr. Mikl\u00f3s Csala; AOKMBT829_1N)<\/strong><br \/>\n<strong>FFZ (4 Kreditpunkte, Kolloquium, Dr. Mikl\u00f3s Csala; FOKOMBT304_1N)<\/strong><\/p>\n<p><strong>Herbstsemester<\/strong><\/p>\n<p><strong>Studienbeauftragte des Faches:<\/strong><br \/> Dr. R\u00f3nai, Zsolt (<a href=\"mailto:ronai.zsolt@med.semmelweis-univ.hu\">ronai.zsolt@med.semmelweis-univ.hu<\/a>)<\/p>\n<p><strong><font size=\"4\"><a href=\"https:\/\/itc.semmelweis.hu\/moodle\/\">Einzelheiten, Zeitplan, Zoom-Links, Downloads usw. finden Sie auf den Moodle-Seiten des Betreffs.<\/a><\/font><\/strong><\/p>\n<p style=\"text-align: justify\"><strong>Allgemeine Informationen<\/strong><br \/>\nIn dem Pflichtfach Chemie kann man solche Themen kennenlernen, die n\u00f6tig sind, in den lebenden Zellen unter physiologischen oder pathologischen Bedingungen ablaufenden biochemische und molekularbiologische Vorg\u00e4nge zu verstehen. Dementsprechend ist die Absolvierung von diesem Fach n\u00f6tig um die F\u00e4cher Biochemie, Molekulare Zellbiologie und Physiologie lernen und verstehen zu k\u00f6nnen. Beispielweise ist das Kapitel Elektrochemie beim Erlernen der Funktionen von Mitochondrien und dem endoplasmatischen Retikulum, die Thermodynamik bei gekoppelten (ATP-abh\u00e4ngigen) Reaktionen; L\u00f6sungen, pH, Puffersysteme, Osmose f\u00fcrs fach Physiologie (Blut, Nieten) usw. unentbehrlich sind.<\/p>\n<p style=\"text-align: justify\"><strong>Vorlesungen und Praktika<\/strong><br \/>\nW\u00f6chentlich finden zwei Vorlesungen statt. Einteilung und Zeitpl\u00e4ne der Praktika finden Sie unten in der Tabelle. Die Teilnahme an den Praktika ist verpflichtend, laut Studien- und Pr\u00fcfungsordnung der Universit\u00e4t muss man an mindestens 75% der Praktika anwesend sein. In begr\u00fcndeten F\u00e4llen kann das Praktikum einmal im Semester in einer anderen Gruppe (in derselben Woche) nachgeholt werden. Bitte beachten Sie, dass maximal 5 Minuten Versp\u00e4tung bei den Praktika akzeptiert werden kann. <i>Danke f\u00fcr Ihre Kooperation!<\/i><\/p>\n<p style=\"text-align: justify\"><strong>Empfohlene Lehrb\u00fccher:<\/strong><br \/>\nCharles E. Mortimer: Chemie<br \/>\nHarold Hart: Organische Chemie<br \/>\nK\u00e1roly Szikla: Medizinische Chemie Rechenaufgaben<br \/>\nzus\u00e4tzliche Lehrsotffe im Moodle<\/p>\n<p><strong>Studentische Lehrveranstaltungsbewertung<\/strong><br \/>\n(&#8222;<strong>O<\/strong>ktat\u00f3i <strong>m<\/strong>unka <strong>h<\/strong>allgat\u00f3i <strong>v<\/strong>\u00e9lem\u00e9nyez\u00e9se&#8221; &#8211; OMHV)<\/p>\n<p><div class=\"responsive-tabs\">\n<h2 class=\"tabtitle\">2024\/25-1<\/h2>\n<div class=\"tabcontent\">\n<a href=\"https:\/\/semmelweis.hu\/molekularis-biologia\/files\/2025\/04\/Orvosi-kemia-AOKMBT829_1N.pdf\" target=\"_blank\" rel=\"noopener noreferrer\">Vorlesungen an der Medizinischen Fakult\u00e4t<\/a> \u2003 <a href=\"https:\/\/semmelweis.hu\/molekularis-biologia\/files\/2025\/04\/Orvosi-kemia-AOKMBT829_1N-1.pdf\" target=\"_blank\" rel=\"noopener noreferrer\">Praktika an der Medizinischen Fakult\u00e4t<\/a><\/p>\n<p><a href=\"https:\/\/semmelweis.hu\/molekularis-biologia\/files\/2025\/04\/Orvosi-kemia-FOKOMBT304_1N.pdf\" target=\"_blank\" rel=\"noopener noreferrer\">Vorlesungen an der Fakult\u00e4t f\u00fcr Zahnheilkunde<\/a> \u2003 <a href=\"https:\/\/semmelweis.hu\/molekularis-biologia\/files\/2025\/04\/Orvosi-kemia-FOKOMBT304_1N-1.pdf\" target=\"_blank\" rel=\"noopener noreferrer\">Praktika an der Fakult\u00e4t f\u00fcr Zahnheilkunde<\/a><\/div><\/div><\/p>\n<p><div class=\"responsive-tabs\">\n<h2 class=\"tabtitle\">2023\/24-1<\/h2>\n<div class=\"tabcontent\">\n<a href=\"https:\/\/semmelweis.hu\/molekularis-biologia\/files\/2024\/04\/Orvosi-kemia-AOKMBT829_1N.pdf\" target=\"_blank\" rel=\"noopener noreferrer\">Fakult\u00e4t f\u00fcr Medizin<\/a><\/p>\n<p>\n<\/div><h2 class=\"tabtitle\">2022\/23-1<\/h2>\n<div class=\"tabcontent\">\n<a href=\"https:\/\/semmelweis.hu\/molekularis-biologia\/files\/2023\/05\/ertekeles_orv_kem_AOK_2022_23_1_N.pdf\" target=\"_blank\" rel=\"noopener noreferrer\">Vorlesungen an der Medizinischen Fakult\u00e4t<\/a> \u2003 <a href=\"https:\/\/semmelweis.hu\/molekularis-biologia\/files\/2023\/05\/ertekeles_gyak_orv_kem_AOK_2022_23_1_N.pdf\" target=\"_blank\" rel=\"noopener noreferrer\">Praktika an der Medizinischen Fakult\u00e4t<\/a><\/p>\n<p><a href=\"https:\/\/semmelweis.hu\/molekularis-biologia\/files\/2023\/05\/ertekeles_orv_kem_FOK_2022_23_1_N.pdf\" target=\"_blank\" rel=\"noopener noreferrer\">Vorlesungen an der Fakult\u00e4t f\u00fcr Zahnheilkunde<\/a> \u2003 <a href=\"https:\/\/semmelweis.hu\/molekularis-biologia\/files\/2023\/05\/ertekeles_gyak_orv_kem_FOK_2022_23_1_N.pdf\" target=\"_blank\" rel=\"noopener noreferrer\">Praktika an der Fakult\u00e4t f\u00fcr Zahnheilkunde<\/a><\/div><\/div><\/p>\n<p><strong>OMHV Aktionspl\u00e4ne<\/strong><\/p>\n<p><div class=\"responsive-tabs\">\n<h2 class=\"tabtitle\">2024\/25-1<\/h2>\n<div class=\"tabcontent\">\n<a href=\"https:\/\/semmelweis.hu\/molekularis-biologia\/files\/2025\/04\/Fakultat-fur-Medizin_Aktionsplan_2024_25_1.pdf\" target=\"_blank\" rel=\"noopener noreferrer\">Fakult\u00e4t f\u00fcr Medizin<\/a><br \/>\n<a href=\"https:\/\/semmelweis.hu\/molekularis-biologia\/files\/2025\/04\/Fakultat-fur-Zahnheilkunde_Aktionsplan_2024_25_1.pdf\" target=\"_blank\" rel=\"noopener noreferrer\">Fakult\u00e4t f\u00fcr Zahnheilkunde<\/a><\/p>\n<p>\n<\/div><h2 class=\"tabtitle\">2023\/24-1<\/h2>\n<div class=\"tabcontent\">\n<a href=\"https:\/\/semmelweis.hu\/molekularis-biologia\/files\/2024\/04\/OMHV_Fakultat-fur-Medizin_Aktionsplan_2023_24_1.pdf\" target=\"_blank\" rel=\"noopener noreferrer\">Fakult\u00e4t f\u00fcr Medizin<\/a><br \/>\n<a href=\"https:\/\/semmelweis.hu\/molekularis-biologia\/files\/2024\/04\/OMHV_Fakultat-fur-Zahnheilkunde_Aktionsplan_2023_24_1.pdf\" target=\"_blank\" rel=\"noopener noreferrer\">Fakult\u00e4t f\u00fcr Zahnheilkunde<\/a><\/p>\n<p>\n<\/div><h2 class=\"tabtitle\">2022\/23-1<\/h2>\n<div class=\"tabcontent\">\n<a href=\"https:\/\/semmelweis.hu\/molekularis-biologia\/files\/2023\/05\/OMHV_Fakultat-fur-Medizin_Aktionsplan_2022_23_1.pdf\" target=\"_blank\" rel=\"noopener noreferrer\">Fakult\u00e4t f\u00fcr Medizin<\/a><br \/>\n<a href=\"https:\/\/semmelweis.hu\/molekularis-biologia\/files\/2023\/05\/OMHV_Fakultat-fur-Zahnheilkunde_Aktionsplan_2022_23_1.pdf\" target=\"_blank\" rel=\"noopener noreferrer\">Fakult\u00e4t f\u00fcr Zahnheilkunde<\/a><\/div><\/div><\/p>\n<p><b>Anforderungsdatemblatt<\/b><br \/>\n<a href=\"https:\/\/semmelweis.hu\/molekularis-biologia\/files\/2023\/05\/kovetelmeny_Chem_fur_Med_AOK_DE.pdf\" target=\"_blank\" rel=\"noopener\">Fakult\u00e4t f\u00fcr Medizin<\/a>&emsp;Fakult\u00e4t f\u00fcr Zahnheilkunde<\/a><\/p>\n","protected":false},"excerpt":{"rendered":"<p>MF (6 Kreditpunkte, Kolloquium, Dr. Mikl\u00f3s Csala; AOKMBT829_1N) FFZ (4 Kreditpunkte, Kolloquium, Dr. Mikl\u00f3s Csala; FOKOMBT304_1N) Herbstsemester Studienbeauftragte des Faches: Dr. R\u00f3nai, Zsolt ( <a href=\"mailto:ronai.zsolt@med.semmelweis-univ.hu\">ronai.zsolt@med.semmelweis-univ.hu<\/a> ) <a href=\"https:\/\/itc.semmelweis.hu\/moodle\/\">Einzelheiten, Zeitplan, Zoom-Links, Downloads usw. finden Sie auf den Moodle-Seiten des Betreffs.<\/a> Allgemeine Informationen In dem Pflichtfach Chemie kann man solche Themen kennenlernen, die n\u00f6tig sind, in den lebenden Zellen unter physiologischen oder pathologischen Bedingungen ablaufenden biochemische und molekularbiologische Vorg\u00e4nge zu verstehen. &hellip;<\/p>\n","protected":false},"author":183,"featured_media":0,"parent":531,"menu_order":10,"comment_status":"closed","ping_status":"closed","template":"","meta":{"_acf_changed":false,"footnotes":""},"categories":[],"tags":[],"class_list":["post-6698","page","type-page","status-publish","hentry"],"acf":[],"_links":{"self":[{"href":"https:\/\/semmelweis.hu\/molekularis-biologia\/wp-json\/wp\/v2\/pages\/6698","targetHints":{"allow":["GET"]}}],"collection":[{"href":"https:\/\/semmelweis.hu\/molekularis-biologia\/wp-json\/wp\/v2\/pages"}],"about":[{"href":"https:\/\/semmelweis.hu\/molekularis-biologia\/wp-json\/wp\/v2\/types\/page"}],"author":[{"embeddable":true,"href":"https:\/\/semmelweis.hu\/molekularis-biologia\/wp-json\/wp\/v2\/users\/183"}],"replies":[{"embeddable":true,"href":"https:\/\/semmelweis.hu\/molekularis-biologia\/wp-json\/wp\/v2\/comments?post=6698"}],"version-history":[{"count":11,"href":"https:\/\/semmelweis.hu\/molekularis-biologia\/wp-json\/wp\/v2\/pages\/6698\/revisions"}],"predecessor-version":[{"id":8699,"href":"https:\/\/semmelweis.hu\/molekularis-biologia\/wp-json\/wp\/v2\/pages\/6698\/revisions\/8699"}],"up":[{"embeddable":true,"href":"https:\/\/semmelweis.hu\/molekularis-biologia\/wp-json\/wp\/v2\/pages\/531"}],"wp:attachment":[{"href":"https:\/\/semmelweis.hu\/molekularis-biologia\/wp-json\/wp\/v2\/media?parent=6698"}],"wp:term":[{"taxonomy":"category","embeddable":true,"href":"https:\/\/semmelweis.hu\/molekularis-biologia\/wp-json\/wp\/v2\/categories?post=6698"},{"taxonomy":"post_tag","embeddable":true,"href":"https:\/\/semmelweis.hu\/molekularis-biologia\/wp-json\/wp\/v2\/tags?post=6698"}],"curies":[{"name":"wp","href":"https:\/\/api.w.org\/{rel}","templated":true}]}}