{"id":4831,"date":"2017-09-07T15:07:28","date_gmt":"2017-09-07T13:07:28","guid":{"rendered":"http:\/\/semmelweis.hu\/orvosi-vegytan\/?page_id=4831"},"modified":"2026-03-20T13:19:29","modified_gmt":"2026-03-20T12:19:29","slug":"molsejtbiol2","status":"publish","type":"page","link":"https:\/\/semmelweis.hu\/molekularis-biologia\/oktatas\/molsejtbiol2\/","title":{"rendered":"Molekul\u00e1ris sejtbiol\u00f3gia II"},"content":{"rendered":"<p><strong>\u00c1OK (3 kredit, szigorlat, Dr. Csala Mikl\u00f3s; AOKMBT795_2M)<\/strong><br \/>\n<strong>FOK (3 kredit, szigorlat, Dr. Csala Mikl\u00f3s; FOKOOVM205_2M)<\/strong><\/p>\n<p><strong>Tavaszi f\u00e9l\u00e9vek<\/strong><\/p>\n<p><b>Molekul\u00e1ris sejtbiol\u00f3gia tanulm\u00e1nyi felel\u0151s:<\/b> <a href=\"mailto:szelenyi.peter@semmelweis.hu\">Dr. Szel\u00e9nyi P\u00e9ter<\/a> egyetemi adjunktus<br \/>\n<b>Tansz\u00e9ki tanulm\u00e1nyi felel\u0151s:<\/b> <a href=\"mailto:ronai.zsolt@med.semmelweis-univ.hu\">Dr. R\u00f3nai Zsolt<\/a> egyetemi tan\u00e1r<\/p>\n<p><strong><font size=\"4\"><a href=\"https:\/\/itc.semmelweis.hu\/moodle\/\">R\u00e9szletek\u00e9rt, el\u0151ad\u00e1sok \u00e9s gyakorlatok programj\u00e1\u00e9rt, Zoom linkek\u00e9rt, let\u00f6lt\u00e9s\u00e9rt stb., k\u00e9rj\u00fck, keresse fel a tant\u00e1rgy Moodle oldalait.<\/a><\/font><\/strong><\/p>\n<p style=\"text-align: justify\"><strong>\u00c1ltal\u00e1nos inform\u00e1ci\u00f3k<\/strong><br \/>\nA Molekul\u00e1ris Sejtbiol\u00f3gia tant\u00e1rgy m\u00e1sodik f\u00e9l\u00e9v\u00e9ben a hallgat\u00f3k megismerkednek a sejtm\u0171k\u00f6d\u00e9seket befoly\u00e1sol\u00f3 exta- \u00e9s intracellul\u00e1ris jelek feldolgoz\u00e1s\u00e1hoz sz\u00fcks\u00e9ges, tov\u00e1bb\u00e1 az \u00e9let-hal\u00e1l d\u00f6nt\u00e9sek h\u00e1tter\u00e9ben \u00e1ll\u00f3 molekul\u00e1ris mechanizmusokkal (szign\u00e1l transzdukci\u00f3, sejtciklus, apopt\u00f3zis, kronobiok\u00e9mia, \u00f6reged\u00e9s). Az eukari\u00f3ta sejt organellumai, az \u00e1ltaluk l\u00e9trej\u00f6v\u0151 intracellul\u00e1ris kompartment\u00e1ci\u00f3, a sejtszervecsk\u00e9k k\u00f6z\u00f6tti munkamegoszt\u00e1s \u00e9s kommunik\u00e1ci\u00f3, az organellumok saj\u00e1tos proteomj\u00e1nak \u00e9s metabolomj\u00e1nak kialakul\u00e1sa, valamint az organellum stressz ugyancsak t\u00e1rgyal\u00e1sra ker\u00fclnek. A sz\u00f6veti szervez\u0151d\u00e9st biztos\u00edt\u00f3 extracellul\u00e1ris m\u00e1trix \u00e9s annak kapcsolatai a sejtekkel szint\u00e9n a f\u00e9l\u00e9v t\u00e9mak\u00f6re. A hallgat\u00f3k betekint\u00e9st nyernek a megismert strukt\u00far\u00e1k \u00e9s folyamatok vizsg\u00e1lat\u00e1hoz rendelkez\u00e9sre \u00e1ll\u00f3 technik\u00e1k rejtelmeibe is.<\/p>\n<p style=\"text-align: justify\"><strong>A f\u00e9l\u00e9v elfogad\u00e1s\u00e1nak felt\u00e9tele<\/strong><br \/>\nA f\u00e9l\u00e9v sz\u00f3beli szigorlattal z\u00e1rul, melynek sor\u00e1n a vizsg\u00e1z\u00f3 4 t\u00e9tel alapj\u00e1n ad sz\u00e1mot tud\u00e1s\u00e1r\u00f3l. A szigorlat anyaga a Molekul\u00e1ris Sejtbiol\u00f3gia tant\u00e1rgy mindk\u00e9t f\u00e9l\u00e9v\u00e9nek tananyaga.<\/p>\n<p><b>Javasolt irodalom:<\/b><br \/>\n&#8211; Biok\u00e9mia, molekul\u00e1ris \u00e9s sejtbiol\u00f3gia (szerk.: B\u00e1nhegyi G., Sipeki Sz.)<br \/>\n&#8211; Szubcellul\u00e1ris Biok\u00e9mia (B\u00e1nhegyi G.) egyetemi jegyzet<\/p>\n<p><strong>Az oktat\u00f3i munka hallgat\u00f3i v\u00e9lem\u00e9nyez\u00e9se (OMHV)<\/strong><\/p>\n<p><div class=\"responsive-tabs\">\n<h2 class=\"tabtitle\">2024\/25-2<\/h2>\n<div class=\"tabcontent\">\n<a href=\"https:\/\/semmelweis.hu\/molekularis-biologia\/files\/2026\/03\/Molekularis-sejtbiologia-II-AOKMBT795_2M.pdf\" target=\"_blank\" rel=\"noopener noreferrer\">\u00c1OK el\u0151ad\u00e1sok &emsp; <a href=\"https:\/\/semmelweis.hu\/molekularis-biologia\/files\/2026\/03\/Molekularis-sejtbiologia-II-AOKMBT795_2M-1.pdf\" target=\"_blank\" rel=\"noopener noreferrer\">\u00c1OK gyakorlatok<\/a><br \/>\n<a href=\"https:\/\/semmelweis.hu\/molekularis-biologia\/files\/2026\/03\/Molekularis-sejtbiologia-II-FOKOMBT306_2M.pdf\" target=\"_blank\" rel=\"noopener noreferrer\">FOK el\u0151ad\u00e1sok &emsp; <a href=\"https:\/\/semmelweis.hu\/molekularis-biologia\/files\/2026\/03\/Molekularis-sejtbiologia-II-FOKOMBT306_2M-1.pdf\" target=\"_blank\" rel=\"noopener noreferrer\">FOK gyakorlatok<\/a><\/p>\n<p>\n<\/div><h2 class=\"tabtitle\">2022\/23-2<\/h2>\n<div class=\"tabcontent\">\n<a href=\"https:\/\/semmelweis.hu\/molekularis-biologia\/files\/2023\/10\/ertekeles_msb2_AOK_2022_23_2_M.pdf\" target=\"_blank\" rel=\"noopener noreferrer\">\u00c1OK el\u0151ad\u00e1sok &emsp; <a href=\"https:\/\/semmelweis.hu\/molekularis-biologia\/files\/2023\/10\/ertekeles_msb2_gyak_AOK_2022_23_2_M.pdf\" target=\"_blank\" rel=\"noopener noreferrer\">\u00c1OK gyakorlatok<\/a><br \/>\n<a href=\"https:\/\/semmelweis.hu\/molekularis-biologia\/files\/2023\/10\/ertekeles_msb2_FOK_2022_23_2_M.pdf\" target=\"_blank\" rel=\"noopener noreferrer\">FOK el\u0151ad\u00e1sok &emsp; <a href=\"https:\/\/semmelweis.hu\/molekularis-biologia\/files\/2023\/10\/ertekeles_msb2_gyak_FOK_2022_23_2_M.pdf\" target=\"_blank\" rel=\"noopener noreferrer\">FOK gyakorlatok<\/a><\/div><\/div><\/p>\n<p><strong>OMHV int\u00e9zked\u00e9si tervek<\/strong><\/p>\n<p><div class=\"responsive-tabs\">\n<h2 class=\"tabtitle\">2024\/25-2<\/h2>\n<div class=\"tabcontent\">\n<a href=\"https:\/\/semmelweis.hu\/molekularis-biologia\/files\/2026\/03\/AOK_Intezkedesi_terv_2024_25_2.pdf\" target=\"_blank\" rel=\"noopener noreferrer\">\u00c1OK &emsp;<br \/>\n<a href=\"https:\/\/semmelweis.hu\/molekularis-biologia\/files\/2026\/03\/FOK_Intezkedesi_terv_2024_25_2.pdf\" target=\"_blank\" rel=\"noopener noreferrer\">FOK<\/a> <\/p>\n<p>\n<\/div><h2 class=\"tabtitle\">2023\/24-2<\/h2>\n<div class=\"tabcontent\">\n<a href=\"https:\/\/semmelweis.hu\/molekularis-biologia\/files\/2024\/11\/AOK_Intezkedesi-terv_2023_24_2.pdf\" target=\"_blank\" rel=\"noopener noreferrer\">\u00c1OK &emsp;<br \/>\n<a href=\"https:\/\/semmelweis.hu\/molekularis-biologia\/files\/2024\/11\/FOK_Intezkedesi-terv_2023_24_2.pdf\" target=\"_blank\" rel=\"noopener noreferrer\">FOK<\/a> <\/p>\n<p>\n<\/div><h2 class=\"tabtitle\">2022\/23-2<\/h2>\n<div class=\"tabcontent\">\n<a href=\"https:\/\/semmelweis.hu\/molekularis-biologia\/files\/2023\/10\/OMHV_AOK_Intezkedesi_terv_2022_23_2.pdf\" target=\"_blank\" rel=\"noopener noreferrer\">\u00c1OK &emsp;<br \/>\n<a href=\"https:\/\/semmelweis.hu\/molekularis-biologia\/files\/2023\/10\/OMHV_FOK_Intezkedesi-terv_2022_23_2.pdf\" target=\"_blank\" rel=\"noopener noreferrer\">FOK<\/a> <\/p>\n<p>\n<\/div><h2 class=\"tabtitle\">2019\/20-2<\/h2>\n<div class=\"tabcontent\">\n<a href=\"https:\/\/semmelweis.hu\/molekularis-biologia\/files\/2020\/09\/OMH_OVI_2019_20_2_Intezkedesi-terv.pdf\" target=\"_blank\" rel=\"noopener noreferrer\">A 2019\/20\/2. f\u00e9l\u00e9vben oktatott t\u00e1rgyakra vonatkoz\u00f3 OMHV alapj\u00e1n k\u00e9sz\u00fclt int\u00e9zked\u00e9si terv<\/a><\/div><\/div><\/p>\n","protected":false},"excerpt":{"rendered":"<p>\u00c1OK (3 kredit, szigorlat, Dr. Csala Mikl\u00f3s; AOKMBT795_2M) FOK (3 kredit, szigorlat, Dr. Csala Mikl\u00f3s; FOKOOVM205_2M) Tavaszi f\u00e9l\u00e9vek Molekul\u00e1ris sejtbiol\u00f3gia tanulm\u00e1nyi felel\u0151s: <a href=\"mailto:szelenyi.peter@semmelweis.hu\">Dr. Szel\u00e9nyi P\u00e9ter<\/a> egyetemi adjunktus Tansz\u00e9ki tanulm\u00e1nyi felel\u0151s: <a href=\"mailto:ronai.zsolt@med.semmelweis-univ.hu\">Dr. R\u00f3nai Zsolt<\/a> egyetemi tan\u00e1r <a href=\"https:\/\/itc.semmelweis.hu\/moodle\/\">R\u00e9szletek\u00e9rt, el\u0151ad\u00e1sok \u00e9s gyakorlatok programj\u00e1\u00e9rt, Zoom linkek\u00e9rt, let\u00f6lt\u00e9s\u00e9rt stb., k\u00e9rj\u00fck, keresse fel a tant\u00e1rgy Moodle oldalait.<\/a> \u00c1ltal\u00e1nos inform\u00e1ci\u00f3k A Molekul\u00e1ris Sejtbiol\u00f3gia tant\u00e1rgy m\u00e1sodik f\u00e9l\u00e9v\u00e9ben a hallgat\u00f3k megismerkednek a sejtm\u0171k\u00f6d\u00e9seket befoly\u00e1sol\u00f3 exta- \u00e9s intracellul\u00e1ris jelek feldolgoz\u00e1s\u00e1hoz sz\u00fcks\u00e9ges, tov\u00e1bb\u00e1 az \u00e9let-hal\u00e1l d\u00f6nt\u00e9sek h\u00e1tter\u00e9ben \u00e1ll\u00f3 &hellip;<\/p>\n","protected":false},"author":183,"featured_media":0,"parent":6,"menu_order":30,"comment_status":"closed","ping_status":"closed","template":"","meta":{"_acf_changed":false,"footnotes":""},"categories":[],"tags":[],"class_list":["post-4831","page","type-page","status-publish","hentry"],"acf":[],"_links":{"self":[{"href":"https:\/\/semmelweis.hu\/molekularis-biologia\/wp-json\/wp\/v2\/pages\/4831","targetHints":{"allow":["GET"]}}],"collection":[{"href":"https:\/\/semmelweis.hu\/molekularis-biologia\/wp-json\/wp\/v2\/pages"}],"about":[{"href":"https:\/\/semmelweis.hu\/molekularis-biologia\/wp-json\/wp\/v2\/types\/page"}],"author":[{"embeddable":true,"href":"https:\/\/semmelweis.hu\/molekularis-biologia\/wp-json\/wp\/v2\/users\/183"}],"replies":[{"embeddable":true,"href":"https:\/\/semmelweis.hu\/molekularis-biologia\/wp-json\/wp\/v2\/comments?post=4831"}],"version-history":[{"count":11,"href":"https:\/\/semmelweis.hu\/molekularis-biologia\/wp-json\/wp\/v2\/pages\/4831\/revisions"}],"predecessor-version":[{"id":8930,"href":"https:\/\/semmelweis.hu\/molekularis-biologia\/wp-json\/wp\/v2\/pages\/4831\/revisions\/8930"}],"up":[{"embeddable":true,"href":"https:\/\/semmelweis.hu\/molekularis-biologia\/wp-json\/wp\/v2\/pages\/6"}],"wp:attachment":[{"href":"https:\/\/semmelweis.hu\/molekularis-biologia\/wp-json\/wp\/v2\/media?parent=4831"}],"wp:term":[{"taxonomy":"category","embeddable":true,"href":"https:\/\/semmelweis.hu\/molekularis-biologia\/wp-json\/wp\/v2\/categories?post=4831"},{"taxonomy":"post_tag","embeddable":true,"href":"https:\/\/semmelweis.hu\/molekularis-biologia\/wp-json\/wp\/v2\/tags?post=4831"}],"curies":[{"name":"wp","href":"https:\/\/api.w.org\/{rel}","templated":true}]}}