{"id":4063,"date":"2017-01-18T15:52:08","date_gmt":"2017-01-18T14:52:08","guid":{"rendered":"http:\/\/semmelweis.hu\/orvosi-vegytan\/?page_id=4063"},"modified":"2026-03-20T13:19:45","modified_gmt":"2026-03-20T12:19:45","slug":"molsejtbiol1","status":"publish","type":"page","link":"https:\/\/semmelweis.hu\/molekularis-biologia\/oktatas\/molsejtbiol1\/","title":{"rendered":"Molekul\u00e1ris sejtbiol\u00f3gia I"},"content":{"rendered":"<p><strong>\u00c1OK (6 kredit, kollokvium, Dr. Csala Mikl\u00f3s; AOKMBT795_1M)<\/strong><br \/>\n<strong>FOK (4 kredit, kollokvium, Dr. Csala Mikl\u00f3s; FOKOOVM205_1M)<\/strong><\/p>\n<p><strong>\u0150szi f\u00e9l\u00e9vek<\/strong><\/p>\n<p><b>Molekul\u00e1ris sejtbiol\u00f3gia tanulm\u00e1nyi felel\u0151s:<\/b> <a href=\"mailto:szelenyi.peter@semmelweis.hu\">Dr. Szel\u00e9nyi P\u00e9ter<\/a> egyetemi adjunktus<br \/>\n<b>Tansz\u00e9ki tanulm\u00e1nyi felel\u0151s:<\/b> <a href=\"mailto:ronai.zsolt@med.semmelweis-univ.hu\">Dr. R\u00f3nai Zsolt<\/a> egyetemi tan\u00e1r<\/p>\n<p><strong><font size=\"4\"><a href=\"https:\/\/itc.semmelweis.hu\/moodle\/\">R\u00e9szletek\u00e9rt, el\u0151ad\u00e1sok \u00e9s gyakorlatok programj\u00e1\u00e9rt, Zoom linkek\u00e9rt, let\u00f6lt\u00e9s\u00e9rt stb., k\u00e9rj\u00fck, keresse fel a tant\u00e1rgy Moodle oldalait.<\/a><\/font><\/strong><\/p>\n<p style=\"text-align: justify\"><strong>\u00c1ltal\u00e1nos inform\u00e1ci\u00f3k<\/strong><br \/>\nA molekul\u00e1ris sejtbiol\u00f3gia tant\u00e1rgy a molekul\u00e1ris biol\u00f3gi\u00e1nak \u00e9s a sejtbiol\u00f3gia molekul\u00e1ris mechanizmusainak eredm\u00e9nyeit foglalja \u00f6ssze az orvostudom\u00e1nyi k\u00e9pz\u00e9sben r\u00e9sztvev\u0151k sz\u00e1m\u00e1ra. Alapot k\u00e9pez a molekul\u00e1ris medicina k\u00fcl\u00f6nb\u00f6z\u0151 ter\u00fcleteinek \u2013 egyebek k\u00f6zt a molekul\u00e1ris patol\u00f3gia, molekul\u00e1ris diagnosztika, farmakol\u00f3gia, g\u00e9nter\u00e1pia \u00e9s orvosi biotechnol\u00f3gia \u2013 oktat\u00e1s\u00e1hoz.<\/p>\n<p style=\"text-align: justify\"><strong>A f\u00e9l\u00e9v elfogad\u00e1s\u00e1nak felt\u00e9tele<\/strong><br \/>\nA gyakorlatok l\u00e1togat\u00e1sa k\u00f6telez\u0151, az egyetemi tanulm\u00e1nyi \u00e9s vizsgaszab\u00e1lyzatnak megfelel\u0151en legfeljebb 2 gyakorlatr\u00f3l szabad hi\u00e1nyozni. Indokolt esetben a gyakorlat m\u00e1sik csoportn\u00e1l (ugyanazon a h\u00e9ten) p\u00f3tolhat\u00f3.<\/p>\n<p style=\"text-align: justify\"><b>Javasolt irodalom:<\/b><br \/>\n&#8211; Biok\u00e9mia, molekul\u00e1ris \u00e9s sejtbiol\u00f3gia (szerk.: B\u00e1nhegyi G., Sipeki Sz.)<br \/>\n&#8211; Szubcellul\u00e1ris Biok\u00e9mia (B\u00e1nhegyi G.) egyetemi jegyzet<\/p>\n<p><strong>Az oktat\u00f3i munka hallgat\u00f3i v\u00e9lem\u00e9nyez\u00e9se (OMHV)<\/strong><\/p>\n<p><div class=\"responsive-tabs\">\n<h2 class=\"tabtitle\">2024\/25-1<\/h2>\n<div class=\"tabcontent\">\n<a href=\"https:\/\/semmelweis.hu\/molekularis-biologia\/files\/2025\/04\/Molekularis-sejtbiologia-I-AOKMBT795_1M.pdf\" target=\"_blank\" rel=\"noopener noreferrer\">\u00c1OK el\u0151ad\u00e1sok<\/a> &emsp; <a href=\"https:\/\/semmelweis.hu\/molekularis-biologia\/files\/2025\/04\/Molekularis-sejtbiologia-I-AOKMBT795_1M-1.pdf\" target=\"_blank\" rel=\"noopener noreferrer\">\u00c1OK gyakorlatok<\/a><br \/>\n<a href=\"https:\/\/semmelweis.hu\/molekularis-biologia\/files\/2025\/04\/Molekularis-sejtbiologia-I-FOKOMBT306_1M.pdf\" target=\"_blank\" rel=\"noopener noreferrer\">FOK el\u0151ad\u00e1sok<\/a> &emsp; <a href=\"https:\/\/semmelweis.hu\/molekularis-biologia\/files\/2025\/04\/Molekularis-sejtbiologia-I-FOKOMBT306_1M-1.pdf\" target=\"_blank\" rel=\"noopener noreferrer\">FOK gyakorlatok<\/a><\/p>\n<p>\n<\/div><h2 class=\"tabtitle\">2023\/24-1<\/h2>\n<div class=\"tabcontent\">\n<a href=\"https:\/\/semmelweis.hu\/molekularis-biologia\/files\/2024\/04\/Molekularis-sejtbiologia-I-AOKMBT795_1M.pdf\" target=\"_blank\" rel=\"noopener noreferrer\">\u00c1OK el\u0151ad\u00e1sok<\/a> &emsp; <a href=\"https:\/\/semmelweis.hu\/molekularis-biologia\/files\/2024\/04\/Molekularis-sejtbiologia-I-AOKMBT795_1M-1.pdf\" target=\"_blank\" rel=\"noopener noreferrer\">\u00c1OK gyakorlatok<\/a><br \/>\n<a href=\"https:\/\/semmelweis.hu\/molekularis-biologia\/files\/2024\/04\/Molekularis-sejtbiologia-I-FOKOMBT306_1M.pdf\" target=\"_blank\" rel=\"noopener noreferrer\">FOK el\u0151ad\u00e1sok<\/a> &emsp; <a href=\"https:\/\/semmelweis.hu\/molekularis-biologia\/files\/2024\/04\/Molekularis-sejtbiologia-I-FOKOMBT306_1M-1.pdf\" target=\"_blank\" rel=\"noopener noreferrer\">FOK gyakorlatok<\/a><\/p>\n<p>\n<\/div><h2 class=\"tabtitle\">2022\/23-1<\/h2>\n<div class=\"tabcontent\">\n<a href=\"https:\/\/semmelweis.hu\/molekularis-biologia\/files\/2023\/05\/ertekeles_msb1_AOK_2022_23_1_M.pdf\" target=\"_blank\" rel=\"noopener noreferrer\">\u00c1OK el\u0151ad\u00e1sok<\/a> &emsp; <a href=\"https:\/\/semmelweis.hu\/molekularis-biologia\/files\/2023\/05\/ertekeles_gyak_msb1_AOK_2022_23_1_M.pdf\" target=\"_blank\" rel=\"noopener noreferrer\">\u00c1OK gyakorlatok<\/a><br \/>\n<a href=\"https:\/\/semmelweis.hu\/molekularis-biologia\/files\/2023\/05\/ertekeles_msb1_FOK_2022_23_1_M.pdf\" target=\"_blank\" rel=\"noopener noreferrer\">FOK el\u0151ad\u00e1sok<\/a> &emsp; <a href=\"https:\/\/semmelweis.hu\/molekularis-biologia\/files\/2023\/05\/ertekeles_gyak_msb1_FOK_2022_23_1_M.pdf\" target=\"_blank\" rel=\"noopener noreferrer\">FOK gyakorlatok<\/a><\/div><\/div><\/p>\n<p><strong>OMHV int\u00e9zked\u00e9si tervek<\/strong><\/p>\n<p><div class=\"responsive-tabs\">\n<h2 class=\"tabtitle\">2024\/25-1<\/h2>\n<div class=\"tabcontent\">\n<a href=\"https:\/\/semmelweis.hu\/molekularis-biologia\/files\/2025\/04\/AOK_Intezkedesi_terv_2024_25_1.pdf\" target=\"_blank\" rel=\"noopener noreferrer\">\u00c1OK &emsp;<br \/>\n<a href=\"https:\/\/semmelweis.hu\/molekularis-biologia\/files\/2025\/04\/FOK_Intezkedesi_terv_2024_25_1.pdf\" target=\"_blank\" rel=\"noopener noreferrer\">FOK<\/a> <\/p>\n<p>\n<\/div><h2 class=\"tabtitle\">2023\/24-1<\/h2>\n<div class=\"tabcontent\">\n<a href=\"https:\/\/semmelweis.hu\/molekularis-biologia\/files\/2024\/04\/OMHV_AOK_Intezkedesi_terv_2023_24_1.pdf\" target=\"_blank\" rel=\"noopener noreferrer\">\u00c1OK &emsp;<br \/>\n<a href=\"https:\/\/semmelweis.hu\/molekularis-biologia\/files\/2024\/04\/OMHV_FOK_Intezkedesi_terv_2023_24_1.pdf\" target=\"_blank\" rel=\"noopener noreferrer\">FOK<\/a> <\/p>\n<p>\n<\/div><h2 class=\"tabtitle\">2022\/23-1<\/h2>\n<div class=\"tabcontent\">\n<a href=\"https:\/\/semmelweis.hu\/molekularis-biologia\/files\/2023\/05\/OMHV_AOK_Intezkedesi_terv_2022_23_1.pdf\" target=\"_blank\" rel=\"noopener noreferrer\">\u00c1OK<\/a><br \/>\n<a href=\"https:\/\/semmelweis.hu\/molekularis-biologia\/files\/2023\/05\/OMHV_FOK_Intezkedesi_terv_2022_23_1.pdf\" target=\"_blank\" rel=\"noopener noreferrer\">FOK<\/a><\/p>\n<p>\n<\/div><h2 class=\"tabtitle\">2019\/20-2<\/h2>\n<div class=\"tabcontent\">\n <a href=\"https:\/\/semmelweis.hu\/molekularis-biologia\/files\/2020\/09\/OMH_OVI_2019_20_2_Intezkedesi-terv.pdf\" target=\"_blank\" rel=\"noopener\"> A 2019\/20\/2. f\u00e9l\u00e9vben oktatott t\u00e1rgyakra vonatkoz\u00f3 OMHV alapj\u00e1n k\u00e9sz\u00fclt int\u00e9zked\u00e9si terv<\/a> <\/div><\/div><\/p>\n<p><b>K\u00f6vetelm\u00e9nyrendszer<\/b><br \/>\n<a href=\"https:\/\/semmelweis.hu\/molekularis-biologia\/files\/2023\/05\/kovetelmeny_MSB1_AOK_HU.pdf\" target=\"_blank\" rel=\"noopener\">\u00c1OK &emsp;<a href=\"https:\/\/semmelweis.hu\/molekularis-biologia\/files\/2023\/05\/kovetelmeny_MSB1_FOK_HU.pdf\" target=\"_blank\" rel=\"noopener\">FOK<\/a><\/p>\n","protected":false},"excerpt":{"rendered":"<p>\u00c1OK (6 kredit, kollokvium, Dr. Csala Mikl\u00f3s; AOKMBT795_1M) FOK (4 kredit, kollokvium, Dr. Csala Mikl\u00f3s; FOKOOVM205_1M) \u0150szi f\u00e9l\u00e9vek Molekul\u00e1ris sejtbiol\u00f3gia tanulm\u00e1nyi felel\u0151s: <a href=\"mailto:szelenyi.peter@semmelweis.hu\">Dr. Szel\u00e9nyi P\u00e9ter<\/a> egyetemi adjunktus Tansz\u00e9ki tanulm\u00e1nyi felel\u0151s: <a href=\"mailto:ronai.zsolt@med.semmelweis-univ.hu\">Dr. R\u00f3nai Zsolt<\/a> egyetemi tan\u00e1r <a href=\"https:\/\/itc.semmelweis.hu\/moodle\/\">R\u00e9szletek\u00e9rt, el\u0151ad\u00e1sok \u00e9s gyakorlatok programj\u00e1\u00e9rt, Zoom linkek\u00e9rt, let\u00f6lt\u00e9s\u00e9rt stb., k\u00e9rj\u00fck, keresse fel a tant\u00e1rgy Moodle oldalait.<\/a> \u00c1ltal\u00e1nos inform\u00e1ci\u00f3k A molekul\u00e1ris sejtbiol\u00f3gia tant\u00e1rgy a molekul\u00e1ris biol\u00f3gi\u00e1nak \u00e9s a sejtbiol\u00f3gia molekul\u00e1ris mechanizmusainak eredm\u00e9nyeit foglalja \u00f6ssze az orvostudom\u00e1nyi k\u00e9pz\u00e9sben r\u00e9sztvev\u0151k sz\u00e1m\u00e1ra. Alapot k\u00e9pez a molekul\u00e1ris &hellip;<\/p>\n","protected":false},"author":183,"featured_media":0,"parent":6,"menu_order":20,"comment_status":"closed","ping_status":"closed","template":"","meta":{"_acf_changed":false,"footnotes":""},"categories":[],"tags":[],"class_list":["post-4063","page","type-page","status-publish","hentry"],"acf":[],"_links":{"self":[{"href":"https:\/\/semmelweis.hu\/molekularis-biologia\/wp-json\/wp\/v2\/pages\/4063","targetHints":{"allow":["GET"]}}],"collection":[{"href":"https:\/\/semmelweis.hu\/molekularis-biologia\/wp-json\/wp\/v2\/pages"}],"about":[{"href":"https:\/\/semmelweis.hu\/molekularis-biologia\/wp-json\/wp\/v2\/types\/page"}],"author":[{"embeddable":true,"href":"https:\/\/semmelweis.hu\/molekularis-biologia\/wp-json\/wp\/v2\/users\/183"}],"replies":[{"embeddable":true,"href":"https:\/\/semmelweis.hu\/molekularis-biologia\/wp-json\/wp\/v2\/comments?post=4063"}],"version-history":[{"count":11,"href":"https:\/\/semmelweis.hu\/molekularis-biologia\/wp-json\/wp\/v2\/pages\/4063\/revisions"}],"predecessor-version":[{"id":8931,"href":"https:\/\/semmelweis.hu\/molekularis-biologia\/wp-json\/wp\/v2\/pages\/4063\/revisions\/8931"}],"up":[{"embeddable":true,"href":"https:\/\/semmelweis.hu\/molekularis-biologia\/wp-json\/wp\/v2\/pages\/6"}],"wp:attachment":[{"href":"https:\/\/semmelweis.hu\/molekularis-biologia\/wp-json\/wp\/v2\/media?parent=4063"}],"wp:term":[{"taxonomy":"category","embeddable":true,"href":"https:\/\/semmelweis.hu\/molekularis-biologia\/wp-json\/wp\/v2\/categories?post=4063"},{"taxonomy":"post_tag","embeddable":true,"href":"https:\/\/semmelweis.hu\/molekularis-biologia\/wp-json\/wp\/v2\/tags?post=4063"}],"curies":[{"name":"wp","href":"https:\/\/api.w.org\/{rel}","templated":true}]}}