{"id":3914,"date":"2016-11-10T13:46:25","date_gmt":"2016-11-10T12:46:25","guid":{"rendered":"http:\/\/semmelweis.hu\/orvosi-vegytan\/?page_id=3914"},"modified":"2026-03-30T14:12:46","modified_gmt":"2026-03-30T12:12:46","slug":"tdk","status":"publish","type":"page","link":"https:\/\/semmelweis.hu\/molekularis-biologia\/tdk\/","title":{"rendered":"TDK"},"content":{"rendered":"<p style=\"text-align: justify\">A Molekul\u00e1ris Biol\u00f3giai Tansz\u00e9k szeretettel v\u00e1rja mindazokat a hallgat\u00f3kat, akik nem csak a molekul\u00e1ris biol\u00f3gia elm\u00e9lete, hanem e tudom\u00e1ny\u00e1g gyakorlata ir\u00e1nt is m\u00e9lyebben \u00e9rdekl\u0151dnek. Tansz\u00e9k\u00fcnk\u00f6n sz\u00e1mos kutat\u00f3csoport dolgozik modern, nemzetk\u00f6zi sz\u00ednvonal\u00fa laborat\u00f3riumi k\u00f6rnyezetben, \u00edgy a TDK munk\u00e1ba bekapcsol\u00f3d\u00f3 hallgat\u00f3k a leg\u00fajabb m\u00f3dszerekkel \u00e9s kutat\u00e1si ir\u00e1nyokkal ismerkedhetnek meg n\u00e1lunk.<\/p>\n<p style=\"text-align: justify\">A Tansz\u00e9ken kutatott t\u00e9m\u00e1k a g\u00e9nexpresszi\u00f3s szab\u00e1lyoz\u00e1s, a feh\u00e9rjebiok\u00e9mia \u00e9s a sejtes jel\u00e1tviteli folyamatok sz\u00e9les k\u00f6r\u00e9t fedik le \u00e9s v\u00e1ltozatos betegs\u00e9gek molekul\u00e1ris h\u00e1tter\u00e9nek felt\u00e1r\u00e1s\u00e1ra ir\u00e1nyulnak. Az orvos-, fogorvos- \u00e9s gy\u00f3gyszer\u00e9szhallgat\u00f3k elengedhetetlen molekul\u00e1ris ismereteinek biztos\u00edt\u00e1s\u00e1n t\u00fal, a TDK-s \u00e9s PhD hallgat\u00f3k bevon\u00e1s\u00e1val a tudom\u00e1nyos k\u00edv\u00e1ncsis\u00e1g kiel\u00e9g\u00edt\u00e9s\u00e9re, a kritikus gondolkod\u00e1s fejleszt\u00e9s\u00e9re \u00e9s a j\u00f6v\u0151 kutat\u00f3inak inspir\u00e1l\u00e1s\u00e1ra t\u00f6reksz\u00fcnk.<\/p>\n<p style=\"text-align: justify\">B\u00e1tor\u00edtunk minden \u00e9rdekl\u0151d\u0151t, hogy b\u00f6ng\u00e9ssze \u00e1t kutat\u00f3csoportjaink bemutatkoz\u00e1s\u00e1t a <a href=\"https:\/\/semmelweis.hu\/molekularis-biologia\/kutatas\/\">Kutat\u00e1s<\/a> men\u00fcpont alatt. A Tansz\u00e9k kapacit\u00e1sa \u00e1ltal szabott korl\u00e1tok k\u00f6z\u00f6tt v\u00e1rjuk azon motiv\u00e1lt hallgat\u00f3k jelentkez\u00e9s\u00e9t, akik tanulm\u00e1nyi eredm\u00e9nyeikkel bizony\u00edtott\u00e1k a molekul\u00e1ris orvostudom\u00e1ny ir\u00e1nti affinit\u00e1sukat \u00e9s sz\u00edvesen csatlakozn\u00e1nak egy elhivatott, egy\u00fcttm\u0171k\u00f6d\u0151 kutat\u00f3k\u00f6z\u00f6ss\u00e9ghez \u2013 ak\u00e1r els\u0151 kutat\u00e1si tapasztalat megszerz\u00e9s\u00e9hez, ak\u00e1r hossz\u00fa t\u00e1v\u00fa tudom\u00e1nyos p\u00e1lya megalapoz\u00e1s\u00e1hoz. Tov\u00e1bbi inform\u00e1ci\u00f3\u00e9rt forduljanak bizalommal az \u00e9rdekl\u0151d\u00e9si k\u00f6r\u00fcknek megfelel\u0151 munkacsoportok tagjaihoz, vagy a <a href=\"mailto:szelenyi.peter@semmelweis.hu\">tansz\u00e9ki TDK felel\u0151sh\u00f6z!<\/a><\/p>\n<p><strong>A Molekul\u00e1ris Biol\u00f3giai Tansz\u00e9k tudom\u00e1nyos di\u00e1kk\u00f6r\u00f6s hallgat\u00f3i<\/strong><\/p>\n\n<table id=\"tablepress-117\" class=\"tablepress tablepress-id-117\">\n<thead>\n<tr class=\"row-1\">\n\t<th class=\"column-1\" style=\"width:20%;\">Hallgat\u00f3 neve<\/th><th class=\"column-2\" style=\"width:15%;\">Kar<\/th><th class=\"column-3\" style=\"width:20%;\">T\u00e9mavezet\u0151<\/th><th class=\"column-4\" style=\"width:10%;\">TDK munka kezdete<br \/>\r\n(\u00e9v, h\u00f3)<\/th><th class=\"column-5\" style=\"width:35%;\">TDK munkac\u00edm<\/th>\n<\/tr>\n<\/thead>\n<tbody class=\"row-striping row-hover\">\n<tr class=\"row-2\">\n\t<td class=\"column-1\">Bauernhuber-Hederics B\u00e1lint<\/td><td class=\"column-2\">SE \u00c1OK<\/td><td class=\"column-3\">Legeza Bal\u00e1zs<\/td><td class=\"column-4\">2024. augusztus<\/td><td class=\"column-5\">A neutrofil granulocit\u00e1k intracellul\u00e1ris metabolizmus\u00e1nak vizsg\u00e1lata molekul\u00e1ris biol\u00f3gia m\u00f3dszerekkel<\/td>\n<\/tr>\n<tr class=\"row-3\">\n\t<td class=\"column-1\">Bezzeg Enik\u0151<\/td><td class=\"column-2\">BME VBK<\/td><td class=\"column-3\">Harkai \u00c1kos<\/td><td class=\"column-4\">2026. febru\u00e1r<\/td><td class=\"column-5\">GbpC-aptamer k\u00f6lcs\u00f6nhat\u00e1s vizsg\u00e1lata<\/td>\n<\/tr>\n<tr class=\"row-4\">\n\t<td class=\"column-1\">Diya Alex<\/td><td class=\"column-2\">SE \u00c1OK<\/td><td class=\"column-3\">Ar\u00e1nyi Tam\u00e1s<\/td><td class=\"column-4\">2025. szeptember<\/td><td class=\"column-5\">Effect of hepatotoxic agents on DNA methyltransferase knock-out mice<\/td>\n<\/tr>\n<tr class=\"row-5\">\n\t<td class=\"column-1\">El Jaoussi Maryam<\/td><td class=\"column-2\">SE \u00c1OK<\/td><td class=\"column-3\">Keresztes D\u00e1vid<\/td><td class=\"column-4\">2024. febru\u00e1r<\/td><td class=\"column-5\">Analysis of genetic variations in head and neck cancers<\/td>\n<\/tr>\n<tr class=\"row-6\">\n\t<td class=\"column-1\">Farkas D\u00e1vid L\u00e1szl\u00f3<\/td><td class=\"column-2\">SE \u00c1OK<\/td><td class=\"column-3\">Kukor Zolt\u00e1n<\/td><td class=\"column-4\">2023. szeptember<\/td><td class=\"column-5\">Preeclampsia k\u00f6rnyezeti \u00e9s biok\u00e9miai okainak vizsg\u00e1lata<\/td>\n<\/tr>\n<tr class=\"row-7\">\n\t<td class=\"column-1\">F\u00e1si Lili T\u00edmea<\/td><td class=\"column-2\">SE \u00c1OK<\/td><td class=\"column-3\">Moln\u00e1r Zsuzsa<\/td><td class=\"column-4\">2025. szeptember<\/td><td class=\"column-5\">Kering\u0151 mRNS \u00e9s miRNS expresszi\u00f3s profilok szepszisben<\/td>\n<\/tr>\n<tr class=\"row-8\">\n\t<td class=\"column-1\">Fernandes Ethan Luta<\/td><td class=\"column-2\">SE \u00c1OK<\/td><td class=\"column-3\">Gy\u00f6ngy\u00f6si Norbert<\/td><td class=\"column-4\">2025. szeptember<\/td><td class=\"column-5\">Proteomics<\/td>\n<\/tr>\n<tr class=\"row-9\">\n\t<td class=\"column-1\">F\u00f6ldi Andr\u00e1s D\u00e1niel<\/td><td class=\"column-2\">SE \u00c1OK<\/td><td class=\"column-3\">M\u00e9sz\u00e1ros Tam\u00e1s<\/td><td class=\"column-4\">2025. febru\u00e1r<\/td><td class=\"column-5\"><\/td>\n<\/tr>\n<tr class=\"row-10\">\n\t<td class=\"column-1\">Gerecs Mil\u00e1n<\/td><td class=\"column-2\">SE \u00c1OK<\/td><td class=\"column-3\">Ar\u00e1nyi Tam\u00e1s<\/td><td class=\"column-4\">2025. febru\u00e1r<\/td><td class=\"column-5\">ABCC6 vari\u00e1nsok anal\u00edzise<\/td>\n<\/tr>\n<tr class=\"row-11\">\n\t<td class=\"column-1\">Geringer Katalin<\/td><td class=\"column-2\">SE \u00c1OK<\/td><td class=\"column-3\">Tam\u00e1si Viola<\/td><td class=\"column-4\">2026. febru\u00e1r<\/td><td class=\"column-5\">Lipotoxicit\u00e1s \u00e9s a ceramid szint\u00e1z enzimek kapcsolata<\/td>\n<\/tr>\n<tr class=\"row-12\">\n\t<td class=\"column-1\">Gonda Zs\u00f3fia<\/td><td class=\"column-2\">SE \u00c1OK<\/td><td class=\"column-3\">Tam\u00e1si Viola<\/td><td class=\"column-4\">2024. szeptember<\/td><td class=\"column-5\">Lipotoxicit\u00e1s \u00e9s a ceramid szint\u00e1z enzimek kapcsolata<\/td>\n<\/tr>\n<tr class=\"row-13\">\n\t<td class=\"column-1\">Gregosits P\u00e9ter<\/td><td class=\"column-2\">SE \u00c1OK<\/td><td class=\"column-3\">Gy\u00f6ngy\u00f6si Norbert<\/td><td class=\"column-4\">2025. febru\u00e1r<\/td><td class=\"column-5\">Proteomika<\/td>\n<\/tr>\n<tr class=\"row-14\">\n\t<td class=\"column-1\">Guly\u00e1s M\u00e1rton<\/td><td class=\"column-2\">SE \u00c1OK<\/td><td class=\"column-3\">Kov\u00e1cs-Nagy R\u00e9ka, Moln\u00e1r Krisztina<\/td><td class=\"column-4\">2025. febru\u00e1r<\/td><td class=\"column-5\">A POU3F3 neuron\u00e1lis transzkripci\u00f3s faktor g\u00e9nvari\u00e1ns\u00e1nak molekul\u00e1ris vizsg\u00e1lata<\/td>\n<\/tr>\n<tr class=\"row-15\">\n\t<td class=\"column-1\">Gyuricsk\u00f3 Istv\u00e1n<\/td><td class=\"column-2\">SE \u00c1OK<\/td><td class=\"column-3\">Csala Mikl\u00f3s<\/td><td class=\"column-4\">2026. febru\u00e1r<\/td><td class=\"column-5\">Bone microenvironment regulation<\/td>\n<\/tr>\n<tr class=\"row-16\">\n\t<td class=\"column-1\">Hab\u00e1ny Csongor<\/td><td class=\"column-2\">SE \u00c1OK<\/td><td class=\"column-3\">Tam\u00e1si Viola<\/td><td class=\"column-4\">2025. szeptember<\/td><td class=\"column-5\">Lipotoxicit\u00e1s \u00e9s a ceramid szint\u00e1z enzimek kapcsolata<\/td>\n<\/tr>\n<tr class=\"row-17\">\n\t<td class=\"column-1\">Hermann Art\u00far F\u00fcl\u00f6p<\/td><td class=\"column-2\">SE \u00c1OK<\/td><td class=\"column-3\">Varga Attila<\/td><td class=\"column-4\">2025. szeptember<\/td><td class=\"column-5\">Tumorok patol\u00f3gi\u00e1s jel\u00e1tvitel\u00e9nek vizsg\u00e1lata<\/td>\n<\/tr>\n<tr class=\"row-18\">\n\t<td class=\"column-1\">Joshi Maahi Vikas<\/td><td class=\"column-2\">SE \u00c1OK<\/td><td class=\"column-3\">K\u00e1llai Brigitta<\/td><td class=\"column-4\">2025. szeptember<\/td><td class=\"column-5\">Molecular investigation of canine dilated cardiomyopathy<\/td>\n<\/tr>\n<tr class=\"row-19\">\n\t<td class=\"column-1\">Kocsis Vill\u0151<\/td><td class=\"column-2\">BME VIK<\/td><td class=\"column-3\">Kereszturi \u00c9va<\/td><td class=\"column-4\">2024. szeptember<\/td><td class=\"column-5\">A HSD11B1 genetikai vari\u00e1ci\u00f3inak vizsg\u00e1lata<\/td>\n<\/tr>\n<tr class=\"row-20\">\n\t<td class=\"column-1\">Kov\u00e1cs Aur\u00e9l D\u00e1vid<\/td><td class=\"column-2\">SE \u00c1OK<\/td><td class=\"column-3\">Legeza Bal\u00e1zs<\/td><td class=\"column-4\">2022. szeptember<\/td><td class=\"column-5\">Az SGLT-2 g\u00e1tl\u00f3, empaglifozin hat\u00e1sa neutrofil granulocit\u00e1k spont\u00e1n apopt\u00f3zis\u00e1ra<\/td>\n<\/tr>\n<tr class=\"row-21\">\n\t<td class=\"column-1\">Luk\u00e1cs-Simonffy Vilma<\/td><td class=\"column-2\">SE GyTK<\/td><td class=\"column-3\">Barta Csaba<\/td><td class=\"column-4\">2026. febru\u00e1r<\/td><td class=\"column-5\">Pszichogenetika es egy\u00e9b komplex betegs\u00e9gek genetikai h\u00e1ttere<\/td>\n<\/tr>\n<tr class=\"row-22\">\n\t<td class=\"column-1\">M\u00e9sz\u00e1ros Botond<\/td><td class=\"column-2\">SE \u00c1OK<\/td><td class=\"column-3\">Ar\u00e1nyi Tam\u00e1s<\/td><td class=\"column-4\">2026. febru\u00e1r<\/td><td class=\"column-5\">De novo metiltranszfer\u00e1zok szerepe a m\u00e1j \u00e9lettani \u00e9s patol\u00f3gi\u00e1s m\u0171k\u00f6d\u00e9s\u00e9ben<\/td>\n<\/tr>\n<tr class=\"row-23\">\n\t<td class=\"column-1\">Muskal Hannah<\/td><td class=\"column-2\">SE \u00c1OK<\/td><td class=\"column-3\">Barta Csaba<\/td><td class=\"column-4\">2025. febru\u00e1r<\/td><td class=\"column-5\">Pszichogenetika<\/td>\n<\/tr>\n<tr class=\"row-24\">\n\t<td class=\"column-1\">Nagy Viola<\/td><td class=\"column-2\">SE \u00c1OK<\/td><td class=\"column-3\">Barta Csaba<\/td><td class=\"column-4\">2023. febru\u00e1r<\/td><td class=\"column-5\">Addikci\u00f3 genetika<\/td>\n<\/tr>\n<tr class=\"row-25\">\n\t<td class=\"column-1\">Najafi Hadi<\/td><td class=\"column-2\">SE FOK<\/td><td class=\"column-3\">Szel\u00e9nyi P\u00e9ter<\/td><td class=\"column-4\">2026. febru\u00e1r<\/td><td class=\"column-5\">Effects of Mutations and Fatty Acids on Local Cortisol Activation<\/td>\n<\/tr>\n<tr class=\"row-26\">\n\t<td class=\"column-1\">Narozsny Istv\u00e1n Barnab\u00e1s<\/td><td class=\"column-2\">SE \u00c1OK<\/td><td class=\"column-3\">Csermely P\u00e9ter \u00e9s Kerest\u00e9ly M\u00e1rk<\/td><td class=\"column-4\">2023. szeptember<\/td><td class=\"column-5\">Sejtplaszticit\u00e1sban szerepet j\u00e1tsz\u00f3 feh\u00e9rj\u00e9k h\u00e1l\u00f3zatos elemz\u00e9se<\/td>\n<\/tr>\n<tr class=\"row-27\">\n\t<td class=\"column-1\">Ndassiwa Afra Aron<\/td><td class=\"column-2\">SE \u00c1OK<\/td><td class=\"column-3\">Stiller Ibolya, Kapuy Orsolya<\/td><td class=\"column-4\">2024. szeptember<\/td><td class=\"column-5\">A vet lab model of ATF4-regulated autophagy induction in inflammatory bowel disease<\/td>\n<\/tr>\n<tr class=\"row-28\">\n\t<td class=\"column-1\">Piukovics Katalin<\/td><td class=\"column-2\">SE \u00c1OK<\/td><td class=\"column-3\">Kereszturi \u00c9va<\/td><td class=\"column-4\">2026. febru\u00e1r<\/td><td class=\"column-5\">Az SCD1 genetikai vari\u00e1ci\u00f3inak vizsg\u00e1lata<\/td>\n<\/tr>\n<tr class=\"row-29\">\n\t<td class=\"column-1\">Pop Luca Gabriel<\/td><td class=\"column-2\">SE \u00c1OK<\/td><td class=\"column-3\">Kapuy Orsolya, Stiller Ibolya<\/td><td class=\"column-4\"><\/td><td class=\"column-5\">Az autof\u00e1gia \u00e9s a ferropt\u00f3zis k\u00f6z\u00f6tti kapcsolat dinamikai jellemz\u0151inek vizsg\u00e1lata gyullad\u00e1sos b\u00e9lbetegs\u00e9g sor\u00e1n<\/td>\n<\/tr>\n<tr class=\"row-30\">\n\t<td class=\"column-1\">Ruszink\u00f3 Zita<\/td><td class=\"column-2\">PPKE ITK<\/td><td class=\"column-3\">Kapuy Orsolya, Hajd\u00fa Bence<\/td><td class=\"column-4\">2025. janu\u00e1r<\/td><td class=\"column-5\">In silico modeling of autophagy\u2013apoptosis crosstalk under metabolic stress<\/td>\n<\/tr>\n<tr class=\"row-31\">\n\t<td class=\"column-1\">S\u00e1fr\u00e1nyos Soma<\/td><td class=\"column-2\">SE \u00c1OK<\/td><td class=\"column-3\">Gurbi Bianka<\/td><td class=\"column-4\">2026. febru\u00e1r<\/td><td class=\"column-5\"><\/td>\n<\/tr>\n<tr class=\"row-32\">\n\t<td class=\"column-1\">Seres Bence<\/td><td class=\"column-2\">SE \u00c1OK<\/td><td class=\"column-3\">Ar\u00e1nyi Tam\u00e1s, T\u00f3th D\u00e1niel<\/td><td class=\"column-4\">2025. november<\/td><td class=\"column-5\">De novo metiltranszfer\u00e1zok szerepe a m\u00e1j \u00e9lettani \u00e9s patol\u00f3gi\u00e1s m\u0171k\u00f6d\u00e9s\u00e9ben<\/td>\n<\/tr>\n<tr class=\"row-33\">\n\t<td class=\"column-1\">Siyal Kunal Sunil<\/td><td class=\"column-2\">SE \u00c1OK<\/td><td class=\"column-3\">Tibori Kinga<\/td><td class=\"column-4\">2025. szeptember<\/td><td class=\"column-5\">Az NCB5OR term\u00e9szetes vari\u00e1nsainak vizsg\u00e1lata<\/td>\n<\/tr>\n<tr class=\"row-34\">\n\t<td class=\"column-1\">Szuppinger Kriszti\u00e1n<\/td><td class=\"column-2\">PPKE ITK<\/td><td class=\"column-3\">Kapuy Orsolya, Hajd\u00fa Bence<\/td><td class=\"column-4\">2025. janu\u00e1r<\/td><td class=\"column-5\">In silico modeling of autophagy\u2013apoptosis crosstalk under metabolic stress<\/td>\n<\/tr>\n<tr class=\"row-35\">\n\t<td class=\"column-1\">Tory Anna<\/td><td class=\"column-2\">SE \u00c1OK<\/td><td class=\"column-3\">M\u00e9sz\u00e1ros Tam\u00e1s, Tar Alexandra<\/td><td class=\"column-4\">2023. szeptember<\/td><td class=\"column-5\">Mesters\u00e9ges intelligenci\u00e1val optimaliz\u00e1lt in vitro aptamerszelekci\u00f3<\/td>\n<\/tr>\n<tr class=\"row-36\">\n\t<td class=\"column-1\">Vakthangishvili Mariam<\/td><td class=\"column-2\">SE \u00c1OK<\/td><td class=\"column-3\">Gy\u00f6ngy\u00f6si Norbert<\/td><td class=\"column-4\">2023. febru\u00e1r<\/td><td class=\"column-5\">Detailed characterization of GADD34 (growth arrest and DNA damage inducible 34) function<\/td>\n<\/tr>\n<tr class=\"row-37\">\n\t<td class=\"column-1\">Vignesh Anand<\/td><td class=\"column-2\">SE \u00c1OK<\/td><td class=\"column-3\">Csermely P\u00e9ter<\/td><td class=\"column-4\">2025. szeptember<\/td><td class=\"column-5\"><\/td>\n<\/tr>\n<tr class=\"row-38\">\n\t<td class=\"column-1\">Wadhwani Sanya Santos<\/td><td class=\"column-2\">SE \u00c1OK<\/td><td class=\"column-3\">Z\u00e1mb\u00f3 Veronika, Orosz Gabriella<\/td><td class=\"column-4\">2025. szeptember<\/td><td class=\"column-5\">SCD-5 mutations<\/td>\n<\/tr>\n<\/tbody>\n<\/table>\n<!-- #tablepress-117 from cache -->\n","protected":false},"excerpt":{"rendered":"<p>A Molekul\u00e1ris Biol\u00f3giai Tansz\u00e9k szeretettel v\u00e1rja mindazokat a hallgat\u00f3kat, akik nem csak a molekul\u00e1ris biol\u00f3gia elm\u00e9lete, hanem e tudom\u00e1ny\u00e1g gyakorlata ir\u00e1nt is m\u00e9lyebben \u00e9rdekl\u0151dnek. Tansz\u00e9k\u00fcnk\u00f6n sz\u00e1mos kutat\u00f3csoport dolgozik modern, nemzetk\u00f6zi sz\u00ednvonal\u00fa laborat\u00f3riumi k\u00f6rnyezetben, \u00edgy a TDK munk\u00e1ba bekapcsol\u00f3d\u00f3 hallgat\u00f3k a leg\u00fajabb m\u00f3dszerekkel \u00e9s kutat\u00e1si ir\u00e1nyokkal ismerkedhetnek meg n\u00e1lunk. A Tansz\u00e9ken kutatott t\u00e9m\u00e1k a g\u00e9nexpresszi\u00f3s szab\u00e1lyoz\u00e1s, &hellip;<\/p>\n","protected":false},"author":183,"featured_media":0,"parent":0,"menu_order":3,"comment_status":"closed","ping_status":"closed","template":"","meta":{"_acf_changed":false,"footnotes":""},"categories":[],"tags":[],"class_list":["post-3914","page","type-page","status-publish","hentry"],"acf":[],"_links":{"self":[{"href":"https:\/\/semmelweis.hu\/molekularis-biologia\/wp-json\/wp\/v2\/pages\/3914","targetHints":{"allow":["GET"]}}],"collection":[{"href":"https:\/\/semmelweis.hu\/molekularis-biologia\/wp-json\/wp\/v2\/pages"}],"about":[{"href":"https:\/\/semmelweis.hu\/molekularis-biologia\/wp-json\/wp\/v2\/types\/page"}],"author":[{"embeddable":true,"href":"https:\/\/semmelweis.hu\/molekularis-biologia\/wp-json\/wp\/v2\/users\/183"}],"replies":[{"embeddable":true,"href":"https:\/\/semmelweis.hu\/molekularis-biologia\/wp-json\/wp\/v2\/comments?post=3914"}],"version-history":[{"count":10,"href":"https:\/\/semmelweis.hu\/molekularis-biologia\/wp-json\/wp\/v2\/pages\/3914\/revisions"}],"predecessor-version":[{"id":8961,"href":"https:\/\/semmelweis.hu\/molekularis-biologia\/wp-json\/wp\/v2\/pages\/3914\/revisions\/8961"}],"wp:attachment":[{"href":"https:\/\/semmelweis.hu\/molekularis-biologia\/wp-json\/wp\/v2\/media?parent=3914"}],"wp:term":[{"taxonomy":"category","embeddable":true,"href":"https:\/\/semmelweis.hu\/molekularis-biologia\/wp-json\/wp\/v2\/categories?post=3914"},{"taxonomy":"post_tag","embeddable":true,"href":"https:\/\/semmelweis.hu\/molekularis-biologia\/wp-json\/wp\/v2\/tags?post=3914"}],"curies":[{"name":"wp","href":"https:\/\/api.w.org\/{rel}","templated":true}]}}