{"id":3663,"date":"2016-08-30T22:27:03","date_gmt":"2016-08-30T20:27:03","guid":{"rendered":"http:\/\/semmelweis.hu\/orvosi-vegytan\/?page_id=3663"},"modified":"2025-04-09T17:20:58","modified_gmt":"2025-04-09T15:20:58","slug":"basicmedchem","status":"publish","type":"page","link":"https:\/\/semmelweis.hu\/molekularis-biologia\/en\/students\/basicmedchem\/","title":{"rendered":"Basics of Medical Chemistry"},"content":{"rendered":"<p><strong>Faculty of Medicine<br \/>\n3 credit points, practical mark, Mikl\u00f3s Csala; AOVMBT797_1A<\/strong><br \/>\n<strong>Faculty of Dentistry<br \/>\n1 credit point,\u00a0terminal examination, Csaba S\u0151ti;\u00a0FOSVMBT314_1A<\/strong><\/p>\n<p><strong>Fall semesters<\/strong><\/p>\n<p><strong>Teaching secretary:<\/strong> <a href=\"mailto:keszler.gergely@med.semmelweis-univ.hu\">Gergely Keszler<\/a><\/p>\n<p><strong><font size=\"4\"><a href=\"https:\/\/itc.semmelweis.hu\/moodle\/\">For details, schedule, Zoom links, downloads, etc., please go to the Moodle pages of the subject.<\/a><\/font><\/strong><\/p>\n<p style=\"text-align: justify\"><strong>General information<\/strong><br \/>\nThe major aim of this subject is to provide help in understanding the \u201cmedical chemistry\u201d compulsory subject for those students, who have learnt less chemistry during their previous studies. The role of the two subjects is to summarize that basic knowledge, which is fundamental to understand molecular biological and biochemical procedures in human under physiological and pathological circumstances. The general chemistry part is essential for understanding biochemistry and physiology, whereas organic chemistry provides basic knowledge for molecular biology and biochemistry.)<\/p>\n<p><strong>Evaluation of education by students<\/strong><br \/>\n(&#8222;<strong>O<\/strong>ktat\u00f3i <strong>m<\/strong>unka <strong>h<\/strong>allgat\u00f3i <strong>v<\/strong>\u00e9lem\u00e9nyez\u00e9se&#8221; &#8211; OMHV)<\/p>\n<p><div class=\"responsive-tabs\">\n<h2 class=\"tabtitle\">2024\/25-1<\/h2>\n<div class=\"tabcontent\">\n<a href=\"https:\/\/semmelweis.hu\/molekularis-biologia\/files\/2025\/04\/Orvosi-kemia-alapjai-AOVMBT797_1A.pdf\" target=\"_blank\" rel=\"noopener noreferrer\">Lectures at the Faculty of Medicine<\/a><br \/>\n<a href=\"https:\/\/semmelweis.hu\/molekularis-biologia\/files\/2025\/04\/Orvosi-kemia-alapjai-FOSVMBT343_1A.pdf\" target=\"_blank\" rel=\"noopener noreferrer\">Lectures at the Faculty of Dentistry<\/a> <\/p>\n<p>\n<\/div><h2 class=\"tabtitle\">2023\/24-1<\/h2>\n<div class=\"tabcontent\">\n<a href=\"https:\/\/semmelweis.hu\/molekularis-biologia\/files\/2024\/04\/Orvosi-kemia-alapjai-AOVMBT797_1A.pdf\" target=\"_blank\" rel=\"noopener noreferrer\">Lectures at the Faculty of Medicine<\/a><br \/>\n<a href=\"https:\/\/semmelweis.hu\/molekularis-biologia\/files\/2024\/04\/Orvosi-kemia-alapjai-FOSVMBT343_1A.pdf\" target=\"_blank\" rel=\"noopener noreferrer\">Lectures at the Faculty of Dentistry<\/a> <\/p>\n<p>\n<\/div><h2 class=\"tabtitle\">2022\/23-1<\/h2>\n<div class=\"tabcontent\">\n<a href=\"https:\/\/semmelweis.hu\/molekularis-biologia\/files\/2023\/05\/ertekeles_kemalap_AOK_2022_23_1_A.pdf\" target=\"_blank\" rel=\"noopener noreferrer\">Lectures at the Faculty of Medicine<\/a><br \/>\n<a href=\"https:\/\/semmelweis.hu\/molekularis-biologia\/files\/2023\/05\/ertekeles_kemalap_FOK_2022_23_1_A.pdf\" target=\"_blank\" rel=\"noopener noreferrer\">Lectures at the Faculty of Dentistry<\/a> <\/div><\/div><\/p>\n<p><strong>OMHV action plans<\/strong><\/p>\n<p><div class=\"responsive-tabs\">\n<h2 class=\"tabtitle\">2024\/25-1<\/h2>\n<div class=\"tabcontent\">\n<a href=\"https:\/\/semmelweis.hu\/molekularis-biologia\/files\/2025\/04\/Faculty-of-Medicine_Action_plan_2024_25_1.pdf\" target=\"_blank\" rel=\"noopener noreferrer\">Faculty of Medicine<\/a><br \/>\n<a href=\"https:\/\/semmelweis.hu\/molekularis-biologia\/files\/2025\/04\/Faculty-of-Dentistry_Action_plan_2024_25_1.pdf\" target=\"_blank\" rel=\"noopener noreferrer\">Faculty of Dentistry<\/a><\/p>\n<p>\n<\/div><h2 class=\"tabtitle\">2023\/24-1<\/h2>\n<div class=\"tabcontent\">\n<a href=\"https:\/\/semmelweis.hu\/molekularis-biologia\/files\/2024\/04\/OMHV_Faculty-of-Medicine_Action-plan_2023_24_1.pdf\" target=\"_blank\" rel=\"noopener noreferrer\">Faculty of Medicine<\/a><br \/>\n<a href=\"https:\/\/semmelweis.hu\/molekularis-biologia\/files\/2024\/04\/OMHV_Faculty-of-Dentistry_Action-plan_2023_24_1.pdf\" target=\"_blank\" rel=\"noopener noreferrer\">Faculty of Dentistry<\/a><\/p>\n<p>\n<\/div><h2 class=\"tabtitle\">2022\/23-1<\/h2>\n<div class=\"tabcontent\">\n<a href=\"https:\/\/semmelweis.hu\/molekularis-biologia\/files\/2023\/05\/OMHV_Faculty-of-Medicine_Action_plan_2022_23_1.pdf\" target=\"_blank\" rel=\"noopener noreferrer\">Faculty of Medicine<\/a><br \/>\n<a href=\"https:\/\/semmelweis.hu\/molekularis-biologia\/files\/2023\/05\/OMHV_Faculty-of-Dentistry_Action_plan_2022_23_1.pdf\" target=\"_blank\" rel=\"noopener noreferrer\">Faculty of Dentistry<\/a><\/p>\n<p>\n<\/div><h2 class=\"tabtitle\">2020\/21-1<\/h2>\n<div class=\"tabcontent\">\n <a href=\"https:\/\/semmelweis.hu\/molekularis-biologia\/files\/2021\/03\/Molecular_Biology_Action_plan_Dentistry_medical_chemistry_2021_march.pdf&amp;acc=intranet_only\" target=\"_blank\" rel=\"noopener noreferrer\">Faculty of Dentistry<\/a><\/div><\/div><\/p>\n","protected":false},"excerpt":{"rendered":"<p>Faculty of Medicine 3 credit points, practical mark, Mikl\u00f3s Csala; AOVMBT797_1A Faculty of Dentistry 1 credit point,\u00a0terminal examination, Csaba S\u0151ti;\u00a0FOSVMBT314_1A Fall semesters Teaching secretary: <a href=\"mailto:keszler.gergely@med.semmelweis-univ.hu\">Gergely Keszler<\/a> <a href=\"https:\/\/itc.semmelweis.hu\/moodle\/\">For details, schedule, Zoom links, downloads, etc., please go to the Moodle pages of the subject.<\/a> General information The major aim of this subject is to provide help in understanding the \u201cmedical chemistry\u201d compulsory subject for those students, who have learnt less chemistry during their previous studies. &hellip;<\/p>\n","protected":false},"author":183,"featured_media":0,"parent":3550,"menu_order":70,"comment_status":"closed","ping_status":"closed","template":"","meta":{"_acf_changed":false,"footnotes":""},"categories":[],"tags":[],"class_list":["post-3663","page","type-page","status-publish","hentry"],"acf":[],"_links":{"self":[{"href":"https:\/\/semmelweis.hu\/molekularis-biologia\/wp-json\/wp\/v2\/pages\/3663","targetHints":{"allow":["GET"]}}],"collection":[{"href":"https:\/\/semmelweis.hu\/molekularis-biologia\/wp-json\/wp\/v2\/pages"}],"about":[{"href":"https:\/\/semmelweis.hu\/molekularis-biologia\/wp-json\/wp\/v2\/types\/page"}],"author":[{"embeddable":true,"href":"https:\/\/semmelweis.hu\/molekularis-biologia\/wp-json\/wp\/v2\/users\/183"}],"replies":[{"embeddable":true,"href":"https:\/\/semmelweis.hu\/molekularis-biologia\/wp-json\/wp\/v2\/comments?post=3663"}],"version-history":[{"count":11,"href":"https:\/\/semmelweis.hu\/molekularis-biologia\/wp-json\/wp\/v2\/pages\/3663\/revisions"}],"predecessor-version":[{"id":8691,"href":"https:\/\/semmelweis.hu\/molekularis-biologia\/wp-json\/wp\/v2\/pages\/3663\/revisions\/8691"}],"up":[{"embeddable":true,"href":"https:\/\/semmelweis.hu\/molekularis-biologia\/wp-json\/wp\/v2\/pages\/3550"}],"wp:attachment":[{"href":"https:\/\/semmelweis.hu\/molekularis-biologia\/wp-json\/wp\/v2\/media?parent=3663"}],"wp:term":[{"taxonomy":"category","embeddable":true,"href":"https:\/\/semmelweis.hu\/molekularis-biologia\/wp-json\/wp\/v2\/categories?post=3663"},{"taxonomy":"post_tag","embeddable":true,"href":"https:\/\/semmelweis.hu\/molekularis-biologia\/wp-json\/wp\/v2\/tags?post=3663"}],"curies":[{"name":"wp","href":"https:\/\/api.w.org\/{rel}","templated":true}]}}