{"id":255,"date":"2013-04-10T20:02:56","date_gmt":"2013-04-10T20:02:56","guid":{"rendered":"http:\/\/semmelweis-egyetem.hu\/orvosi-vegytan\/?page_id=255"},"modified":"2026-03-20T13:18:49","modified_gmt":"2026-03-20T12:18:49","slug":"molorvkut","status":"publish","type":"page","link":"https:\/\/semmelweis.hu\/molekularis-biologia\/oktatas\/molorvkut\/","title":{"rendered":"Mol. orvostudom\u00e1nyi kutat\u00e1sok"},"content":{"rendered":"<p><strong>\u00c1OK (1 kredit, gyakorlati jegy, Dr. Csala Mikl\u00f3s; AOSOVM295_1M)<\/strong><\/p>\n<p><strong>\u0150szi f\u00e9l\u00e9vek<\/strong><\/p>\n<p><b>Tanulm\u00e1nyi felel\u0151s:<\/b> <a href=\"mailto:szelenyi.peter@semmelweis.hu\">Dr. Szel\u00e9nyi P\u00e9ter<\/a> egyetemi adjunktus<br \/>\n<b>Tansz\u00e9ki tanulm\u00e1nyi felel\u0151s:<\/b> <a href=\"mailto:ronai.zsolt@med.semmelweis-univ.hu\">Dr. R\u00f3nai Zsolt<\/a> egyetemi tan\u00e1r<\/p>\n<p><strong><font size=\"4\"><a href=\"https:\/\/itc.semmelweis.hu\/moodle\/\">R\u00e9szletek\u00e9rt, el\u0151ad\u00e1sok \u00e9s gyakorlatok programj\u00e1\u00e9rt, Zoom linkek\u00e9rt, let\u00f6lt\u00e9s\u00e9rt stb., k\u00e9rj\u00fck, keresse fel a tant\u00e1rgy Moodle oldalait.<\/a><\/font><\/strong><\/p>\n<p style=\"text-align: justify\"><strong>\u00c1ltal\u00e1nos inform\u00e1ci\u00f3k<\/strong><br \/>\nA tant\u00e1rgy c\u00e9lja a kor\u00e1bbi f\u00e9l\u00e9vek k\u00f6telez\u0151 \u00e9s v\u00e1laszthat\u00f3 t\u00e1rgyaira \u00e9p\u00edtve annak bemutat\u00e1sa. hogy a megismert molekul\u00e1ris biol\u00f3giai vizsg\u00e1l\u00f3m\u00f3dszerek milyen m\u00f3don f\u0171zhet\u0151k egys\u00e9ges rendszerbe: hogyan szolg\u00e1lj\u00e1k a transzl\u00e1ci\u00f3s medicina egyes ter\u00fcleteit annak \u00e9rdek\u00e9ben, hogy az egyes betegs\u00e9gek h\u00e1tter\u00e9ben \u00e1ll\u00f3 k\u00f3ros molekul\u00e1ris folyamatokat \u2013 \u00e9s beavatkoz\u00e1si lehet\u0151s\u00e9geket \u2013 megismerj\u00fck.<\/p>\n<p><strong>Az oktat\u00f3i munka hallgat\u00f3i v\u00e9lem\u00e9nyez\u00e9se<\/strong><\/p>\n<p><a href=\"https:\/\/semmelweis.hu\/molekularis-biologia\/files\/2025\/04\/Molekularis-orvostudomanyi-kutatasok-AOSMBT799_1M.pdf\" target=\"_blank\" rel=\"noopener noreferrer\">2024\/25\/1. f\u00e9l\u00e9v<\/a><\/p>\n<p><a href=\"https:\/\/semmelweis.hu\/molekularis-biologia\/files\/2024\/04\/Molekularis-orvostudomanyi-kutatasok-AOSMBT799_1M.pdf\" target=\"_blank\" rel=\"noopener noreferrer\">2023\/24\/1. f\u00e9l\u00e9v<\/a><\/p>\n<p><a href=\"https:\/\/semmelweis.hu\/molekularis-biologia\/files\/2023\/05\/ertekeles_molorvkut_AOK_2022_23_1_M.pdf\" target=\"_blank\" rel=\"noopener noreferrer\">2022\/23\/1. f\u00e9l\u00e9v<\/a><\/p>\n<p><strong>OMHV int\u00e9zked\u00e9si tervek<\/strong><\/p>\n<p><a href=\"https:\/\/semmelweis.hu\/molekularis-biologia\/files\/2025\/04\/AOK_Intezkedesi_terv_2024_25_1.pdf\" target=\"_blank\" rel=\"noopener noreferrer\">Int\u00e9zked\u00e9si terv a 2024\/25. tan\u00e9v 1. szemeszter\u00e9nek OMHV-adatai alapj\u00e1n<\/a><br \/>\n<a href=\"https:\/\/semmelweis.hu\/molekularis-biologia\/files\/2024\/04\/OMHV_AOK_Intezkedesi_terv_2023_24_1.pdf\" target=\"_blank\" rel=\"noopener\">Int\u00e9zked\u00e9si terv a 2023\/24. tan\u00e9v 1. szemeszter\u00e9nek OMHV-adatai alapj\u00e1n<\/a><br \/>\n<a href=\"https:\/\/semmelweis.hu\/molekularis-biologia\/files\/2023\/05\/OMHV_AOK_Intezkedesi_terv_2022_23_1.pdf\" target=\"_blank\" rel=\"noopener noreferrer\">Int\u00e9zked\u00e9si terv a 2022\/23. tan\u00e9v 1. szemeszter\u00e9nek OMHV-adatai alapj\u00e1n<\/a><\/p>\n","protected":false},"excerpt":{"rendered":"<p>\u00c1OK (1 kredit, gyakorlati jegy, Dr. Csala Mikl\u00f3s; AOSOVM295_1M) \u0150szi f\u00e9l\u00e9vek Tanulm\u00e1nyi felel\u0151s: <a href=\"mailto:szelenyi.peter@semmelweis.hu\">Dr. Szel\u00e9nyi P\u00e9ter<\/a> egyetemi adjunktus Tansz\u00e9ki tanulm\u00e1nyi felel\u0151s: <a href=\"mailto:ronai.zsolt@med.semmelweis-univ.hu\">Dr. R\u00f3nai Zsolt<\/a> egyetemi tan\u00e1r <a href=\"https:\/\/itc.semmelweis.hu\/moodle\/\">R\u00e9szletek\u00e9rt, el\u0151ad\u00e1sok \u00e9s gyakorlatok programj\u00e1\u00e9rt, Zoom linkek\u00e9rt, let\u00f6lt\u00e9s\u00e9rt stb., k\u00e9rj\u00fck, keresse fel a tant\u00e1rgy Moodle oldalait.<\/a> \u00c1ltal\u00e1nos inform\u00e1ci\u00f3k A tant\u00e1rgy c\u00e9lja a kor\u00e1bbi f\u00e9l\u00e9vek k\u00f6telez\u0151 \u00e9s v\u00e1laszthat\u00f3 t\u00e1rgyaira \u00e9p\u00edtve annak bemutat\u00e1sa. hogy a megismert molekul\u00e1ris biol\u00f3giai vizsg\u00e1l\u00f3m\u00f3dszerek milyen m\u00f3don f\u0171zhet\u0151k egys\u00e9ges rendszerbe: hogyan szolg\u00e1lj\u00e1k a transzl\u00e1ci\u00f3s medicina egyes ter\u00fcleteit annak \u00e9rdek\u00e9ben, &hellip;<\/p>\n","protected":false},"author":183,"featured_media":0,"parent":6,"menu_order":70,"comment_status":"closed","ping_status":"closed","template":"","meta":{"_acf_changed":false,"footnotes":""},"categories":[],"tags":[],"class_list":["post-255","page","type-page","status-publish","hentry"],"acf":[],"_links":{"self":[{"href":"https:\/\/semmelweis.hu\/molekularis-biologia\/wp-json\/wp\/v2\/pages\/255","targetHints":{"allow":["GET"]}}],"collection":[{"href":"https:\/\/semmelweis.hu\/molekularis-biologia\/wp-json\/wp\/v2\/pages"}],"about":[{"href":"https:\/\/semmelweis.hu\/molekularis-biologia\/wp-json\/wp\/v2\/types\/page"}],"author":[{"embeddable":true,"href":"https:\/\/semmelweis.hu\/molekularis-biologia\/wp-json\/wp\/v2\/users\/183"}],"replies":[{"embeddable":true,"href":"https:\/\/semmelweis.hu\/molekularis-biologia\/wp-json\/wp\/v2\/comments?post=255"}],"version-history":[{"count":11,"href":"https:\/\/semmelweis.hu\/molekularis-biologia\/wp-json\/wp\/v2\/pages\/255\/revisions"}],"predecessor-version":[{"id":8928,"href":"https:\/\/semmelweis.hu\/molekularis-biologia\/wp-json\/wp\/v2\/pages\/255\/revisions\/8928"}],"up":[{"embeddable":true,"href":"https:\/\/semmelweis.hu\/molekularis-biologia\/wp-json\/wp\/v2\/pages\/6"}],"wp:attachment":[{"href":"https:\/\/semmelweis.hu\/molekularis-biologia\/wp-json\/wp\/v2\/media?parent=255"}],"wp:term":[{"taxonomy":"category","embeddable":true,"href":"https:\/\/semmelweis.hu\/molekularis-biologia\/wp-json\/wp\/v2\/categories?post=255"},{"taxonomy":"post_tag","embeddable":true,"href":"https:\/\/semmelweis.hu\/molekularis-biologia\/wp-json\/wp\/v2\/tags?post=255"}],"curies":[{"name":"wp","href":"https:\/\/api.w.org\/{rel}","templated":true}]}}

Mol. orvostudományi kutatások

<p><strong>ÁOK (1 kredit, gyakorlati jegy, Dr. Csala Miklós; AOSOVM295_1M)</strong></p>
<p><strong>Őszi félévek</strong></p>
<p><b>Tanulmányi felelős:</b> <a href="mailto:szelenyi.peter@semmelweis.hu">Dr. Szelényi Péter</a> egyetemi adjunktus<br />
<b>Tanszéki tanulmányi felelős:</b> <a href="mailto:ronai.zsolt@med.semmelweis-univ.hu">Dr. Rónai Zsolt</a> egyetemi tanár</p>
<p><strong><font size="4"><a href="https://itc.semmelweis.hu/moodle/">Részletekért, előadások és gyakorlatok programjáért, Zoom linkekért, letöltésért stb., kérjük, keresse fel a tantárgy Moodle oldalait.</a></font></strong></p>
<p style="text-align: justify"><strong>Általános információk</strong><br />
A tantárgy célja a korábbi félévek kötelező és választható tárgyaira építve annak bemutatása. hogy a megismert molekuláris biológiai vizsgálómódszerek milyen módon fűzhetők egységes rendszerbe: hogyan szolgálják a transzlációs medicina egyes területeit annak érdekében, hogy az egyes betegségek hátterében álló kóros molekuláris folyamatokat – és beavatkozási lehetőségeket – megismerjük.</p>
<p><strong>Az oktatói munka hallgatói véleményezése</strong></p>
<p><a href="https://semmelweis.hu/molekularis-biologia/files/2025/04/Molekularis-orvostudomanyi-kutatasok-AOSMBT799_1M.pdf" target="_blank" rel="noopener noreferrer">2024/25/1. félév</a></p>
<p><a href="https://semmelweis.hu/molekularis-biologia/files/2024/04/Molekularis-orvostudomanyi-kutatasok-AOSMBT799_1M.pdf" target="_blank" rel="noopener noreferrer">2023/24/1. félév</a></p>
<p><a href="https://semmelweis.hu/molekularis-biologia/files/2023/05/ertekeles_molorvkut_AOK_2022_23_1_M.pdf" target="_blank" rel="noopener noreferrer">2022/23/1. félév</a></p>
<p><strong>OMHV intézkedési tervek</strong></p>
<p><a href="https://semmelweis.hu/molekularis-biologia/files/2025/04/AOK_Intezkedesi_terv_2024_25_1.pdf" target="_blank" rel="noopener noreferrer">Intézkedési terv a 2024/25. tanév 1. szemeszterének OMHV-adatai alapján</a><br />
<a href="https://semmelweis.hu/molekularis-biologia/files/2024/04/OMHV_AOK_Intezkedesi_terv_2023_24_1.pdf" target="_blank" rel="noopener">Intézkedési terv a 2023/24. tanév 1. szemeszterének OMHV-adatai alapján</a><br />
<a href="https://semmelweis.hu/molekularis-biologia/files/2023/05/OMHV_AOK_Intezkedesi_terv_2022_23_1.pdf" target="_blank" rel="noopener noreferrer">Intézkedési terv a 2022/23. tanév 1. szemeszterének OMHV-adatai alapján</a></p>

<p>ÁOK (1 kredit, gyakorlati jegy, Dr. Csala Miklós; AOSOVM295_1M) Őszi félévek Tanulmányi felelős: <a href="mailto:szelenyi.peter@semmelweis.hu">Dr. Szelényi Péter</a> egyetemi adjunktus Tanszéki tanulmányi felelős: <a href="mailto:ronai.zsolt@med.semmelweis-univ.hu">Dr. Rónai Zsolt</a> egyetemi tanár <a href="https://itc.semmelweis.hu/moodle/">Részletekért, előadások és gyakorlatok programjáért, Zoom linkekért, letöltésért stb., kérjük, keresse fel a tantárgy Moodle oldalait.</a> Általános információk A tantárgy célja a korábbi félévek kötelező és választható tárgyaira építve annak bemutatása. hogy a megismert molekuláris biológiai vizsgálómódszerek milyen módon fűzhetők egységes rendszerbe: hogyan szolgálják a transzlációs medicina egyes területeit annak érdekében, &hellip;</p>
