{"id":247,"date":"2016-08-29T12:23:45","date_gmt":"2016-08-29T10:23:45","guid":{"rendered":"http:\/\/semmelweis-egyetem.hu\/orvosi-vegytan\/?page_id=247"},"modified":"2026-03-20T13:20:03","modified_gmt":"2026-03-20T12:20:03","slug":"orvkem","status":"publish","type":"page","link":"https:\/\/semmelweis.hu\/molekularis-biologia\/oktatas\/orvkem\/","title":{"rendered":"Orvosi k\u00e9mia"},"content":{"rendered":"<p><strong>\u00c1OK (5 kredit, kollokvium, Dr. Csala Mikl\u00f3s; AOKMBT793_1M)<\/strong> <strong>FOK (4 kredit,\u00a0kollokvium, Dr. S\u0151ti Csaba;\u00a0FOKOMBT304_1M)<\/strong><\/p>\n<p><strong>\u0150szi f\u00e9l\u00e9vek<\/strong><\/p>\n<p><b>Orvosi K\u00e9mia tanulm\u00e1nyi felel\u0151s:<\/b> <a href=\"mailto:szelenyi.peter@semmelweis.hu\">Dr. Szel\u00e9nyi P\u00e9ter<\/a> egyetemi adjunktus<br \/>\n<b>Tansz\u00e9ki tanulm\u00e1nyi felel\u0151s:<\/b> <a href=\"mailto:ronai.zsolt@med.semmelweis-univ.hu\">Dr. R\u00f3nai Zsolt<\/a> egyetemi tan\u00e1r<\/p>\n<p><strong><span style=\"font-size: large\"><a href=\"https:\/\/itc.semmelweis.hu\/moodle\/\">R\u00e9szletek\u00e9rt, el\u0151ad\u00e1sok \u00e9s gyakorlatok programj\u00e1\u00e9rt, Zoom linkek\u00e9rt, let\u00f6lt\u00e9s\u00e9rt stb., k\u00e9rj\u00fck, keresse fel a tant\u00e1rgy Moodle oldalait.<\/a><\/span><\/strong><\/p>\n<p style=\"text-align: justify\"><strong>\u00c1ltal\u00e1nos inform\u00e1ci\u00f3k<\/strong><br \/>\nA k\u00e9mia t\u00e1rgy c\u00e9lja azon \u00e1ltal\u00e1nos \u00e9s szerves k\u00e9miai alapismeretek elsaj\u00e1t\u00edt\u00e1sa, melyek fontosak az emberi szervezetben lezajl\u00f3 k\u00e9miai, biok\u00e9miai, molekul\u00e1ris biol\u00f3giai folyamatok meg\u00e9rt\u00e9s\u00e9hez fiziol\u00f3gi\u00e1s, illetve k\u00f3ros k\u00f6r\u00fclm\u00e9nyek k\u00f6z\u00f6tt. Az \u00e1ltal\u00e1nos k\u00e9miai modul ismeretanyaga els\u0151sorban a biok\u00e9mia \u00e9s az \u00e9lettan t\u00e1rgyakhoz, m\u00edg a szerves k\u00e9mia a biok\u00e9mia valamint a molekul\u00e1ris sejtbiol\u00f3giai t\u00e1rgyakhoz ny\u00fajt alapvet\u0151 ismereteket.<\/p>\n<p style=\"text-align: justify\"><strong>A f\u00e9l\u00e9v elfogad\u00e1s\u00e1nak felt\u00e9tele<\/strong><br \/>\nA gyakorlatok l\u00e1togat\u00e1sa k\u00f6telez\u0151, az egyetemi tanulm\u00e1nyi \u00e9s vizsgaszab\u00e1lyzatnak megfelel\u0151en legfeljebb 2 gyakorlatr\u00f3l szabad hi\u00e1nyozni. Indokolt esetben a gyakorlat m\u00e1sik csoportn\u00e1l (ugyanazon a h\u00e9ten) p\u00f3tolhat\u00f3.<\/p>\n<p><b>Javasolt k\u00f6nyvek, jegyzetek<\/b><br \/>\nGergely P\u00e1l \u2013 Erd\u0151di Ferenc \u2013 Vereb Gy\u00f6rgy: \u00c1ltal\u00e1nos \u00e9s Bioszervetlen K\u00e9mia<br \/>\nCsermely P., Hrab\u00e1k A., M\u00e9sz\u00e1ros Gy.: Bioorganikus K\u00e9mia jegyzet (szerk.: Mandl J.)<br \/>\nHrab\u00e1k A., M\u00e9sz\u00e1ros Gy.: Orvosi K\u00e9mia \u00e9s Biok\u00e9mia feladatgy\u0171jtem\u00e9ny<br \/>\nMandl J., M\u00e9sz\u00e1ros Gy., T\u00f3th M.: Orvosi k\u00e9mia \u00e9s biok\u00e9mia a laborat\u00f3riumban gyakorlati jegyzet (szerk.: Keszler G.)<br \/>\nHrab\u00e1k A., M\u00e9sz\u00e1ros Gy.: Orvosi k\u00e9mia \u00e9s biok\u00e9mia feladatgy\u0171jtem\u00e9ny<br \/>\nE-learning rendszer (Moodle) oktat\u00e1si seg\u00e9danyagai<\/p>\n<p><strong>Az oktat\u00f3i munka hallgat\u00f3i v\u00e9lem\u00e9nyez\u00e9se (OMHV)<\/strong><\/p>\n<p><div class=\"responsive-tabs\">\n<h2 class=\"tabtitle\">2024\/25-1<\/h2>\n<div class=\"tabcontent\">\n<a href=\"https:\/\/semmelweis.hu\/molekularis-biologia\/files\/2025\/04\/Orvosi-kemia-AOVMBT1095_1M.pdf\" target=\"_blank\" rel=\"noopener noreferrer\">\u00c1OK el\u0151ad\u00e1sok<\/a> &emsp; <a href=\"https:\/\/semmelweis.hu\/molekularis-biologia\/files\/2025\/04\/Orvosi-kemia-AOVMBT1095_1M-1.pdf\" target=\"_blank\" rel=\"noopener noreferrer\">\u00c1OK gyakorlatok<\/a><br \/>\n<a href=\"https:\/\/semmelweis.hu\/molekularis-biologia\/files\/2025\/04\/Orvosi-kemia-FOKOMBT379_1M-1.pdf\" target=\"_blank\" rel=\"noopener noreferrer\">FOK el\u0151ad\u00e1sok<\/a> &emsp; <a href=\"https:\/\/semmelweis.hu\/molekularis-biologia\/files\/2025\/04\/Orvosi-kemia-FOKOMBT379_1M.pdf\" target=\"_blank\" rel=\"noopener noreferrer\">FOK gyakorlatok<\/a><\/p>\n<p>\n<\/div><h2 class=\"tabtitle\">2023\/24-1<\/h2>\n<div class=\"tabcontent\">\n<a href=\"https:\/\/semmelweis.hu\/molekularis-biologia\/files\/2024\/04\/Orvosi-kemia-AOKMBT793_1M.pdf\" target=\"_blank\" rel=\"noopener noreferrer\">\u00c1OK el\u0151ad\u00e1sok<\/a> &emsp; <a href=\"https:\/\/semmelweis.hu\/molekularis-biologia\/files\/2024\/04\/Orvosi-kemia-AOKMBT793_1M-1.pdf\" target=\"_blank\" rel=\"noopener noreferrer\">\u00c1OK gyakorlatok<\/a><br \/>\n<a href=\"https:\/\/semmelweis.hu\/molekularis-biologia\/files\/2024\/04\/Orvosi-kemia-FOKOMBT304_1M.pdf\" target=\"_blank\" rel=\"noopener noreferrer\">FOK el\u0151ad\u00e1sok<\/a> &emsp; <a href=\"https:\/\/semmelweis.hu\/molekularis-biologia\/files\/2024\/04\/Orvosi-kemia-FOKOMBT304_1M-1.pdf\" target=\"_blank\" rel=\"noopener noreferrer\">FOK gyakorlatok<\/a><\/p>\n<p>\n<\/div><h2 class=\"tabtitle\">2022\/23-1<\/h2>\n<div class=\"tabcontent\">\n<a href=\"https:\/\/semmelweis.hu\/molekularis-biologia\/files\/2023\/05\/ertekeles_orv_kem_AOK_2022_23_1_M.pdf\" target=\"_blank\" rel=\"noopener noreferrer\">\u00c1OK el\u0151ad\u00e1sok<\/a> &emsp; <a href=\"https:\/\/semmelweis.hu\/molekularis-biologia\/files\/2023\/05\/ertekeles_gyak_orv_kem_AOK_2022_23_1_M.pdf\" target=\"_blank\" rel=\"noopener noreferrer\">\u00c1OK gyakorlatok<\/a><br \/>\n<a href=\"https:\/\/semmelweis.hu\/molekularis-biologia\/files\/2023\/05\/ertekeles_orv_kem_FOK_2022_23_1_M.pdf\" target=\"_blank\" rel=\"noopener noreferrer\">FOK el\u0151ad\u00e1sok<\/a> &emsp; <a href=\"https:\/\/semmelweis.hu\/molekularis-biologia\/files\/2023\/05\/ertekeles_gyak_orv_kem_FOK_2022_23_1_M.pdf\" target=\"_blank\" rel=\"noopener noreferrer\">FOK gyakorlatok<\/a><\/div><\/div><\/p>\n<p><strong>OMHV int\u00e9zked\u00e9si tervek<\/strong><\/p>\n<p><div class=\"responsive-tabs\">\n<h2 class=\"tabtitle\">2024\/25-1<\/h2>\n<div class=\"tabcontent\">\n<a href=\"https:\/\/semmelweis.hu\/molekularis-biologia\/files\/2025\/04\/AOK_Intezkedesi_terv_2024_25_1.pdf\" target=\"_blank\" rel=\"noopener noreferrer\">\u00c1OK &emsp;<br \/>\n<a href=\"https:\/\/semmelweis.hu\/molekularis-biologia\/files\/2025\/04\/FOK_Intezkedesi_terv_2024_25_1.pdf\" target=\"_blank\" rel=\"noopener noreferrer\">FOK<\/a> <\/p>\n<p>\n<\/div><h2 class=\"tabtitle\">2023\/24-1<\/h2>\n<div class=\"tabcontent\">\n<a href=\"https:\/\/semmelweis.hu\/molekularis-biologia\/files\/2024\/04\/OMHV_AOK_Intezkedesi_terv_2023_24_1.pdf\" target=\"_blank\" rel=\"noopener noreferrer\">\u00c1OK &emsp;<br \/>\n<a href=\"https:\/\/semmelweis.hu\/molekularis-biologia\/files\/2024\/04\/OMHV_FOK_Intezkedesi_terv_2023_24_1.pdf\" target=\"_blank\" rel=\"noopener noreferrer\">FOK<\/a> <\/p>\n<p>\n<\/div><h2 class=\"tabtitle\">2022\/23-1<\/h2>\n<div class=\"tabcontent\">\n<a href=\"https:\/\/semmelweis.hu\/molekularis-biologia\/files\/2023\/05\/OMHV_AOK_Intezkedesi_terv_2022_23_1.pdf\" target=\"_blank\" rel=\"noopener noreferrer\">\u00c1OK &emsp;<br \/>\n<a href=\"https:\/\/semmelweis.hu\/molekularis-biologia\/files\/2023\/05\/OMHV_FOK_Intezkedesi_terv_2022_23_1.pdf\" target=\"_blank\" rel=\"noopener noreferrer\">FOK<\/a> <\/p>\n<p>\n<\/div><h2 class=\"tabtitle\">2020\/21-1<\/h2>\n<div class=\"tabcontent\">\n <a href=\"https:\/\/semmelweis.hu\/molekularis-biologia\/files\/2021\/03\/Molecularis_Biologia_Intezkedesi_terv_FOK_orvosi_kemia_2021_marcius.pdf\" target=\"_blank\" rel=\"noopener noreferrer\">FOK<\/a> <\/p>\n<p>\n<\/div><h2 class=\"tabtitle\">2019\/20-2<\/h2>\n<div class=\"tabcontent\">\n <a href=\"https:\/\/semmelweis.hu\/molekularis-biologia\/files\/2020\/09\/OMH_OVI_2019_20_2_Intezkedesi-terv.pdf\" target=\"_blank\" rel=\"noopener\"> A 2019\/20\/2. f\u00e9l\u00e9vben oktatott t\u00e1rgyakra vonatkoz\u00f3 OMHV alapj\u00e1n k\u00e9sz\u00fclt int\u00e9zked\u00e9si terv<\/a> <\/div><\/div><\/p>\n<p><b>K\u00f6vetelm\u00e9nyrendszer<\/b><br \/>\n<a href=\"https:\/\/semmelweis.hu\/molekularis-biologia\/files\/2023\/05\/kovetelmeny_OrvKem_AOK_HU.pdf\" target=\"_blank\" rel=\"noopener\">\u00c1OK<\/a>&emsp;<a href=\"https:\/\/semmelweis.hu\/molekularis-biologia\/files\/2023\/05\/kovetelmeny_OrvKem_FOK_HU.pdf\" target=\"_blank\" rel=\"noopener\">FOK<\/a><\/p>\n","protected":false},"excerpt":{"rendered":"<p>\u00c1OK (5 kredit, kollokvium, Dr. Csala Mikl\u00f3s; AOKMBT793_1M) FOK (4 kredit,\u00a0kollokvium, Dr. S\u0151ti Csaba;\u00a0FOKOMBT304_1M) \u0150szi f\u00e9l\u00e9vek Orvosi K\u00e9mia tanulm\u00e1nyi felel\u0151s: <a href=\"mailto:szelenyi.peter@semmelweis.hu\">Dr. Szel\u00e9nyi P\u00e9ter<\/a> egyetemi adjunktus Tansz\u00e9ki tanulm\u00e1nyi felel\u0151s: <a href=\"mailto:ronai.zsolt@med.semmelweis-univ.hu\">Dr. R\u00f3nai Zsolt<\/a> egyetemi tan\u00e1r <a href=\"https:\/\/itc.semmelweis.hu\/moodle\/\">R\u00e9szletek\u00e9rt, el\u0151ad\u00e1sok \u00e9s gyakorlatok programj\u00e1\u00e9rt, Zoom linkek\u00e9rt, let\u00f6lt\u00e9s\u00e9rt stb., k\u00e9rj\u00fck, keresse fel a tant\u00e1rgy Moodle oldalait.<\/a> \u00c1ltal\u00e1nos inform\u00e1ci\u00f3k A k\u00e9mia t\u00e1rgy c\u00e9lja azon \u00e1ltal\u00e1nos \u00e9s szerves k\u00e9miai alapismeretek elsaj\u00e1t\u00edt\u00e1sa, melyek fontosak az emberi szervezetben lezajl\u00f3 k\u00e9miai, biok\u00e9miai, molekul\u00e1ris biol\u00f3giai folyamatok meg\u00e9rt\u00e9s\u00e9hez fiziol\u00f3gi\u00e1s, illetve k\u00f3ros &hellip;<\/p>\n","protected":false},"author":183,"featured_media":0,"parent":6,"menu_order":10,"comment_status":"closed","ping_status":"closed","template":"","meta":{"_acf_changed":false,"footnotes":""},"categories":[],"tags":[],"class_list":["post-247","page","type-page","status-publish","hentry"],"acf":[],"_links":{"self":[{"href":"https:\/\/semmelweis.hu\/molekularis-biologia\/wp-json\/wp\/v2\/pages\/247","targetHints":{"allow":["GET"]}}],"collection":[{"href":"https:\/\/semmelweis.hu\/molekularis-biologia\/wp-json\/wp\/v2\/pages"}],"about":[{"href":"https:\/\/semmelweis.hu\/molekularis-biologia\/wp-json\/wp\/v2\/types\/page"}],"author":[{"embeddable":true,"href":"https:\/\/semmelweis.hu\/molekularis-biologia\/wp-json\/wp\/v2\/users\/183"}],"replies":[{"embeddable":true,"href":"https:\/\/semmelweis.hu\/molekularis-biologia\/wp-json\/wp\/v2\/comments?post=247"}],"version-history":[{"count":11,"href":"https:\/\/semmelweis.hu\/molekularis-biologia\/wp-json\/wp\/v2\/pages\/247\/revisions"}],"predecessor-version":[{"id":8932,"href":"https:\/\/semmelweis.hu\/molekularis-biologia\/wp-json\/wp\/v2\/pages\/247\/revisions\/8932"}],"up":[{"embeddable":true,"href":"https:\/\/semmelweis.hu\/molekularis-biologia\/wp-json\/wp\/v2\/pages\/6"}],"wp:attachment":[{"href":"https:\/\/semmelweis.hu\/molekularis-biologia\/wp-json\/wp\/v2\/media?parent=247"}],"wp:term":[{"taxonomy":"category","embeddable":true,"href":"https:\/\/semmelweis.hu\/molekularis-biologia\/wp-json\/wp\/v2\/categories?post=247"},{"taxonomy":"post_tag","embeddable":true,"href":"https:\/\/semmelweis.hu\/molekularis-biologia\/wp-json\/wp\/v2\/tags?post=247"}],"curies":[{"name":"wp","href":"https:\/\/api.w.org\/{rel}","templated":true}]}}