{"id":16,"date":"2012-06-20T13:01:06","date_gmt":"2012-06-20T13:01:06","guid":{"rendered":"http:\/\/semmelweis-egyetem.hu\/orvosi-vegytan\/?page_id=16"},"modified":"2014-01-24T23:37:02","modified_gmt":"2014-01-24T23:37:02","slug":"publikacio","status":"publish","type":"page","link":"https:\/\/semmelweis.hu\/molekularis-biologia\/kutatas\/publikacio\/","title":{"rendered":"Publik\u00e1ci\u00f3s teljes\u00edtm\u00e9ny"},"content":{"rendered":"\n<table id=\"tablepress-3\" class=\"tablepress tablepress-id-3\">\n<tbody class=\"row-striping\">\n<tr class=\"row-1\">\n\t<td class=\"column-1\"><b>\u00c9v<\/b>&nbsp;&nbsp;&nbsp;&nbsp;&nbsp;&nbsp;&nbsp;&nbsp;&nbsp;&nbsp;&nbsp;&nbsp;&nbsp;&nbsp;&nbsp;<\/td><td class=\"column-2\"><b>Impakt faktor<\/b>&nbsp;&nbsp;&nbsp;&nbsp;&nbsp;&nbsp;<\/td><td class=\"column-3\"><b>\u00d6sszes k\u00f6zlem\u00e9ny<\/b>&nbsp;&nbsp;&nbsp;&nbsp;&nbsp;<\/td><td class=\"column-4\"><b>Impakt faktorral<br \/>\nrendelkez\u0151 k\u00f6zlem\u00e9nyek<\/b><\/td><td class=\"column-5\"><b>Megv\u00e9dett<br \/>\nPh.D. \u00e9rtekez\u00e9s<\/b><\/td>\n<\/tr>\n<tr class=\"row-2\">\n\t<td class=\"column-1\"><a href=\"https:\/\/m2.mtmt.hu\/gui2\/?type=institutes&amp;mode=browse&amp;sel=institutes21651&amp;filterAndSortData=sort:publishedYear;desc;firstAuthor;asc;filter:;;;1990;1990;\">1990<\/a><\/td><td class=\"column-2\">20,422<\/td><td class=\"column-3\">17<\/td><td class=\"column-4\">4<\/td><td class=\"column-5\">-<\/td>\n<\/tr>\n<tr class=\"row-3\">\n\t<td class=\"column-1\"><a href=\"https:\/\/m2.mtmt.hu\/gui2\/?type=institutes&amp;mode=browse&amp;sel=institutes21651&amp;filterAndSortData=sort:publishedYear;desc;firstAuthor;asc;filter:;;;1991;1991;\">1991<\/a><\/td><td class=\"column-2\">29,481<\/td><td class=\"column-3\">15<\/td><td class=\"column-4\">13<\/td><td class=\"column-5\">-<\/td>\n<\/tr>\n<tr class=\"row-4\">\n\t<td class=\"column-1\"><a href=\"https:\/\/m2.mtmt.hu\/gui2\/?type=institutes&amp;mode=browse&amp;sel=institutes21651&amp;filterAndSortData=sort:publishedYear;desc;firstAuthor;asc;filter:;;;1992;1992;\">1992<\/a><\/td><td class=\"column-2\">46,564<\/td><td class=\"column-3\">31<\/td><td class=\"column-4\">19<\/td><td class=\"column-5\">-<\/td>\n<\/tr>\n<tr class=\"row-5\">\n\t<td class=\"column-1\"><a href=\"https:\/\/m2.mtmt.hu\/gui2\/?type=institutes&amp;mode=browse&amp;sel=institutes21651&amp;filterAndSortData=sort:publishedYear;desc;firstAuthor;asc;filter:;;;1993;1993;\">1993<\/a><\/td><td class=\"column-2\">110,29<\/td><td class=\"column-3\">33<\/td><td class=\"column-4\">14<\/td><td class=\"column-5\">-<\/td>\n<\/tr>\n<tr class=\"row-6\">\n\t<td class=\"column-1\"><a href=\"https:\/\/m2.mtmt.hu\/gui2\/?type=institutes&amp;mode=browse&amp;sel=institutes21651&amp;filterAndSortData=sort:publishedYear;desc;firstAuthor;asc;filter:;;;1994;1994;\">1994<\/a><\/td><td class=\"column-2\">79,901<\/td><td class=\"column-3\">31<\/td><td class=\"column-4\">17<\/td><td class=\"column-5\">-<\/td>\n<\/tr>\n<tr class=\"row-7\">\n\t<td class=\"column-1\"><a href=\"https:\/\/m2.mtmt.hu\/gui2\/?type=institutes&amp;mode=browse&amp;sel=institutes21651&amp;filterAndSortData=sort:publishedYear;desc;firstAuthor;asc;filter:;;;1995;1995;\">1995<\/a><\/td><td class=\"column-2\">44,189<\/td><td class=\"column-3\">37<\/td><td class=\"column-4\">16<\/td><td class=\"column-5\">-<\/td>\n<\/tr>\n<tr class=\"row-8\">\n\t<td class=\"column-1\"><a href=\"https:\/\/m2.mtmt.hu\/gui2\/?type=institutes&amp;mode=browse&amp;sel=institutes21651&amp;filterAndSortData=sort:publishedYear;desc;firstAuthor;asc;filter:;;;1996;1996;\">1996<\/a><\/td><td class=\"column-2\">81,051<\/td><td class=\"column-3\">49<\/td><td class=\"column-4\">27<\/td><td class=\"column-5\">-<\/td>\n<\/tr>\n<tr class=\"row-9\">\n\t<td class=\"column-1\"><a href=\"https:\/\/m2.mtmt.hu\/gui2\/?type=institutes&amp;mode=browse&amp;sel=institutes21651&amp;filterAndSortData=sort:publishedYear;desc;firstAuthor;asc;filter:;;;1997;1997;\">1997<\/a><\/td><td class=\"column-2\">65,247<\/td><td class=\"column-3\">29<\/td><td class=\"column-4\">15<\/td><td class=\"column-5\"><a href=\"https:\/\/semmelweis.hu\/molekularis-biologia\/kutatas\/ertekezesek\">1<\/a><\/td>\n<\/tr>\n<tr class=\"row-10\">\n\t<td class=\"column-1\"><a href=\"https:\/\/m2.mtmt.hu\/gui2\/?type=institutes&amp;mode=browse&amp;sel=institutes21651&amp;filterAndSortData=sort:publishedYear;desc;firstAuthor;asc;filter:;;;1998;1998;\">1998<\/a><\/td><td class=\"column-2\">73,490<\/td><td class=\"column-3\">45<\/td><td class=\"column-4\">27<\/td><td class=\"column-5\"><a href=\"https:\/\/semmelweis.hu\/molekularis-biologia\/kutatas\/ertekezesek\">1<\/a><\/td>\n<\/tr>\n<tr class=\"row-11\">\n\t<td class=\"column-1\"><a href=\"https:\/\/m2.mtmt.hu\/gui2\/?type=institutes&amp;mode=browse&amp;sel=institutes21651&amp;filterAndSortData=sort:publishedYear;desc;firstAuthor;asc;filter:;;;1999;1999;\">1999<\/a><\/td><td class=\"column-2\">127,349<\/td><td class=\"column-3\">59<\/td><td class=\"column-4\">30<\/td><td class=\"column-5\"><a href=\"https:\/\/semmelweis.hu\/molekularis-biologia\/kutatas\/ertekezesek\">3<\/a><\/td>\n<\/tr>\n<tr class=\"row-12\">\n\t<td class=\"column-1\"><a href=\"https:\/\/m2.mtmt.hu\/gui2\/?type=institutes&amp;mode=browse&amp;sel=institutes21651&amp;filterAndSortData=sort:publishedYear;desc;firstAuthor;asc;filter:;;;2000;2000;\">2000<\/a><\/td><td class=\"column-2\">83,929<\/td><td class=\"column-3\">48<\/td><td class=\"column-4\">28<\/td><td class=\"column-5\"><a href=\"https:\/\/semmelweis.hu\/molekularis-biologia\/kutatas\/ertekezesek\">2<\/a><\/td>\n<\/tr>\n<tr class=\"row-13\">\n\t<td class=\"column-1\"><a href=\"https:\/\/m2.mtmt.hu\/gui2\/?type=institutes&amp;mode=browse&amp;sel=institutes21651&amp;filterAndSortData=sort:publishedYear;desc;firstAuthor;asc;filter:;;;2001;2001;\">2001<\/a><\/td><td class=\"column-2\">135,828<\/td><td class=\"column-3\">70<\/td><td class=\"column-4\">41<\/td><td class=\"column-5\"><a href=\"https:\/\/semmelweis.hu\/molekularis-biologia\/kutatas\/ertekezesek\">2<\/a><\/td>\n<\/tr>\n<tr class=\"row-14\">\n\t<td class=\"column-1\"><a href=\"https:\/\/m2.mtmt.hu\/gui2\/?type=institutes&amp;mode=browse&amp;sel=institutes21651&amp;filterAndSortData=sort:publishedYear;desc;firstAuthor;asc;filter:;;;2002;2002;\">2002<\/a><\/td><td class=\"column-2\">130,280<\/td><td class=\"column-3\">70<\/td><td class=\"column-4\">35<\/td><td class=\"column-5\"><a href=\"https:\/\/semmelweis.hu\/molekularis-biologia\/kutatas\/ertekezesek\">6<\/a><\/td>\n<\/tr>\n<tr class=\"row-15\">\n\t<td class=\"column-1\"><a href=\"https:\/\/m2.mtmt.hu\/gui2\/?type=institutes&amp;mode=browse&amp;sel=institutes21651&amp;filterAndSortData=sort:publishedYear;desc;firstAuthor;asc;filter:;;;2003;2003;\">2003<\/a><\/td><td class=\"column-2\">121,216<\/td><td class=\"column-3\">61<\/td><td class=\"column-4\">34<\/td><td class=\"column-5\"><a href=\"https:\/\/semmelweis.hu\/molekularis-biologia\/kutatas\/ertekezesek\">4<\/a><\/td>\n<\/tr>\n<tr class=\"row-16\">\n\t<td class=\"column-1\"><a href=\"https:\/\/m2.mtmt.hu\/gui2\/?type=institutes&amp;mode=browse&amp;sel=institutes21651&amp;filterAndSortData=sort:publishedYear;desc;firstAuthor;asc;filter:;;;2004;2004;\">2004<\/a><\/td><td class=\"column-2\">140,485<\/td><td class=\"column-3\">69<\/td><td class=\"column-4\">37<\/td><td class=\"column-5\"><a href=\"https:\/\/semmelweis.hu\/molekularis-biologia\/kutatas\/ertekezesek\">2<\/a><\/td>\n<\/tr>\n<tr class=\"row-17\">\n\t<td class=\"column-1\"><a href=\"https:\/\/m2.mtmt.hu\/gui2\/?type=institutes&amp;mode=browse&amp;sel=institutes21651&amp;filterAndSortData=sort:publishedYear;desc;firstAuthor;asc;filter:;;;2005;2005;\">2005<\/a><\/td><td class=\"column-2\">160,561<\/td><td class=\"column-3\">81<\/td><td class=\"column-4\">34<\/td><td class=\"column-5\"><a href=\"https:\/\/semmelweis.hu\/molekularis-biologia\/kutatas\/ertekezesek\">2<\/a><\/td>\n<\/tr>\n<tr class=\"row-18\">\n\t<td class=\"column-1\"><a href=\"https:\/\/m2.mtmt.hu\/gui2\/?type=institutes&amp;mode=browse&amp;sel=institutes21651&amp;filterAndSortData=sort:publishedYear;desc;firstAuthor;asc;filter:;;;2006;2006;\">2006<\/a><\/td><td class=\"column-2\">180,705<\/td><td class=\"column-3\">76<\/td><td class=\"column-4\">43<\/td><td class=\"column-5\"><a href=\"https:\/\/semmelweis.hu\/molekularis-biologia\/kutatas\/ertekezesek\">6<\/a><\/td>\n<\/tr>\n<tr class=\"row-19\">\n\t<td class=\"column-1\"><a href=\"https:\/\/m2.mtmt.hu\/gui2\/?type=institutes&amp;mode=browse&amp;sel=institutes21651&amp;filterAndSortData=sort:publishedYear;desc;firstAuthor;asc;filter:;;;2007;2007;\">2007<\/a><\/td><td class=\"column-2\">136,162<\/td><td class=\"column-3\">93<\/td><td class=\"column-4\">41<\/td><td class=\"column-5\"><a href=\"https:\/\/semmelweis.hu\/molekularis-biologia\/kutatas\/ertekezesek\">3<\/a><\/td>\n<\/tr>\n<tr class=\"row-20\">\n\t<td class=\"column-1\"><a href=\"https:\/\/m2.mtmt.hu\/gui2\/?type=institutes&amp;mode=browse&amp;sel=institutes21651&amp;filterAndSortData=sort:publishedYear;desc;firstAuthor;asc;filter:;;;2008;2008;\">2008<\/a><\/td><td class=\"column-2\">182,972<\/td><td class=\"column-3\">70<\/td><td class=\"column-4\">49<\/td><td class=\"column-5\"><a href=\"https:\/\/semmelweis.hu\/molekularis-biologia\/kutatas\/ertekezesek\">2<\/a><\/td>\n<\/tr>\n<tr class=\"row-21\">\n\t<td class=\"column-1\"><a href=\"https:\/\/m2.mtmt.hu\/gui2\/?type=institutes&amp;mode=browse&amp;sel=institutes21651&amp;filterAndSortData=sort:publishedYear;desc;firstAuthor;asc;filter:;;;2009;2009;\">2009<\/a><\/td><td class=\"column-2\">129,790<\/td><td class=\"column-3\">56<\/td><td class=\"column-4\">33<\/td><td class=\"column-5\"><a href=\"https:\/\/semmelweis.hu\/molekularis-biologia\/kutatas\/ertekezesek\">2<\/a><\/td>\n<\/tr>\n<tr class=\"row-22\">\n\t<td class=\"column-1\"><a href=\"https:\/\/m2.mtmt.hu\/gui2\/?type=institutes&amp;mode=browse&amp;sel=institutes21651&amp;filterAndSortData=sort:publishedYear;desc;firstAuthor;asc;filter:;;;2010;2010;\">2010<\/a><\/td><td class=\"column-2\">190,710<\/td><td class=\"column-3\">58<\/td><td class=\"column-4\">35<\/td><td class=\"column-5\"><a href=\"https:\/\/semmelweis.hu\/molekularis-biologia\/kutatas\/ertekezesek\">1<\/a><\/td>\n<\/tr>\n<tr class=\"row-23\">\n\t<td class=\"column-1\"><a href=\"https:\/\/m2.mtmt.hu\/gui2\/?type=institutes&amp;mode=browse&amp;sel=institutes21651&amp;filterAndSortData=sort:publishedYear;desc;firstAuthor;asc;filter:;;;2011;2011;\">2011<\/a><\/td><td class=\"column-2\">172,355<\/td><td class=\"column-3\">46<\/td><td class=\"column-4\">32<\/td><td class=\"column-5\"><a href=\"https:\/\/semmelweis.hu\/molekularis-biologia\/kutatas\/ertekezesek\">2<\/a><\/td>\n<\/tr>\n<tr class=\"row-24\">\n\t<td class=\"column-1\"><a href=\"https:\/\/m2.mtmt.hu\/gui2\/?type=institutes&amp;mode=browse&amp;sel=institutes21651&amp;filterAndSortData=sort:publishedYear;desc;firstAuthor;asc;filter:;;;2012;2012;\">2012<\/a><\/td><td class=\"column-2\">173,929<\/td><td class=\"column-3\">52<\/td><td class=\"column-4\">36<\/td><td class=\"column-5\"><a href=\"https:\/\/semmelweis.hu\/molekularis-biologia\/kutatas\/ertekezesek\">2<\/a><\/td>\n<\/tr>\n<tr class=\"row-25\">\n\t<td class=\"column-1\"><a href=\"https:\/\/m2.mtmt.hu\/gui2\/?type=institutes&amp;mode=browse&amp;sel=institutes21651&amp;filterAndSortData=sort:publishedYear;desc;firstAuthor;asc;filter:;;;2013;2013;\">2013<\/a><\/td><td class=\"column-2\">177,097<br \/>\n<\/td><td class=\"column-3\">58<br \/>\n<\/td><td class=\"column-4\">39<\/td><td class=\"column-5\"><a href=\"https:\/\/semmelweis.hu\/molekularis-biologia\/kutatas\/ertekezesek\">4<\/a><\/td>\n<\/tr>\n<tr class=\"row-26\">\n\t<td class=\"column-1\"><a href=\"https:\/\/m2.mtmt.hu\/gui2\/?type=institutes&amp;mode=browse&amp;sel=institutes21651&amp;filterAndSortData=sort:publishedYear;desc;firstAuthor;asc;filter:;;;2014;2014;\">2014<\/a><\/td><td class=\"column-2\">172,273<\/td><td class=\"column-3\">51<\/td><td class=\"column-4\">36<\/td><td class=\"column-5\"><a href=\"https:\/\/semmelweis.hu\/molekularis-biologia\/kutatas\/ertekezesek\">4<\/a><\/td>\n<\/tr>\n<tr class=\"row-27\">\n\t<td class=\"column-1\"><a href=\"https:\/\/m2.mtmt.hu\/gui2\/?type=institutes&amp;mode=browse&amp;sel=institutes21651&amp;filterAndSortData=sort:publishedYear;desc;firstAuthor;asc;filter:;;;2015;2015;\">2015<\/a><\/td><td class=\"column-2\">190,748<\/td><td class=\"column-3\">82<\/td><td class=\"column-4\">36<\/td><td class=\"column-5\"><a href=\"https:\/\/semmelweis.hu\/molekularis-biologia\/kutatas\/ertekezesek\">5<\/a><\/td>\n<\/tr>\n<tr class=\"row-28\">\n\t<td class=\"column-1\"><a href=\"https:\/\/m2.mtmt.hu\/gui2\/?type=institutes&amp;mode=browse&amp;sel=institutes21651&amp;filterAndSortData=sort:publishedYear;desc;firstAuthor;asc;filter:;;;2016;2016;\">2016<\/a><\/td><td class=\"column-2\">116,636<\/td><td class=\"column-3\">50<\/td><td class=\"column-4\">37<\/td><td class=\"column-5\"><a href=\"https:\/\/semmelweis.hu\/molekularis-biologia\/kutatas\/ertekezesek\">2<\/a><\/td>\n<\/tr>\n<tr class=\"row-29\">\n\t<td class=\"column-1\"><a href=\"https:\/\/m2.mtmt.hu\/gui2\/?type=institutes&amp;mode=browse&amp;sel=institutes21651&amp;filterAndSortData=sort:publishedYear;desc;firstAuthor;asc;filter:;;;2017;2017;\">2017<\/a><\/td><td class=\"column-2\">102,190<\/td><td class=\"column-3\">41<\/td><td class=\"column-4\">29<\/td><td class=\"column-5\"><a href=\"https:\/\/semmelweis.hu\/molekularis-biologia\/kutatas\/ertekezesek\">1<\/a><\/td>\n<\/tr>\n<tr class=\"row-30\">\n\t<td class=\"column-1\"><a href=\"https:\/\/m2.mtmt.hu\/gui2\/?type=institutes&amp;mode=browse&amp;sel=institutes21651&amp;filterAndSortData=sort:publishedYear;desc;firstAuthor;asc;filter:;;;2018;2018;\">2018<\/a><\/td><td class=\"column-2\">103,469<\/td><td class=\"column-3\">84<\/td><td class=\"column-4\">28<\/td><td class=\"column-5\"><a href=\"https:\/\/semmelweis.hu\/molekularis-biologia\/kutatas\/ertekezesek\">3<\/a><\/td>\n<\/tr>\n<tr class=\"row-31\">\n\t<td class=\"column-1\"><a href=\"https:\/\/m2.mtmt.hu\/gui2\/?type=institutes&amp;mode=browse&amp;sel=institutes21651&amp;filterAndSortData=sort:publishedYear;desc;firstAuthor;asc;filter:;;;2019;2019;\">2019<\/a><\/td><td class=\"column-2\">227,982<\/td><td class=\"column-3\">58<\/td><td class=\"column-4\">43<\/td><td class=\"column-5\"><a href=\"https:\/\/semmelweis.hu\/molekularis-biologia\/kutatas\/ertekezesek\">4<\/a><\/td>\n<\/tr>\n<tr class=\"row-32\">\n\t<td class=\"column-1\"><a href=\"https:\/\/m2.mtmt.hu\/gui2\/?type=institutes&amp;mode=browse&amp;sel=institutes21651&amp;filterAndSortData=sort:publishedYear;desc;firstAuthor;asc;filter:;;;2020;2020;\">2020<\/a><\/td><td class=\"column-2\">149,854<\/td><td class=\"column-3\">39<\/td><td class=\"column-4\">32<\/td><td class=\"column-5\"><a href=\"https:\/\/semmelweis.hu\/molekularis-biologia\/kutatas\/ertekezesek\">2<\/a><\/td>\n<\/tr>\n<tr class=\"row-33\">\n\t<td class=\"column-1\"><a href=\"https:\/\/m2.mtmt.hu\/gui2\/?type=institutes&amp;mode=browse&amp;sel=institutes21651&amp;filterAndSortData=sort:publishedYear;desc;firstAuthor;asc;filter:;;;2021;2021;\">2021<\/a><\/td><td class=\"column-2\">206,916<\/td><td class=\"column-3\">37<\/td><td class=\"column-4\">32<\/td><td class=\"column-5\"><a href=\"https:\/\/semmelweis.hu\/molekularis-biologia\/kutatas\/ertekezesek\">6<\/a><\/td>\n<\/tr>\n<tr class=\"row-34\">\n\t<td class=\"column-1\"><a href=\"https:\/\/m2.mtmt.hu\/gui2\/?type=institutes&amp;mode=browse&amp;sel=institutes21651&amp;filterAndSortData=sort:publishedYear;desc;firstAuthor;asc;filter:;;;2022;2022;\">2022<\/a><\/td><td class=\"column-2\">160,339<\/td><td class=\"column-3\">36<\/td><td class=\"column-4\">29<\/td><td class=\"column-5\"><a href=\"https:\/\/semmelweis.hu\/molekularis-biologia\/kutatas\/ertekezesek\">3<\/a><\/td>\n<\/tr>\n<tr class=\"row-35\">\n\t<td class=\"column-1\"><a href=\"https:\/\/m2.mtmt.hu\/gui2\/?type=institutes&amp;mode=browse&amp;sel=institutes21651&amp;filterAndSortData=sort:publishedYear;desc;firstAuthor;asc;filter:;;;2023;2023;\">2023<\/a><\/td><td class=\"column-2\">206,600<\/td><td class=\"column-3\">45<\/td><td class=\"column-4\">37<\/td><td class=\"column-5\"><a href=\"https:\/\/semmelweis.hu\/molekularis-biologia\/kutatas\/ertekezesek\">1<\/a><\/td>\n<\/tr>\n<tr class=\"row-36\">\n\t<td class=\"column-1\"><a href=\"https:\/\/m2.mtmt.hu\/gui2\/?type=institutes&amp;mode=browse&amp;sel=institutes21651&amp;filterAndSortData=sort:publishedYear;desc;firstAuthor;asc;filter:;;;2024;2024;\">2024<\/a><\/td><td class=\"column-2\">178,5<\/td><td class=\"column-3\">36<\/td><td class=\"column-4\">35<\/td><td class=\"column-5\"><a href=\"https:\/\/semmelweis.hu\/molekularis-biologia\/kutatas\/ertekezesek\">0<\/a><\/td>\n<\/tr>\n<tr class=\"row-37\">\n\t<td class=\"column-1\"><a href=\"https:\/\/m2.mtmt.hu\/gui2\/?type=institutes&amp;mode=browse&amp;sel=institutes21651&amp;filterAndSortData=sort:publishedYear;desc;firstAuthor;asc;filter:;;;2025;2025;\">2025<\/a><\/td><td class=\"column-2\">207,4<\/td><td class=\"column-3\">36<\/td><td class=\"column-4\">35<\/td><td class=\"column-5\"><a href=\"https:\/\/semmelweis.hu\/molekularis-biologia\/kutatas\/ertekezesek\">5<\/a><\/td>\n<\/tr>\n<\/tbody>\n<\/table>\n\n","protected":false},"excerpt":{"rendered":"","protected":false},"author":8,"featured_media":0,"parent":7,"menu_order":3,"comment_status":"open","ping_status":"closed","template":"","meta":{"_acf_changed":false,"footnotes":""},"categories":[],"tags":[],"class_list":["post-16","page","type-page","status-publish","hentry"],"acf":[],"_links":{"self":[{"href":"https:\/\/semmelweis.hu\/molekularis-biologia\/wp-json\/wp\/v2\/pages\/16","targetHints":{"allow":["GET"]}}],"collection":[{"href":"https:\/\/semmelweis.hu\/molekularis-biologia\/wp-json\/wp\/v2\/pages"}],"about":[{"href":"https:\/\/semmelweis.hu\/molekularis-biologia\/wp-json\/wp\/v2\/types\/page"}],"author":[{"embeddable":true,"href":"https:\/\/semmelweis.hu\/molekularis-biologia\/wp-json\/wp\/v2\/users\/8"}],"replies":[{"embeddable":true,"href":"https:\/\/semmelweis.hu\/molekularis-biologia\/wp-json\/wp\/v2\/comments?post=16"}],"version-history":[{"count":8,"href":"https:\/\/semmelweis.hu\/molekularis-biologia\/wp-json\/wp\/v2\/pages\/16\/revisions"}],"predecessor-version":[{"id":312,"href":"https:\/\/semmelweis.hu\/molekularis-biologia\/wp-json\/wp\/v2\/pages\/16\/revisions\/312"}],"up":[{"embeddable":true,"href":"https:\/\/semmelweis.hu\/molekularis-biologia\/wp-json\/wp\/v2\/pages\/7"}],"wp:attachment":[{"href":"https:\/\/semmelweis.hu\/molekularis-biologia\/wp-json\/wp\/v2\/media?parent=16"}],"wp:term":[{"taxonomy":"category","embeddable":true,"href":"https:\/\/semmelweis.hu\/molekularis-biologia\/wp-json\/wp\/v2\/categories?post=16"},{"taxonomy":"post_tag","embeddable":true,"href":"https:\/\/semmelweis.hu\/molekularis-biologia\/wp-json\/wp\/v2\/tags?post=16"}],"curies":[{"name":"wp","href":"https:\/\/api.w.org\/{rel}","templated":true}]}}