{"id":1197,"date":"2017-01-16T22:18:03","date_gmt":"2017-01-16T21:18:03","guid":{"rendered":"http:\/\/semmelweis-egyetem.hu\/orvosi-vegytan\/?page_id=1197"},"modified":"2026-03-20T13:19:08","modified_gmt":"2026-03-20T12:19:08","slug":"patobiokemia","status":"publish","type":"page","link":"https:\/\/semmelweis.hu\/molekularis-biologia\/oktatas\/patobiokemia\/","title":{"rendered":"Patobiok\u00e9mia"},"content":{"rendered":"<p><strong>\u00c1OK (2 kredit, gyakorlati jegy, Dr. Csala Mikl\u00f3s; AOVOVM414_1M)<\/strong><br \/>\n<strong>FOK (2 kredit, gyakorlati jegy, Dr. Csala Mikl\u00f3s; FOSVOVM165_1M)<\/strong><\/p>\n<p><strong>Tavaszi f\u00e9l\u00e9vek<\/strong><\/p>\n<p><b>Tanulm\u00e1nyi felel\u0151s:<\/b> <a href=\"mailto:szelenyi.peter@semmelweis.hu\">Dr. Szel\u00e9nyi P\u00e9ter<\/a> egyetemi adjunktus<br \/>\n<b>Tansz\u00e9ki tanulm\u00e1nyi felel\u0151s:<\/b> <a href=\"mailto:ronai.zsolt@med.semmelweis-univ.hu\">Dr. R\u00f3nai Zsolt<\/a> egyetemi tan\u00e1r <\/p>\n<p><strong><font size=\"4\"><a href=\"https:\/\/itc.semmelweis.hu\/moodle\/\">R\u00e9szletek\u00e9rt, el\u0151ad\u00e1sok \u00e9s gyakorlatok programj\u00e1\u00e9rt, Zoom linkek\u00e9rt, let\u00f6lt\u00e9s\u00e9rt stb., k\u00e9rj\u00fck, keresse fel a tant\u00e1rgy Moodle oldalait.<\/a><\/font><\/strong><\/p>\n<div class=\"responsive-tabs\">\n<h2 class=\"tabtitle\">Le\u00edr\u00e1s<\/h2>\n<div class=\"tabcontent\">\n\n<p style=\"text-align: justify\">Az egy f\u00e9l\u00e9ves, \u00c1OK-n k\u00f6telez\u0151en, FOK-on\u00a0szabadon v\u00e1laszthat\u00f3 t\u00e1rgy k\u00e9pz\u00e9se hetente egy alkalommal megtartott, 2 x 45 perces el\u0151ad\u00e1sokb\u00f3l \u00e1ll.<\/p>\n<p>A\u00a0f\u00e9l\u00e9v v\u00e9g\u00e9n az\u00a0el\u0151ad\u00e1sokon elhangzott anyagb\u00f3l\u00a0\u00edr\u00e1sbeli sz\u00e1monk\u00e9r\u00e9st tartunk, \u00e9s ennek eredm\u00e9nye alapj\u00e1n adjuk a\u00a0gyakorlati jegyet.<\/p>\n<p>A tant\u00e1rgy felel\u0151s el\u0151ad\u00f3ja (\u00e9s tanulm\u00e1nyi felel\u0151se)\u00a0<a href=\"mailto:csala.miklos@med.semmelweis-univ.hu\">Dr. Csala Mikl\u00f3s<\/a> egyetemi tan\u00e1r.<\/p>\n<p style=\"text-align: justify\"><strong>A patobiok\u00e9mia tant\u00e1rgy bemutat\u00e1sa<\/strong><br \/>\nAz orvosi hivat\u00e1s magas sz\u00ednvonal\u00fa, hat\u00e9kony ell\u00e1t\u00e1s\u00e1hoz elengedhetetlen\u00fcl fontos a betegs\u00e9gek molekul\u00e1ris szint\u0171 okainak, illetve k\u00f6vetkezm\u00e9nyeinek alapos ismerete \u00e9s meg\u00e9rt\u00e9se. M\u00edg a biok\u00e9mia, molekul\u00e1ris \u00e9s sejtbiol\u00f3gia tant\u00e1rgy az eg\u00e9szs\u00e9ges sejt, sz\u00f6vet, illetve szervezet anyagcser\u00e9j\u00e9t, alapvet\u0151 sejtbiol\u00f3giai m\u0171k\u00f6d\u00e9s\u00e9t, valamint ezek norm\u00e1lis szab\u00e1lyoz\u00e1s\u00e1t foglalja mag\u00e1ban, a patobiok\u00e9mia tant\u00e1rgy ugyanezeknek a folyamatoknak bizonyos hum\u00e1n k\u00f3rk\u00e9pek h\u00e1tter\u00e9ben l\u00e9v\u0151 zavaraival foglalkozik. K\u00fcl\u00f6nb\u00f6z\u0151 sejtalkot\u00f3k \u00e9s az extracellul\u00e1ris m\u00e1trix jellemz\u0151 m\u0171k\u00f6d\u00e9si zavarainak \u00e1ttekint\u00e9se mellett, a hallgat\u00f3k olyan patol\u00f3gi\u00e1s \u00e1llapotok genetikai alapjaival \u00e9s molekul\u00e1ris mechanizmusaival ismerkedhetnek meg, mint az elh\u00edz\u00e1s, a diabetes, a rosszindulat\u00fa daganatok, a neurodegenerat\u00edv betegs\u00e9gek, a v\u00e9ralvad\u00e1s zavarai vagy az alkoholos m\u00e1jk\u00e1rosod\u00e1s. A patobiok\u00e9mia \u2013 a klinikai t\u00e1rgyakkal ellent\u00e9tben \u2013 nem a kiv\u00e1lasztott betegs\u00e9gek t\u00fcneteinek, (differenci\u00e1l)diagnosztik\u00e1j\u00e1nak vagy ter\u00e1pi\u00e1s lehet\u0151s\u00e9geinek, hanem mindezek korszer\u0171, tudom\u00e1nyos magyar\u00e1zat\u00e1nak megtanul\u00e1s\u00e1t teszi lehet\u0151v\u00e9. A kurzus teh\u00e1t a k\u00f6telez\u0151 alapoz\u00f3 t\u00e1rgyakn\u00e1l sokkal r\u00e9szletesebben mutatja be n\u00e9h\u00e1ny kiemelten fontos betegs\u00e9g biok\u00e9miai \u00e9s sejtbiol\u00f3giai h\u00e1tter\u00e9t, de legal\u00e1bb ennyire fontos c\u00e9lja az orvosl\u00e1s molekul\u00e1ris szeml\u00e9let\u00e9nek kialak\u00edt\u00e1sa, illetve er\u0151s\u00edt\u00e9se a hallgat\u00f3s\u00e1gban.<\/p>\n<p>A meg\u00fajult tant\u00e1rgy els\u0151 kurzusa 2014-ben nagy sikert aratott a hallgat\u00f3k k\u00f6r\u00e9ben. A f\u00e9l\u00e9v v\u00e9g\u00e9n folytatott, <a href=\"https:\/\/semmelweis.hu\/molekularis-biologia\/files\/2015\/01\/pbk_hallg_velem_2014.pdf\" target=\"_blank\" rel=\"noopener noreferrer\">anonim v\u00e9lem\u00e9nyez\u00e9s eredm\u00e9nye<\/a>\u00a0egy\u00e9rtelm\u0171en azt mutatja, hogy\u00a0az el\u0151ad\u00e1ssorozatot a kurzuson r\u00e9sztvev\u0151k &#8211; a k\u00f6telez\u0151 alaptant\u00e1rgy elsaj\u00e1t\u00edt\u00e1sa szempontj\u00e1b\u00f3l is &#8211; hasznosnak\u00a0tal\u00e1lt\u00e1k.<\/p>\n<p><a href=\"https:\/\/semmelweis.hu\/hirek\/2013\/12\/27\/patobiokemia-uj-valaszthato-tantargy-februartol\/\" target=\"_blank\" rel=\"noopener noreferrer\">Cikk a tant\u00e1rgyr\u00f3l<\/a><\/p>\n\n<\/div><h2 class=\"tabtitle\">Sz\u00e1monk\u00e9r\u00e9s<\/h2>\n<div class=\"tabcontent\">\n\n<p style=\"text-align: justify\">A hallgat\u00f3k a f\u00e9l\u00e9v v\u00e9g\u00e9n (a f\u00e9l\u00e9v utols\u00f3 el\u0151ad\u00e1s\u00e1t k\u00f6vet\u0151en) egy r\u00f6vid, online teszt meg\u00edr\u00e1s\u00e1val demonstr\u00e1lj\u00e1k megszerzett tud\u00e1sukat. A sz\u00e1monk\u00e9r\u00e9s anyag\u00e1t a f\u00e9l\u00e9v el\u0151ad\u00e1sain elhangzottak k\u00e9pezik.<\/p>\n<p>A dolgozat eredm\u00e9nye egyben a Neptunba ker\u00fcl\u0151 gyakorlati \u00e9rdemjegy.<\/p>\n<\/div><\/div>\n<p><strong>Az oktat\u00f3i munka hallgat\u00f3i v\u00e9lem\u00e9nyez\u00e9se (OMHV)<\/strong><br \/>\n<div class=\"responsive-tabs\">\n<h2 class=\"tabtitle\">2024\/25-2<\/h2>\n<div class=\"tabcontent\">\n<a href=\"https:\/\/semmelweis.hu\/molekularis-biologia\/files\/2026\/03\/Patobiokemia-AOVMBT800_1M.pdf\" target=\"_blank\" rel=\"noopener noreferrer\">Patobiok\u00e9mia el\u0151ad\u00e1sok v\u00e9lem\u00e9nyez\u00e9se a 2024\/25. tan\u00e9vben<\/a><br \/>\n\n<\/div><h2 class=\"tabtitle\">2022\/23-2<\/h2>\n<div class=\"tabcontent\">\n<a href=\"https:\/\/semmelweis.hu\/molekularis-biologia\/files\/2023\/10\/ertekeles_patobiokemia_AOK_2022_23_2_M.pdf\" target=\"_blank\" rel=\"noopener noreferrer\">Patobiok\u00e9mia el\u0151ad\u00e1sok v\u00e9lem\u00e9nyez\u00e9se a 2022\/23. tan\u00e9vben<\/a><\/div><\/div><\/p>\n<p><strong>OMHV int\u00e9zked\u00e9si tervek<\/strong><br \/>\n<div class=\"responsive-tabs\">\n<h2 class=\"tabtitle\">2024\/25-2<\/h2>\n<div class=\"tabcontent\">\n<a href=\"https:\/\/semmelweis.hu\/molekularis-biologia\/files\/2026\/03\/AOK_Intezkedesi_terv_2024_25_2.pdf\" target=\"_blank\" rel=\"noopener noreferrer\">Int\u00e9zked\u00e9si terv a 2024\/25. tan\u00e9v 2. szemeszter OMHV-adatai alapj\u00e1n (\u00c1OK)<\/a><br \/>\n<a href=\"https:\/\/semmelweis.hu\/molekularis-biologia\/files\/2026\/03\/FOK_Intezkedesi_terv_2024_25_2.pdf\" target=\"_blank\" rel=\"noopener noreferrer\">Int\u00e9zked\u00e9si terv a 2024\/25. tan\u00e9v 2. szemeszter OMHV-adatai alapj\u00e1n (FOK)<\/a><\/p>\n<p>\n<\/div><h2 class=\"tabtitle\">2023\/24-2<\/h2>\n<div class=\"tabcontent\">\n<a href=\"https:\/\/semmelweis.hu\/molekularis-biologia\/files\/2024\/11\/AOK_Intezkedesi-terv_2023_24_2.pdf\" target=\"_blank\" rel=\"noopener noreferrer\">Int\u00e9zked\u00e9si terv a 2023\/24. tan\u00e9v 2. szemeszter OMHV-adatai alapj\u00e1n (\u00c1OK)<\/a><br \/>\n<a href=\"https:\/\/semmelweis.hu\/molekularis-biologia\/files\/2024\/11\/FOK_Intezkedesi-terv_2023_24_2.pdf\" target=\"_blank\" rel=\"noopener noreferrer\">Int\u00e9zked\u00e9si terv a 2023\/24. tan\u00e9v 2. szemeszter OMHV-adatai alapj\u00e1n (FOK)<\/a><\/p>\n<p>\n<\/div><h2 class=\"tabtitle\">2022\/23-2<\/h2>\n<div class=\"tabcontent\">\n<a href=\"https:\/\/semmelweis.hu\/molekularis-biologia\/files\/2023\/10\/OMHV_AOK_Intezkedesi_terv_2022_23_2.pdf\" target=\"_blank\" rel=\"noopener noreferrer\">Int\u00e9zked\u00e9si terv a 2022\/23. tan\u00e9v 2. szemeszter OMHV-adatai alapj\u00e1n<\/a><\/div><\/div><\/p>\n","protected":false},"excerpt":{"rendered":"<p>\u00c1OK (2 kredit, gyakorlati jegy, Dr. Csala Mikl\u00f3s; AOVOVM414_1M) FOK (2 kredit, gyakorlati jegy, Dr. Csala Mikl\u00f3s; FOSVOVM165_1M) Tavaszi f\u00e9l\u00e9vek Tanulm\u00e1nyi felel\u0151s: <a href=\"mailto:szelenyi.peter@semmelweis.hu\">Dr. Szel\u00e9nyi P\u00e9ter<\/a> egyetemi adjunktus Tansz\u00e9ki tanulm\u00e1nyi felel\u0151s: <a href=\"mailto:ronai.zsolt@med.semmelweis-univ.hu\">Dr. R\u00f3nai Zsolt<\/a> egyetemi tan\u00e1r <a href=\"https:\/\/itc.semmelweis.hu\/moodle\/\">R\u00e9szletek\u00e9rt, el\u0151ad\u00e1sok \u00e9s gyakorlatok programj\u00e1\u00e9rt, Zoom linkek\u00e9rt, let\u00f6lt\u00e9s\u00e9rt stb., k\u00e9rj\u00fck, keresse fel a tant\u00e1rgy Moodle oldalait.<\/a> Az egy f\u00e9l\u00e9ves, \u00c1OK-n k\u00f6telez\u0151en, FOK-on\u00a0szabadon v\u00e1laszthat\u00f3 t\u00e1rgy k\u00e9pz\u00e9se hetente egy alkalommal megtartott, 2 x 45 perces el\u0151ad\u00e1sokb\u00f3l \u00e1ll. A\u00a0f\u00e9l\u00e9v v\u00e9g\u00e9n az\u00a0el\u0151ad\u00e1sokon elhangzott anyagb\u00f3l\u00a0\u00edr\u00e1sbeli sz\u00e1monk\u00e9r\u00e9st tartunk, &hellip;<\/p>\n","protected":false},"author":183,"featured_media":0,"parent":6,"menu_order":50,"comment_status":"closed","ping_status":"closed","template":"","meta":{"_acf_changed":false,"footnotes":""},"categories":[],"tags":[],"class_list":["post-1197","page","type-page","status-publish","hentry"],"acf":[],"_links":{"self":[{"href":"https:\/\/semmelweis.hu\/molekularis-biologia\/wp-json\/wp\/v2\/pages\/1197","targetHints":{"allow":["GET"]}}],"collection":[{"href":"https:\/\/semmelweis.hu\/molekularis-biologia\/wp-json\/wp\/v2\/pages"}],"about":[{"href":"https:\/\/semmelweis.hu\/molekularis-biologia\/wp-json\/wp\/v2\/types\/page"}],"author":[{"embeddable":true,"href":"https:\/\/semmelweis.hu\/molekularis-biologia\/wp-json\/wp\/v2\/users\/183"}],"replies":[{"embeddable":true,"href":"https:\/\/semmelweis.hu\/molekularis-biologia\/wp-json\/wp\/v2\/comments?post=1197"}],"version-history":[{"count":11,"href":"https:\/\/semmelweis.hu\/molekularis-biologia\/wp-json\/wp\/v2\/pages\/1197\/revisions"}],"predecessor-version":[{"id":8929,"href":"https:\/\/semmelweis.hu\/molekularis-biologia\/wp-json\/wp\/v2\/pages\/1197\/revisions\/8929"}],"up":[{"embeddable":true,"href":"https:\/\/semmelweis.hu\/molekularis-biologia\/wp-json\/wp\/v2\/pages\/6"}],"wp:attachment":[{"href":"https:\/\/semmelweis.hu\/molekularis-biologia\/wp-json\/wp\/v2\/media?parent=1197"}],"wp:term":[{"taxonomy":"category","embeddable":true,"href":"https:\/\/semmelweis.hu\/molekularis-biologia\/wp-json\/wp\/v2\/categories?post=1197"},{"taxonomy":"post_tag","embeddable":true,"href":"https:\/\/semmelweis.hu\/molekularis-biologia\/wp-json\/wp\/v2\/tags?post=1197"}],"curies":[{"name":"wp","href":"https:\/\/api.w.org\/{rel}","templated":true}]}}

Patobiokémia

<p><strong>ÁOK (2 kredit, gyakorlati jegy, Dr. Csala Miklós; AOVOVM414_1M)</strong><br />
<strong>FOK (2 kredit, gyakorlati jegy, Dr. Csala Miklós; FOSVOVM165_1M)</strong></p>
<p><strong>Tavaszi félévek</strong></p>
<p><b>Tanulmányi felelős:</b> <a href="mailto:szelenyi.peter@semmelweis.hu">Dr. Szelényi Péter</a> egyetemi adjunktus<br />
<b>Tanszéki tanulmányi felelős:</b> <a href="mailto:ronai.zsolt@med.semmelweis-univ.hu">Dr. Rónai Zsolt</a> egyetemi tanár </p>
<p><strong><font size="4"><a href="https://itc.semmelweis.hu/moodle/">Részletekért, előadások és gyakorlatok programjáért, Zoom linkekért, letöltésért stb., kérjük, keresse fel a tantárgy Moodle oldalait.</a></font></strong></p>
<div class="responsive-tabs">
<h2 class="tabtitle">Leírás</h2>
<div class="tabcontent">

<p style="text-align: justify">Az egy féléves, ÁOK-n kötelezően, FOK-on szabadon választható tárgy képzése hetente egy alkalommal megtartott, 2 x 45 perces előadásokból áll.</p>
<p>A félév végén az előadásokon elhangzott anyagból írásbeli számonkérést tartunk, és ennek eredménye alapján adjuk a gyakorlati jegyet.</p>
<p>A tantárgy felelős előadója (és tanulmányi felelőse) <a href="mailto:csala.miklos@med.semmelweis-univ.hu">Dr. Csala Miklós</a> egyetemi tanár.</p>
<p style="text-align: justify"><strong>A patobiokémia tantárgy bemutatása</strong><br />
Az orvosi hivatás magas színvonalú, hatékony ellátásához elengedhetetlenül fontos a betegségek molekuláris szintű okainak, illetve következményeinek alapos ismerete és megértése. Míg a biokémia, molekuláris és sejtbiológia tantárgy az egészséges sejt, szövet, illetve szervezet anyagcseréjét, alapvető sejtbiológiai működését, valamint ezek normális szabályozását foglalja magában, a patobiokémia tantárgy ugyanezeknek a folyamatoknak bizonyos humán kórképek hátterében lévő zavaraival foglalkozik. Különböző sejtalkotók és az extracelluláris mátrix jellemző működési zavarainak áttekintése mellett, a hallgatók olyan patológiás állapotok genetikai alapjaival és molekuláris mechanizmusaival ismerkedhetnek meg, mint az elhízás, a diabetes, a rosszindulatú daganatok, a neurodegeneratív betegségek, a véralvadás zavarai vagy az alkoholos májkárosodás. A patobiokémia – a klinikai tárgyakkal ellentétben – nem a kiválasztott betegségek tüneteinek, (differenciál)diagnosztikájának vagy terápiás lehetőségeinek, hanem mindezek korszerű, tudományos magyarázatának megtanulását teszi lehetővé. A kurzus tehát a kötelező alapozó tárgyaknál sokkal részletesebben mutatja be néhány kiemelten fontos betegség biokémiai és sejtbiológiai hátterét, de legalább ennyire fontos célja az orvoslás molekuláris szemléletének kialakítása, illetve erősítése a hallgatóságban.</p>
<p>A megújult tantárgy első kurzusa 2014-ben nagy sikert aratott a hallgatók körében. A félév végén folytatott, <a href="https://semmelweis.hu/molekularis-biologia/files/2015/01/pbk_hallg_velem_2014.pdf" target="_blank" rel="noopener noreferrer">anonim véleményezés eredménye</a> egyértelműen azt mutatja, hogy az előadássorozatot a kurzuson résztvevők &#8211; a kötelező alaptantárgy elsajátítása szempontjából is &#8211; hasznosnak találták.</p>
<p><a href="https://semmelweis.hu/hirek/2013/12/27/patobiokemia-uj-valaszthato-tantargy-februartol/" target="_blank" rel="noopener noreferrer">Cikk a tantárgyról</a></p>

</div><h2 class="tabtitle">Számonkérés</h2>
<div class="tabcontent">

<p style="text-align: justify">A hallgatók a félév végén (a félév utolsó előadását követően) egy rövid, online teszt megírásával demonstrálják megszerzett tudásukat. A számonkérés anyagát a félév előadásain elhangzottak képezik.</p>
<p>A dolgozat eredménye egyben a Neptunba kerülő gyakorlati érdemjegy.</p>
</div></div>
<p><strong>Az oktatói munka hallgatói véleményezése (OMHV)</strong><br />
<div class="responsive-tabs">
<h2 class="tabtitle">2024/25-2</h2>
<div class="tabcontent">
<a href="https://semmelweis.hu/molekularis-biologia/files/2026/03/Patobiokemia-AOVMBT800_1M.pdf" target="_blank" rel="noopener noreferrer">Patobiokémia előadások véleményezése a 2024/25. tanévben</a><br />

</div><h2 class="tabtitle">2022/23-2</h2>
<div class="tabcontent">
<a href="https://semmelweis.hu/molekularis-biologia/files/2023/10/ertekeles_patobiokemia_AOK_2022_23_2_M.pdf" target="_blank" rel="noopener noreferrer">Patobiokémia előadások véleményezése a 2022/23. tanévben</a></div></div></p>
<p><strong>OMHV intézkedési tervek</strong><br />
<div class="responsive-tabs">
<h2 class="tabtitle">2024/25-2</h2>
<div class="tabcontent">
<a href="https://semmelweis.hu/molekularis-biologia/files/2026/03/AOK_Intezkedesi_terv_2024_25_2.pdf" target="_blank" rel="noopener noreferrer">Intézkedési terv a 2024/25. tanév 2. szemeszter OMHV-adatai alapján (ÁOK)</a><br />
<a href="https://semmelweis.hu/molekularis-biologia/files/2026/03/FOK_Intezkedesi_terv_2024_25_2.pdf" target="_blank" rel="noopener noreferrer">Intézkedési terv a 2024/25. tanév 2. szemeszter OMHV-adatai alapján (FOK)</a></p>
<p>
</div><h2 class="tabtitle">2023/24-2</h2>
<div class="tabcontent">
<a href="https://semmelweis.hu/molekularis-biologia/files/2024/11/AOK_Intezkedesi-terv_2023_24_2.pdf" target="_blank" rel="noopener noreferrer">Intézkedési terv a 2023/24. tanév 2. szemeszter OMHV-adatai alapján (ÁOK)</a><br />
<a href="https://semmelweis.hu/molekularis-biologia/files/2024/11/FOK_Intezkedesi-terv_2023_24_2.pdf" target="_blank" rel="noopener noreferrer">Intézkedési terv a 2023/24. tanév 2. szemeszter OMHV-adatai alapján (FOK)</a></p>
<p>
</div><h2 class="tabtitle">2022/23-2</h2>
<div class="tabcontent">
<a href="https://semmelweis.hu/molekularis-biologia/files/2023/10/OMHV_AOK_Intezkedesi_terv_2022_23_2.pdf" target="_blank" rel="noopener noreferrer">Intézkedési terv a 2022/23. tanév 2. szemeszter OMHV-adatai alapján</a></div></div></p>

<p>ÁOK (2 kredit, gyakorlati jegy, Dr. Csala Miklós; AOVOVM414_1M) FOK (2 kredit, gyakorlati jegy, Dr. Csala Miklós; FOSVOVM165_1M) Tavaszi félévek Tanulmányi felelős: <a href="mailto:szelenyi.peter@semmelweis.hu">Dr. Szelényi Péter</a> egyetemi adjunktus Tanszéki tanulmányi felelős: <a href="mailto:ronai.zsolt@med.semmelweis-univ.hu">Dr. Rónai Zsolt</a> egyetemi tanár <a href="https://itc.semmelweis.hu/moodle/">Részletekért, előadások és gyakorlatok programjáért, Zoom linkekért, letöltésért stb., kérjük, keresse fel a tantárgy Moodle oldalait.</a> Az egy féléves, ÁOK-n kötelezően, FOK-on szabadon választható tárgy képzése hetente egy alkalommal megtartott, 2 x 45 perces előadásokból áll. A félév végén az előadásokon elhangzott anyagból írásbeli számonkérést tartunk, &hellip;</p>
