{"id":889,"date":"2015-12-14T14:49:08","date_gmt":"2015-12-14T13:49:08","guid":{"rendered":"http:\/\/semmelweis.hu\/molecularimaging\/?page_id=889"},"modified":"2018-02-01T12:34:14","modified_gmt":"2018-02-01T11:34:14","slug":"pazmany-dipl-szakdolgozat","status":"publish","type":"page","link":"https:\/\/semmelweis.hu\/molecularimaging\/oktatas\/korabbi-eredmenyek\/pazmany-dipl-szakdolgozat\/","title":{"rendered":"P\u00e1zm\u00e1ny P\u00e9ter Katolikus Egyetem Diplomamunka\/Szakdolgozat"},"content":{"rendered":"<p><strong>2014<\/strong><\/p>\n<p><strong>Mikro\u00e9rh\u00e1l\u00f3zat szegment\u00e1ci\u00f3ja \u00e9s automatikus parametriz\u00e1ci\u00f3ja<\/strong><br \/>\n Tyuk\u00e1sz Domonkos<br \/>\n <em>Inform\u00e1ci\u00f3s Technol\u00f3giai \u00e9s Bionikai Kar, Bionika szak<span style=\"font-size: medium\">\u00a0BSc<\/span><\/em><\/p>\n","protected":false},"excerpt":{"rendered":"<p>2014<br \/>\nMikro\u00e9rh\u00e1l\u00f3zat szegment\u00e1ci\u00f3ja \u00e9s automatikus parametriz\u00e1ci\u00f3ja<br \/>\n Tyuk\u00e1sz Domonkos<br \/>\n Inform\u00e1ci\u00f3s Technol\u00f3giai \u00e9s Bionikai Kar, Bionika szak\u00a0BSc<\/p>\n","protected":false},"author":320,"featured_media":0,"parent":817,"menu_order":8,"comment_status":"closed","ping_status":"closed","template":"","meta":{"_acf_changed":false,"footnotes":""},"categories":[],"tags":[],"class_list":["post-889","page","type-page","status-publish","hentry"],"acf":[],"_links":{"self":[{"href":"https:\/\/semmelweis.hu\/molecularimaging\/wp-json\/wp\/v2\/pages\/889","targetHints":{"allow":["GET"]}}],"collection":[{"href":"https:\/\/semmelweis.hu\/molecularimaging\/wp-json\/wp\/v2\/pages"}],"about":[{"href":"https:\/\/semmelweis.hu\/molecularimaging\/wp-json\/wp\/v2\/types\/page"}],"author":[{"embeddable":true,"href":"https:\/\/semmelweis.hu\/molecularimaging\/wp-json\/wp\/v2\/users\/320"}],"replies":[{"embeddable":true,"href":"https:\/\/semmelweis.hu\/molecularimaging\/wp-json\/wp\/v2\/comments?post=889"}],"version-history":[{"count":9,"href":"https:\/\/semmelweis.hu\/molecularimaging\/wp-json\/wp\/v2\/pages\/889\/revisions"}],"predecessor-version":[{"id":1232,"href":"https:\/\/semmelweis.hu\/molecularimaging\/wp-json\/wp\/v2\/pages\/889\/revisions\/1232"}],"up":[{"embeddable":true,"href":"https:\/\/semmelweis.hu\/molecularimaging\/wp-json\/wp\/v2\/pages\/817"}],"wp:attachment":[{"href":"https:\/\/semmelweis.hu\/molecularimaging\/wp-json\/wp\/v2\/media?parent=889"}],"wp:term":[{"taxonomy":"category","embeddable":true,"href":"https:\/\/semmelweis.hu\/molecularimaging\/wp-json\/wp\/v2\/categories?post=889"},{"taxonomy":"post_tag","embeddable":true,"href":"https:\/\/semmelweis.hu\/molecularimaging\/wp-json\/wp\/v2\/tags?post=889"}],"curies":[{"name":"wp","href":"https:\/\/api.w.org\/{rel}","templated":true}]}}