{"id":85,"date":"2014-03-26T11:16:11","date_gmt":"2014-03-26T11:16:11","guid":{"rendered":"http:\/\/semmelweis.hu\/molecularimaging\/?page_id=85"},"modified":"2022-03-24T14:55:16","modified_gmt":"2022-03-24T13:55:16","slug":"nanoscan_petmri","status":"publish","type":"page","link":"https:\/\/semmelweis.hu\/molecularimaging\/muszerek\/nanoscan_petmri\/","title":{"rendered":"NanoScan PET\/MRI"},"content":{"rendered":"<p style=\"text-align: justify\"><img loading=\"lazy\" decoding=\"async\" class=\"alignright wp-image-603\" src=\"https:\/\/semmelweis.hu\/molecularimaging\/files\/2015\/11\/biofizikai-MRI.jpg\" alt=\"biofizikai-MRI\" width=\"338\" height=\"225\" \/>A nanoScan PET\/MRI egy integr\u00e1lt rendszer, t\u00e9rbeli felbont\u00f3k\u00e9pess\u00e9ge 700 \u00b5m (PET), illetve 100 \u00b5m (MRI). A hangolhat\u00f3 PET egys\u00e9g seg\u00edts\u00e9g\u00e9vel az ig\u00e9nyeknek megfelel\u0151en jav\u00edthat\u00f3 a felbont\u00e1s, az \u00e9rz\u00e9kenys\u00e9g vagy a mennyis\u00e9gi meghat\u00e1roz\u00e1s pontoss\u00e1ga, \u00e9s \u00edgy ak\u00e1r egy mg sz\u00f6vetben l\u00e9v\u0151 femtomol mennyis\u00e9g\u0171 anyag is detekt\u00e1lhat\u00f3v\u00e1 v\u00e1lik. Az MRI egyed\u00fcl\u00e1ll\u00f3 l\u00e1gysz\u00f6veti kontrasztj\u00e1val \u00e9s diff\u00fazi\u00f3 s\u00falyozott rekonstrukci\u00f3k haszn\u00e1lat\u00e1val teszi lehet\u0151v\u00e9 az anat\u00f3miai lokaliz\u00e1ci\u00f3t \u00e9s a pontos morfol\u00f3gia k\u00e9palkot\u00e1st.<\/p>\n","protected":false},"excerpt":{"rendered":"<p>A nanoScan PET\/MRI egy integr\u00e1lt rendszer, t\u00e9rbeli felbont\u00f3k\u00e9pess\u00e9ge 700 \u00b5m (PET), illetve 100 \u00b5m (MRI). A hangolhat\u00f3 PET egys\u00e9g seg\u00edts\u00e9g\u00e9vel az ig\u00e9nyeknek megfelel\u0151en jav\u00edthat\u00f3 a felbont\u00e1s, az \u00e9rz\u00e9kenys\u00e9g vagy a mennyis\u00e9gi meghat\u00e1roz\u00e1s pontoss\u00e1ga, \u00e9s \u00edgy ak\u00e1r egy mg sz\u00f6vetben l\u00e9v\u0151 femtomol mennyis\u00e9g\u0171 anyag is detekt\u00e1lhat\u00f3v\u00e1 v\u00e1lik. Az MRI egyed\u00fcl\u00e1ll\u00f3 l\u00e1gysz\u00f6veti kontrasztj\u00e1val \u00e9s diff\u00fazi\u00f3 s\u00falyozott rekonstrukci\u00f3k &hellip;<\/p>\n","protected":false},"author":12,"featured_media":0,"parent":12,"menu_order":2,"comment_status":"open","ping_status":"open","template":"","meta":{"_acf_changed":false,"footnotes":""},"categories":[],"tags":[],"class_list":["post-85","page","type-page","status-publish","hentry"],"acf":[],"_links":{"self":[{"href":"https:\/\/semmelweis.hu\/molecularimaging\/wp-json\/wp\/v2\/pages\/85","targetHints":{"allow":["GET"]}}],"collection":[{"href":"https:\/\/semmelweis.hu\/molecularimaging\/wp-json\/wp\/v2\/pages"}],"about":[{"href":"https:\/\/semmelweis.hu\/molecularimaging\/wp-json\/wp\/v2\/types\/page"}],"author":[{"embeddable":true,"href":"https:\/\/semmelweis.hu\/molecularimaging\/wp-json\/wp\/v2\/users\/12"}],"replies":[{"embeddable":true,"href":"https:\/\/semmelweis.hu\/molecularimaging\/wp-json\/wp\/v2\/comments?post=85"}],"version-history":[{"count":10,"href":"https:\/\/semmelweis.hu\/molecularimaging\/wp-json\/wp\/v2\/pages\/85\/revisions"}],"predecessor-version":[{"id":1676,"href":"https:\/\/semmelweis.hu\/molecularimaging\/wp-json\/wp\/v2\/pages\/85\/revisions\/1676"}],"up":[{"embeddable":true,"href":"https:\/\/semmelweis.hu\/molecularimaging\/wp-json\/wp\/v2\/pages\/12"}],"wp:attachment":[{"href":"https:\/\/semmelweis.hu\/molecularimaging\/wp-json\/wp\/v2\/media?parent=85"}],"wp:term":[{"taxonomy":"category","embeddable":true,"href":"https:\/\/semmelweis.hu\/molecularimaging\/wp-json\/wp\/v2\/categories?post=85"},{"taxonomy":"post_tag","embeddable":true,"href":"https:\/\/semmelweis.hu\/molecularimaging\/wp-json\/wp\/v2\/tags?post=85"}],"curies":[{"name":"wp","href":"https:\/\/api.w.org\/{rel}","templated":true}]}}