{"id":82,"date":"2014-03-26T11:14:36","date_gmt":"2014-03-26T11:14:36","guid":{"rendered":"http:\/\/semmelweis.hu\/molecularimaging\/?page_id=82"},"modified":"2025-10-08T12:46:49","modified_gmt":"2025-10-08T10:46:49","slug":"kapcsolat","status":"publish","type":"page","link":"https:\/\/semmelweis.hu\/molecularimaging\/kapcsolat\/","title":{"rendered":"Kapcsolat"},"content":{"rendered":"<h4><strong>Kvantitat\u00edv In Vivo Molekul\u00e1ris K\u00e9palkot\u00f3 Munkacsoport<\/strong><\/h4>\n<p>C\u00edm: 1094 Budapest, T\u0171zolt\u00f3 u. 37-47. <br \/>\nElm\u00e9leti Orvostudom\u00e1nyi K\u00f6zpont, Biofizikai \u00e9s Sug\u00e1rbiol\u00f3giai Int\u00e9zet<\/p>\n<h5>Dr. Szigeti Kriszti\u00e1n<\/h5>\n<p>Tel.: +36 1 459 1500\/60239<br \/>\nMobil: +36 20 663-2113<br \/>\nFax: +36 1 266 66 56<\/p>\n<p><iframe loading=\"lazy\" src=\"https:\/\/www.google.com\/maps\/embed?pb=!1m18!1m12!1m3!1d2696.451424379157!2d19.0783702!3d47.481118599999775!2m3!1f0!2f0!3f0!3m2!1i1024!2i768!4f13.1!3m3!1m2!1s0x4741dcfbb0a483ef%3A0x74898d2a4916d2b4!2s1094+Budapest%2C+T%C5%B1zolt%C3%B3+utca+37!5e0!3m2!1shu!2shu!4v1395828709920\" width=\"100%\" height=\"350\" data-mce-fragment=\"1\"><\/iframe><\/p>\n","protected":false},"excerpt":{"rendered":"<p>Kvantitat\u00edv In Vivo Molekul\u00e1ris K\u00e9palkot\u00f3 Munkacsoport<br \/>\nC\u00edm: 1094 Budapest, T\u0171zolt\u00f3 u. 37-47.<br \/>\nElm\u00e9leti Orvostudom\u00e1nyi K\u00f6zpont, Biofizikai \u00e9s Sug\u00e1rbiol\u00f3giai Int\u00e9zet<br \/>\nDr. Szigeti Kriszti\u00e1n<br \/>\nTel.: +36 1 459 1500\/60239<br \/>\nMobil: +36 20 663-2113<br \/>\nFax: +36 1 266 66 56<\/p>\n","protected":false},"author":12,"featured_media":0,"parent":0,"menu_order":0,"comment_status":"closed","ping_status":"closed","template":"template-fullwidth.php","meta":{"_acf_changed":false,"footnotes":""},"categories":[],"tags":[],"class_list":["post-82","page","type-page","status-publish","hentry"],"acf":[],"_links":{"self":[{"href":"https:\/\/semmelweis.hu\/molecularimaging\/wp-json\/wp\/v2\/pages\/82","targetHints":{"allow":["GET"]}}],"collection":[{"href":"https:\/\/semmelweis.hu\/molecularimaging\/wp-json\/wp\/v2\/pages"}],"about":[{"href":"https:\/\/semmelweis.hu\/molecularimaging\/wp-json\/wp\/v2\/types\/page"}],"author":[{"embeddable":true,"href":"https:\/\/semmelweis.hu\/molecularimaging\/wp-json\/wp\/v2\/users\/12"}],"replies":[{"embeddable":true,"href":"https:\/\/semmelweis.hu\/molecularimaging\/wp-json\/wp\/v2\/comments?post=82"}],"version-history":[{"count":10,"href":"https:\/\/semmelweis.hu\/molecularimaging\/wp-json\/wp\/v2\/pages\/82\/revisions"}],"predecessor-version":[{"id":1818,"href":"https:\/\/semmelweis.hu\/molecularimaging\/wp-json\/wp\/v2\/pages\/82\/revisions\/1818"}],"wp:attachment":[{"href":"https:\/\/semmelweis.hu\/molecularimaging\/wp-json\/wp\/v2\/media?parent=82"}],"wp:term":[{"taxonomy":"category","embeddable":true,"href":"https:\/\/semmelweis.hu\/molecularimaging\/wp-json\/wp\/v2\/categories?post=82"},{"taxonomy":"post_tag","embeddable":true,"href":"https:\/\/semmelweis.hu\/molecularimaging\/wp-json\/wp\/v2\/tags?post=82"}],"curies":[{"name":"wp","href":"https:\/\/api.w.org\/{rel}","templated":true}]}}