{"id":7,"date":"2012-02-04T14:39:02","date_gmt":"2012-02-04T14:39:02","guid":{"rendered":"http:\/\/semmelweis-egyetem.hu\/szivsebeszet\/?page_id=7"},"modified":"2015-10-29T10:56:19","modified_gmt":"2015-10-29T09:56:19","slug":"elerhetoseg","status":"publish","type":"page","link":"https:\/\/semmelweis.hu\/molecularimaging\/elerhetoseg\/","title":{"rendered":"El\u00e9rhet\u0151s\u00e9g"},"content":{"rendered":"<p>Semmelweis Nanobiotechnol\u00f3giai \u00e9s In Vivo K\u00e9palkot\u00f3 K\u00f6zpont<br \/>\n1094 Budapest, T\u0171zolt\u00f3 u. 37-47<\/p>\n<p>N\u00e9v: Dr. Szigeti Kriszti\u00e1n<br \/>\nTel.: +36 1 459 1500\/60239<br \/>\nMobil: +3620\/663-2113<br \/>\nFax: +36 1 266 66 56<\/p>\n\n<!-- iframe plugin v.4.9 wordpress.org\/plugins\/iframe\/ -->\n<iframe loading=\"lazy\" src=\"https:\/\/www.google.com\/maps\/embed?pb=!1m18!1m12!1m3!1d2696.451424379157!2d19.0783702!3d47.481118599999775!2m3!1f0!2f0!3f0!3m2!1i1024!2i768!4f13.1!3m3!1m2!1s0x4741dcfbb0a483ef%3A0x74898d2a4916d2b4!2s1094+Budapest%2C+T%C5%B1zolt%C3%B3+utca+37!5e0!3m2!1shu!2shu!4v1395828709920\" width=\"600\" height=\"450\" scrolling=\"yes\" class=\"iframe-class\" frameborder=\"0\"><\/iframe>\n\n","protected":false},"excerpt":{"rendered":"<p>Semmelweis Nanobiotechnol\u00f3giai \u00e9s In Vivo K\u00e9palkot\u00f3 K\u00f6zpont<br \/>\n1094 Budapest, T\u0171zolt\u00f3 u. 37-47<br \/>\nN\u00e9v: Dr. Szigeti Kriszti\u00e1n<br \/>\nTel.: +36 1 459 1500\/60239<br \/>\nMobil: +3620\/663-2113<br \/>\nFax: +36 1 266 66 56<\/p>\n","protected":false},"author":101652,"featured_media":0,"parent":0,"menu_order":0,"comment_status":"open","ping_status":"open","template":"","meta":{"_acf_changed":false,"footnotes":""},"categories":[],"tags":[],"class_list":["post-7","page","type-page","status-publish","hentry"],"acf":[],"_links":{"self":[{"href":"https:\/\/semmelweis.hu\/molecularimaging\/wp-json\/wp\/v2\/pages\/7","targetHints":{"allow":["GET"]}}],"collection":[{"href":"https:\/\/semmelweis.hu\/molecularimaging\/wp-json\/wp\/v2\/pages"}],"about":[{"href":"https:\/\/semmelweis.hu\/molecularimaging\/wp-json\/wp\/v2\/types\/page"}],"author":[{"embeddable":true,"href":"https:\/\/semmelweis.hu\/molecularimaging\/wp-json\/wp\/v2\/users\/101652"}],"replies":[{"embeddable":true,"href":"https:\/\/semmelweis.hu\/molecularimaging\/wp-json\/wp\/v2\/comments?post=7"}],"version-history":[{"count":6,"href":"https:\/\/semmelweis.hu\/molecularimaging\/wp-json\/wp\/v2\/pages\/7\/revisions"}],"predecessor-version":[{"id":1529,"href":"https:\/\/semmelweis.hu\/molecularimaging\/wp-json\/wp\/v2\/pages\/7\/revisions\/1529"}],"wp:attachment":[{"href":"https:\/\/semmelweis.hu\/molecularimaging\/wp-json\/wp\/v2\/media?parent=7"}],"wp:term":[{"taxonomy":"category","embeddable":true,"href":"https:\/\/semmelweis.hu\/molecularimaging\/wp-json\/wp\/v2\/categories?post=7"},{"taxonomy":"post_tag","embeddable":true,"href":"https:\/\/semmelweis.hu\/molecularimaging\/wp-json\/wp\/v2\/tags?post=7"}],"curies":[{"name":"wp","href":"https:\/\/api.w.org\/{rel}","templated":true}]}}