{"id":519,"date":"2015-11-10T16:05:27","date_gmt":"2015-11-10T15:05:27","guid":{"rendered":"http:\/\/semmelweis.hu\/molecularimaging\/?page_id=519"},"modified":"2015-12-11T10:41:56","modified_gmt":"2015-12-11T09:41:56","slug":"kvantitativ-molekularis-in-vivo-kepalkotas","status":"publish","type":"page","link":"https:\/\/semmelweis.hu\/molecularimaging\/oktatas\/kvantitativ-molekularis-in-vivo-kepalkotas\/","title":{"rendered":"Kvantitat\u00edv Molekul\u00e1ris In vivo K\u00e9palkot\u00e1s"},"content":{"rendered":"<p style=\"text-align: justify\" align=\"justify\"><span style=\"font-size: medium\">Az elm\u00falt \u00e9vtizedben az in vivo k\u00e9palkot\u00e1s jelent\u0151s technol\u00f3gia fejl\u0151d\u00e9sen ment \u00e1t. A klinikai gyakorlatban megjelent a funkcion\u00e1lis \u00e9s a morfol\u00f3giai k\u00e9palkot\u00e1s egy\u00fcttes felhaszn\u00e1l\u00e1sa, elterjedt a multimod\u00e1lis k\u00e9palkot\u00e1s. Az \u00e9lettani kutat\u00e1sokban \u00e9s a gy\u00f3gyszerfejleszt\u00e9sekben a labor\u00e1llatokon v\u00e9gzett in vivo k\u00e9palkot\u00e1s paradigmav\u00e1lt\u00e1shoz vezetett.<br \/>\n<\/span><\/p>\n<p style=\"text-align: justify\" align=\"justify\"><span style=\"font-size: medium\">Ezen \u00faj k\u00e9palkot\u00e1si technol\u00f3gi\u00e1k megjelen\u00e9se \u00fajfajta radiol\u00f3giai \u00e9s nukle\u00e1ris medicina megk\u00f6zel\u00edt\u00e9seket, algoritmusokat, vizsg\u00e1lati protokollokat \u00e9s kontrasztanyag-fejleszt\u00e9seket induk\u00e1lt.<br \/>\n<\/span><\/p>\n<p style=\"text-align: justify\" align=\"justify\"><span style=\"font-size: medium\">A PhD kurzus c\u00e9lja a multimod\u00e1lis kvantitat\u00edv in vivo klinikai \u00e9s preklinikai k\u00e9palkot\u00e1si m\u00f3dszerek bemutat\u00e1sa, k\u00fcl\u00f6nleges \u00e9s \u00faj technik\u00e1k alapjainak megismertet\u00e9se mind elm\u00e9leti mind gyakorlati szempontb\u00f3l. A kurzus sor\u00e1n a hallgat\u00f3k \u00f6n\u00e1ll\u00f3 munka sor\u00e1n gyakorolhatj\u00e1k a kvantitat\u00edv k\u00e9pfeldolgoz\u00e1s l\u00e9p\u00e9seit is.<\/span><\/p>\n<h2 style=\"text-align: justify\" align=\"justify\">F\u0151bb adatok<\/h2>\n<div style=\"text-align: justify\"><span style=\"font-size: medium\"><span style=\"font-size: medium\">Megnevez\u00e9s magyarul: Kvantitat\u00edv multimod\u00e1lis in vivo k\u00e9palkot\u00e1s<br \/>\nMegnevez\u00e9s angolul: Quantitative multimodal in vivo imaging<br \/>\nKurzusvezet\u0151: Dr. Szigeti Kriszti\u00e1n<br \/>\nProgram: Cellul\u00e1ris \u00e9s molekul\u00e1ris biofizika (1\/3)<br \/>\nProgramvezet\u0151: Dr. Kellermayer Mikl\u00f3s<br \/>\nTelefon:20-663-2113 \u00e9s vagy 60239 mell\u00e9k<br \/>\n\u00d3rasz\u00e1m: 28<\/span><\/span><\/div>\n<div><\/div>\n<div><a href=\"https:\/\/semmelweis.hu\/molecularimaging\/oktatas\/kvantitativ-molekularis-in-vivo-kepalkotas\/tematika\/\" target=\"_blank\">Tematika<\/a><\/div>\n","protected":false},"excerpt":{"rendered":"<p>Az elm\u00falt \u00e9vtizedben az in vivo k\u00e9palkot\u00e1s jelent\u0151s technol\u00f3gia fejl\u0151d\u00e9sen ment \u00e1t. A klinikai gyakorlatban megjelent a funkcion\u00e1lis \u00e9s a morfol\u00f3giai k\u00e9palkot\u00e1s egy\u00fcttes felhaszn\u00e1l\u00e1sa, elterjedt a multimod\u00e1lis k\u00e9palkot\u00e1s. Az \u00e9lettani kutat\u00e1sokban \u00e9s a gy\u00f3gyszerfejleszt\u00e9sekben a labor\u00e1llatokon v\u00e9gzett in vivo k\u00e9palkot\u00e1s paradigmav\u00e1lt\u00e1shoz vezetett. Ezen \u00faj k\u00e9palkot\u00e1si technol\u00f3gi\u00e1k megjelen\u00e9se \u00fajfajta radiol\u00f3giai \u00e9s nukle\u00e1ris medicina megk\u00f6zel\u00edt\u00e9seket, algoritmusokat, vizsg\u00e1lati &hellip;<\/p>\n","protected":false},"author":320,"featured_media":0,"parent":100,"menu_order":2,"comment_status":"closed","ping_status":"closed","template":"","meta":{"_acf_changed":false,"footnotes":""},"categories":[],"tags":[],"class_list":["post-519","page","type-page","status-publish","hentry"],"acf":[],"_links":{"self":[{"href":"https:\/\/semmelweis.hu\/molecularimaging\/wp-json\/wp\/v2\/pages\/519","targetHints":{"allow":["GET"]}}],"collection":[{"href":"https:\/\/semmelweis.hu\/molecularimaging\/wp-json\/wp\/v2\/pages"}],"about":[{"href":"https:\/\/semmelweis.hu\/molecularimaging\/wp-json\/wp\/v2\/types\/page"}],"author":[{"embeddable":true,"href":"https:\/\/semmelweis.hu\/molecularimaging\/wp-json\/wp\/v2\/users\/320"}],"replies":[{"embeddable":true,"href":"https:\/\/semmelweis.hu\/molecularimaging\/wp-json\/wp\/v2\/comments?post=519"}],"version-history":[{"count":8,"href":"https:\/\/semmelweis.hu\/molecularimaging\/wp-json\/wp\/v2\/pages\/519\/revisions"}],"predecessor-version":[{"id":848,"href":"https:\/\/semmelweis.hu\/molecularimaging\/wp-json\/wp\/v2\/pages\/519\/revisions\/848"}],"up":[{"embeddable":true,"href":"https:\/\/semmelweis.hu\/molecularimaging\/wp-json\/wp\/v2\/pages\/100"}],"wp:attachment":[{"href":"https:\/\/semmelweis.hu\/molecularimaging\/wp-json\/wp\/v2\/media?parent=519"}],"wp:term":[{"taxonomy":"category","embeddable":true,"href":"https:\/\/semmelweis.hu\/molecularimaging\/wp-json\/wp\/v2\/categories?post=519"},{"taxonomy":"post_tag","embeddable":true,"href":"https:\/\/semmelweis.hu\/molecularimaging\/wp-json\/wp\/v2\/tags?post=519"}],"curies":[{"name":"wp","href":"https:\/\/api.w.org\/{rel}","templated":true}]}}

Kvantitatív Molekuláris In vivo Képalkotás

<p style="text-align: justify" align="justify"><span style="font-size: medium">Az elmúlt évtizedben az in vivo képalkotás jelentős technológia fejlődésen ment át. A klinikai gyakorlatban megjelent a funkcionális és a morfológiai képalkotás együttes felhasználása, elterjedt a multimodális képalkotás. Az élettani kutatásokban és a gyógyszerfejlesztésekben a laborállatokon végzett in vivo képalkotás paradigmaváltáshoz vezetett.<br />
</span></p>
<p style="text-align: justify" align="justify"><span style="font-size: medium">Ezen új képalkotási technológiák megjelenése újfajta radiológiai és nukleáris medicina megközelítéseket, algoritmusokat, vizsgálati protokollokat és kontrasztanyag-fejlesztéseket indukált.<br />
</span></p>
<p style="text-align: justify" align="justify"><span style="font-size: medium">A PhD kurzus célja a multimodális kvantitatív in vivo klinikai és preklinikai képalkotási módszerek bemutatása, különleges és új technikák alapjainak megismertetése mind elméleti mind gyakorlati szempontból. A kurzus során a hallgatók önálló munka során gyakorolhatják a kvantitatív képfeldolgozás lépéseit is.</span></p>
<h2 style="text-align: justify" align="justify">Főbb adatok</h2>
<div style="text-align: justify"><span style="font-size: medium"><span style="font-size: medium">Megnevezés magyarul: Kvantitatív multimodális in vivo képalkotás<br />
Megnevezés angolul: Quantitative multimodal in vivo imaging<br />
Kurzusvezető: Dr. Szigeti Krisztián<br />
Program: Celluláris és molekuláris biofizika (1/3)<br />
Programvezető: Dr. Kellermayer Miklós<br />
Telefon:20-663-2113 és vagy 60239 mellék<br />
Óraszám: 28</span></span></div>
<div></div>
<div><a href="https://semmelweis.hu/molecularimaging/oktatas/kvantitativ-molekularis-in-vivo-kepalkotas/tematika/" target="_blank">Tematika</a></div>

<p>Az elmúlt évtizedben az in vivo képalkotás jelentős technológia fejlődésen ment át. A klinikai gyakorlatban megjelent a funkcionális és a morfológiai képalkotás együttes felhasználása, elterjedt a multimodális képalkotás. Az élettani kutatásokban és a gyógyszerfejlesztésekben a laborállatokon végzett in vivo képalkotás paradigmaváltáshoz vezetett. Ezen új képalkotási technológiák megjelenése újfajta radiológiai és nukleáris medicina megközelítéseket, algoritmusokat, vizsgálati &hellip;</p>
