{"id":330,"date":"2015-10-22T00:00:00","date_gmt":"2015-10-21T22:00:00","guid":{"rendered":"http:\/\/semmelweis.hu\/molecularimaging\/fizikus-tema-04\/"},"modified":"2015-11-30T11:45:20","modified_gmt":"2015-11-30T10:45:20","slug":"fizikus-tema-04","status":"publish","type":"page","link":"https:\/\/semmelweis.hu\/molecularimaging\/fizikus-tema-04\/","title":{"rendered":"Mikro\u00e9rh\u00e1l\u00f3zat szegment\u00e1ci\u00f3ja \u00e9s automatikus parametriz\u00e1ci\u00f3ja"},"content":{"rendered":"<p><b><img decoding=\"async\" src=\"https:\/\/sites.google.com\/site\/imagingwg\/_\/rsrc\/1329317295333\/home\/diploma-tdk-phd-temak\/fiz-04.png\" alt=\"\" border=\"0\" \/><br \/>\n<span style=\"font-size: xx-small\"><a href=\"https:\/\/semmelweis.hu\/molecularimaging\/home\/diploma-tdk-phd-temak\/mi-ez\">Mi ez?<\/a><\/span><\/b><\/p>\n<p style=\"text-align: justify\"><strong>Le\u00edr\u00e1s<\/strong><br \/>\nA nagy felbont\u00e1s\u00fa CT \u00e9s MRI berendez\u00e9seknek k\u00f6sz\u00f6nhet\u0151en napjainkban az \u00e9l\u0151 test egyes r\u00e9szeinek morfol\u00f3giai szerkezet\u00e9t 10-100 mikrom\u00e9teres felbont\u00e1ssal tudjuk vizsg\u00e1lni. A k\u00e9palkot\u00e1st k\u00f6vet\u0151en a 3D rekonstrukci\u00f3 felhaszn\u00e1l\u00e1s\u00e1val az adott testr\u00e9sz \u00e9rh\u00e1l\u00f3zat\u00e1t sikeresen tudjuk szegment\u00e1lni, majd ezen adatok felhaszn\u00e1l\u00e1s\u00e1val az \u00e9rh\u00e1l\u00f3zatot parametriz\u00e1lni. A feladatban a hallgat\u00f3 megismeri az ismert \u00e9rszegment\u00e1ci\u00f3s elj\u00e1r\u00e1sokat \u00e9s a szok\u00e1sos \u00e9rparametriz\u00e1ci\u00f3s modelleket. A hallgat\u00f3 feladata lesz, hogy a k\u00e9palkot\u00e1s \u00e9s a kontrasztanyagos felt\u00f6lt\u00e9s sor\u00e1n felmer\u00fcl\u0151 hib\u00e1kat kik\u00fcsz\u00f6b\u00f6lje \u00e9s egy automatikus algoritmus seg\u00edts\u00e9g\u00e9vel szegment\u00e1lja az \u00e9rh\u00e1l\u00f3zatot. A szegment\u00e1ci\u00f3t k\u00f6vet\u0151en az \u00e9rh\u00e1l\u00f3zatot parametriz\u00e1lja, majd a param\u00e9terek \u00e9s a sz\u00f6vet lok\u00e1lis biol\u00f3giai funkcion\u00e1lis tulajdons\u00e1gainak egy\u00fcttes v\u00e1ltoz\u00e1sait megvizsg\u00e1lja.<\/p>\n<p style=\"text-align: justify\"><strong>Elv\u00e1r\u00e1sok<\/strong><br \/>\nInterdiszciplin\u00e1ris \u00e9rdekl\u0151d\u00e9si k\u00f6r, programoz\u00e1si ismeretek, orvosi k\u00e9palkot\u00e1si ismeretek vagy \u00e9rdekl\u0151d\u00e9s a t\u00e9ma ir\u00e1nt.<\/p>\n","protected":false},"excerpt":{"rendered":"<p><a href=\"https:\/\/semmelweis.hu\/molecularimaging\/home\/diploma-tdk-phd-temak\/mi-ez\">Mi ez?<\/a> Le\u00edr\u00e1s A nagy felbont\u00e1s\u00fa CT \u00e9s MRI berendez\u00e9seknek k\u00f6sz\u00f6nhet\u0151en napjainkban az \u00e9l\u0151 test egyes r\u00e9szeinek morfol\u00f3giai szerkezet\u00e9t 10-100 mikrom\u00e9teres felbont\u00e1ssal tudjuk vizsg\u00e1lni. A k\u00e9palkot\u00e1st k\u00f6vet\u0151en a 3D rekonstrukci\u00f3 felhaszn\u00e1l\u00e1s\u00e1val az adott testr\u00e9sz \u00e9rh\u00e1l\u00f3zat\u00e1t sikeresen tudjuk szegment\u00e1lni, majd ezen adatok felhaszn\u00e1l\u00e1s\u00e1val az \u00e9rh\u00e1l\u00f3zatot parametriz\u00e1lni. A feladatban a hallgat\u00f3 megismeri az ismert \u00e9rszegment\u00e1ci\u00f3s elj\u00e1r\u00e1sokat \u00e9s a szok\u00e1sos &hellip;<\/p>\n","protected":false},"author":12,"featured_media":0,"parent":0,"menu_order":0,"comment_status":"closed","ping_status":"closed","template":"","meta":{"_acf_changed":false,"footnotes":""},"categories":[],"tags":[],"class_list":["post-330","page","type-page","status-publish","hentry"],"acf":[],"_links":{"self":[{"href":"https:\/\/semmelweis.hu\/molecularimaging\/wp-json\/wp\/v2\/pages\/330","targetHints":{"allow":["GET"]}}],"collection":[{"href":"https:\/\/semmelweis.hu\/molecularimaging\/wp-json\/wp\/v2\/pages"}],"about":[{"href":"https:\/\/semmelweis.hu\/molecularimaging\/wp-json\/wp\/v2\/types\/page"}],"author":[{"embeddable":true,"href":"https:\/\/semmelweis.hu\/molecularimaging\/wp-json\/wp\/v2\/users\/12"}],"replies":[{"embeddable":true,"href":"https:\/\/semmelweis.hu\/molecularimaging\/wp-json\/wp\/v2\/comments?post=330"}],"version-history":[{"count":1,"href":"https:\/\/semmelweis.hu\/molecularimaging\/wp-json\/wp\/v2\/pages\/330\/revisions"}],"predecessor-version":[{"id":687,"href":"https:\/\/semmelweis.hu\/molecularimaging\/wp-json\/wp\/v2\/pages\/330\/revisions\/687"}],"wp:attachment":[{"href":"https:\/\/semmelweis.hu\/molecularimaging\/wp-json\/wp\/v2\/media?parent=330"}],"wp:term":[{"taxonomy":"category","embeddable":true,"href":"https:\/\/semmelweis.hu\/molecularimaging\/wp-json\/wp\/v2\/categories?post=330"},{"taxonomy":"post_tag","embeddable":true,"href":"https:\/\/semmelweis.hu\/molecularimaging\/wp-json\/wp\/v2\/tags?post=330"}],"curies":[{"name":"wp","href":"https:\/\/api.w.org\/{rel}","templated":true}]}}