{"id":321,"date":"2015-10-22T00:00:00","date_gmt":"2015-10-21T22:00:00","guid":{"rendered":"http:\/\/semmelweis.hu\/molecularimaging\/gyogyszeresz-tema-03\/"},"modified":"2015-11-30T11:42:07","modified_gmt":"2015-11-30T10:42:07","slug":"gyogyszeresz-tema-03","status":"publish","type":"page","link":"https:\/\/semmelweis.hu\/molecularimaging\/gyogyszeresz-tema-03\/","title":{"rendered":"A v\u00e9rben tal\u00e1lhat\u00f3 feh\u00e9rj\u00e9k hat\u00e1sa a nanor\u00e9szecsk\u00e9k biodisztib\u00faci\u00f3j\u00e1ra"},"content":{"rendered":"<p><b><img decoding=\"async\" src=\"https:\/\/sites.google.com\/site\/imagingwg\/_\/rsrc\/1329317295333\/home\/diploma-tdk-phd-temak\/gyogy-03.png\" alt=\"\" border=\"0\" \/><br \/>\n<span style=\"font-size: xx-small\"><a href=\"https:\/\/semmelweis.hu\/molecularimaging\/home\/diploma-tdk-phd-temak\/mi-ez\">Mi ez?<\/a><\/span><\/b><\/p>\n<p style=\"text-align: justify\"><strong>Le\u00edr\u00e1s<\/strong><br \/>\nA nanor\u00e9csecsk\u00e9k szerepe az elm\u00falt \u00e9vtizedben jelen\u0151sen n\u00f6vekedett a klinikai \u00e9s preklinikai ter\u00e1pi\u00e1s \u00e9s diagnosztikai gyakorlatban. Sz\u00e1mos nanor\u00e9szecske-csal\u00e1dot fejlesztettek ki \u00e9s funkcionaliz\u00e1ltak, amelynek sor\u00e1n ezek mind multimod\u00e1lis kontrasztanyagoknak, mind c\u00e9lzott gy\u00f3gyszerhat\u00f3anyag tov\u00e1bb\u00edt\u00e1s\u00e1ra megfelel\u0151ekk\u00e9 v\u00e1ltak. A c\u00e9lzott ter\u00e1pi\u00e1hoz\u00a0\u00a0elengedhetetlen, hogy meg\u00e9rts\u00fck milyen fizikai, k\u00e9miai \u00e9s biol\u00f3giai param\u00e9terek befoly\u00e1solj\u00e1k a nanor\u00e9szecsk\u00e9k in vivo eloszl\u00e1s\u00e1t. Az elm\u00falt \u00e9vekben sz\u00e1mos kutat\u00e1s igazolta a v\u00e9rben tal\u00e1lhat\u00f3 feh\u00e9rj\u00e9k \u00e9s a nanor\u00e9szecsk\u00e9k k\u00f6lcs\u00f6nhat\u00e1s\u00e1nak fontoss\u00e1g\u00e1t ebben. A szervezeten bel\u00fcli t\u00e9rbeli \u00e9s id\u0151beli eloszl\u00e1st feltehet\u0151leg jobban meghat\u00e1rozza a nanor\u00e9szecske felsz\u00edn\u00e9hez k\u00f6t\u0151d\u0151 feh\u00e9rj\u00e9k tulajdons\u00e1ga, mint a r\u00e9szecske b\u00e1rmely egy\u00e9b fizikai vagy k\u00e9miai param\u00e9tere. A munka sor\u00e1n a hallgat\u00f3 megismeri a legmodernebb k\u00e9palkot\u00f3 elj\u00e1r\u00e1sokat elm\u00e9letben \u00e9s gyakorlatban, valamint a munkacsoport \u00e1ltal kifejlesztett multimod\u00e1lis nanor\u00e9szecske-csal\u00e1dot. Feladata lesz, hogy megvizsg\u00e1lja a nanor\u00e9szecske\u00a0\u00e9s a sz\u00e9rumfeh\u00e9rj\u00e9k k\u00f6lcs\u00f6nhat\u00e1sainak fizikai \u00e9s k\u00e9miai param\u00e9tereit, tov\u00e1bb\u00e1 a nanor\u00e9szecske felsz\u00edn\u00e9t bor\u00edt\u00f3 molekul\u00e1k hat\u00e1s\u00e1t a feh\u00e9rje k\u00f6t\u0151d\u00e9sekre \u00e9s a biodisztrib\u00faci\u00f3ra. Ezen t\u00fal r\u00e9szt vesz az in vivo k\u00e9palkot\u00e1sban \u00e9s az ex vivo ki\u00e9rt\u00e9kel\u00e9s folyamat\u00e1ban.<\/p>\n<p style=\"text-align: justify\"><strong>Elv\u00e1r\u00e1sok<\/strong><br \/>\nInterdiszciplin\u00e1ris \u00e9rdekl\u0151d\u00e9si k\u00f6r, laborat\u00f3riumi gyakorlat \u00e9s elm\u00e9leti k\u00e9miai ismeretek, orvosi k\u00e9palkot\u00e1si ismeretek vagy \u00e9rdekl\u0151d\u00e9s a t\u00e9ma ir\u00e1nt.<\/p>\n","protected":false},"excerpt":{"rendered":"<p><a href=\"https:\/\/semmelweis.hu\/molecularimaging\/home\/diploma-tdk-phd-temak\/mi-ez\">Mi ez?<\/a> Le\u00edr\u00e1s A nanor\u00e9csecsk\u00e9k szerepe az elm\u00falt \u00e9vtizedben jelen\u0151sen n\u00f6vekedett a klinikai \u00e9s preklinikai ter\u00e1pi\u00e1s \u00e9s diagnosztikai gyakorlatban. Sz\u00e1mos nanor\u00e9szecske-csal\u00e1dot fejlesztettek ki \u00e9s funkcionaliz\u00e1ltak, amelynek sor\u00e1n ezek mind multimod\u00e1lis kontrasztanyagoknak, mind c\u00e9lzott gy\u00f3gyszerhat\u00f3anyag tov\u00e1bb\u00edt\u00e1s\u00e1ra megfelel\u0151ekk\u00e9 v\u00e1ltak. A c\u00e9lzott ter\u00e1pi\u00e1hoz\u00a0\u00a0elengedhetetlen, hogy meg\u00e9rts\u00fck milyen fizikai, k\u00e9miai \u00e9s biol\u00f3giai param\u00e9terek befoly\u00e1solj\u00e1k a nanor\u00e9szecsk\u00e9k in vivo eloszl\u00e1s\u00e1t. Az elm\u00falt \u00e9vekben &hellip;<\/p>\n","protected":false},"author":12,"featured_media":0,"parent":0,"menu_order":0,"comment_status":"closed","ping_status":"closed","template":"","meta":{"_acf_changed":false,"footnotes":""},"categories":[],"tags":[],"class_list":["post-321","page","type-page","status-publish","hentry"],"acf":[],"_links":{"self":[{"href":"https:\/\/semmelweis.hu\/molecularimaging\/wp-json\/wp\/v2\/pages\/321","targetHints":{"allow":["GET"]}}],"collection":[{"href":"https:\/\/semmelweis.hu\/molecularimaging\/wp-json\/wp\/v2\/pages"}],"about":[{"href":"https:\/\/semmelweis.hu\/molecularimaging\/wp-json\/wp\/v2\/types\/page"}],"author":[{"embeddable":true,"href":"https:\/\/semmelweis.hu\/molecularimaging\/wp-json\/wp\/v2\/users\/12"}],"replies":[{"embeddable":true,"href":"https:\/\/semmelweis.hu\/molecularimaging\/wp-json\/wp\/v2\/comments?post=321"}],"version-history":[{"count":2,"href":"https:\/\/semmelweis.hu\/molecularimaging\/wp-json\/wp\/v2\/pages\/321\/revisions"}],"predecessor-version":[{"id":682,"href":"https:\/\/semmelweis.hu\/molecularimaging\/wp-json\/wp\/v2\/pages\/321\/revisions\/682"}],"wp:attachment":[{"href":"https:\/\/semmelweis.hu\/molecularimaging\/wp-json\/wp\/v2\/media?parent=321"}],"wp:term":[{"taxonomy":"category","embeddable":true,"href":"https:\/\/semmelweis.hu\/molecularimaging\/wp-json\/wp\/v2\/categories?post=321"},{"taxonomy":"post_tag","embeddable":true,"href":"https:\/\/semmelweis.hu\/molecularimaging\/wp-json\/wp\/v2\/tags?post=321"}],"curies":[{"name":"wp","href":"https:\/\/api.w.org\/{rel}","templated":true}]}}