{"id":1643,"date":"2022-03-09T11:03:29","date_gmt":"2022-03-09T10:03:29","guid":{"rendered":"https:\/\/semmelweis.hu\/molecularimaging\/?page_id=1643"},"modified":"2022-03-09T11:04:14","modified_gmt":"2022-03-09T10:04:14","slug":"ir-vivo","status":"publish","type":"page","link":"https:\/\/semmelweis.hu\/molecularimaging\/muszerek\/ir-vivo\/","title":{"rendered":"IR VIVO"},"content":{"rendered":"<p><span style=\"font-weight: 400\"><a href=\"https:\/\/semmelweis.hu\/molecularimaging\/files\/2022\/03\/IR-VIVO-scaled.jpg\"><img loading=\"lazy\" decoding=\"async\" class=\"alignright  wp-image-1644\" src=\"https:\/\/semmelweis.hu\/molecularimaging\/files\/2022\/03\/IR-VIVO-300x400.jpg\" alt=\"\" width=\"252\" height=\"336\" srcset=\"https:\/\/semmelweis.hu\/molecularimaging\/files\/2022\/03\/IR-VIVO-300x400.jpg 300w, https:\/\/semmelweis.hu\/molecularimaging\/files\/2022\/03\/IR-VIVO-768x1024.jpg 768w, https:\/\/semmelweis.hu\/molecularimaging\/files\/2022\/03\/IR-VIVO-1152x1536.jpg 1152w, https:\/\/semmelweis.hu\/molecularimaging\/files\/2022\/03\/IR-VIVO-1536x2048.jpg 1536w, https:\/\/semmelweis.hu\/molecularimaging\/files\/2022\/03\/IR-VIVO-753x1004.jpg 753w, https:\/\/semmelweis.hu\/molecularimaging\/files\/2022\/03\/IR-VIVO-scaled.jpg 1920w\" sizes=\"auto, (max-width: 252px) 100vw, 252px\" \/><\/a>Az IR VIVO egy infrav\u00f6r\u00f6s multispektr\u00e1lis k\u00e9palkot\u00f3 k\u00e9sz\u00fcl\u00e9k kis\u00e1llatok vizsg\u00e1lat\u00e1ra. A k\u00f6zeli \u00e9s a r\u00f6vidhull\u00e1m\u00fa infrav\u00f6r\u00f6s tartom\u00e1nyban (850-1620 nm-es emisszi\u00f3s spektrumtartom\u00e1nyban) m\u0171k\u00f6d\u0151 detektor rendszer\u00e9nek k\u00f6sz\u00f6nhet\u0151en ebben a rendszerben mind a f\u00e9nysz\u00f3r\u00e1s, mind az abszorpci\u00f3 \u00e9s az autofluoreszcencia jelenl\u00e9te kisebb m\u00e9rt\u00e9k\u0171, mint a hagyom\u00e1nyos infrav\u00f6r\u00f6s k\u00e9palkot\u00f3 berendez\u00e9sekn\u00e9l tapasztalhat\u00f3. Lehet\u0151v\u00e9 teszi a biomarkerek in vivo \u00e9s val\u00f3s idej\u0171 k\u00e9palkot\u00e1s\u00e1t optimaliz\u00e1lt felbont\u00e1ssal \u00e9s \u00e9rz\u00e9kenys\u00e9ggel. Az IR VIVO kiakn\u00e1zza a SWIR k\u00e9palkot\u00e1s leg\u00fajabb fejleszt\u00e9seit egy rendk\u00edv\u00fcl alacsony zajszint\u0171 InGaAs kamer\u00e1val, egy \u00fajszer\u0171 homog\u00e9n megvil\u00e1g\u00edt\u00e1ssal \u00e9s a nagy teljes\u00edtm\u00e9ny\u0171 analitikai szoftverrel, hogy a gyors, nagy felbont\u00e1s\u00fa \u00e9s m\u00e9lys\u00e9gi k\u00e9palkot\u00e1s eddig p\u00e9lda n\u00e9lk\u00fcli kombin\u00e1ci\u00f3j\u00e1t biztos\u00edtsa.<\/span><\/p>\n","protected":false},"excerpt":{"rendered":"<p><a href=\"https:\/\/semmelweis.hu\/molecularimaging\/files\/2022\/03\/IR-VIVO-scaled.jpg\"><\/a> Az IR VIVO egy infrav\u00f6r\u00f6s multispektr\u00e1lis k\u00e9palkot\u00f3 k\u00e9sz\u00fcl\u00e9k kis\u00e1llatok vizsg\u00e1lat\u00e1ra. A k\u00f6zeli \u00e9s a r\u00f6vidhull\u00e1m\u00fa infrav\u00f6r\u00f6s tartom\u00e1nyban (850-1620 nm-es emisszi\u00f3s spektrumtartom\u00e1nyban) m\u0171k\u00f6d\u0151 detektor rendszer\u00e9nek k\u00f6sz\u00f6nhet\u0151en ebben a rendszerben mind a f\u00e9nysz\u00f3r\u00e1s, mind az abszorpci\u00f3 \u00e9s az autofluoreszcencia jelenl\u00e9te kisebb m\u00e9rt\u00e9k\u0171, mint a hagyom\u00e1nyos infrav\u00f6r\u00f6s k\u00e9palkot\u00f3 berendez\u00e9sekn\u00e9l tapasztalhat\u00f3. Lehet\u0151v\u00e9 teszi a biomarkerek in vivo \u00e9s val\u00f3s &hellip;<\/p>\n","protected":false},"author":102036,"featured_media":0,"parent":12,"menu_order":5,"comment_status":"closed","ping_status":"closed","template":"","meta":{"_acf_changed":false,"footnotes":""},"categories":[],"tags":[],"class_list":["post-1643","page","type-page","status-publish","hentry"],"acf":[],"_links":{"self":[{"href":"https:\/\/semmelweis.hu\/molecularimaging\/wp-json\/wp\/v2\/pages\/1643","targetHints":{"allow":["GET"]}}],"collection":[{"href":"https:\/\/semmelweis.hu\/molecularimaging\/wp-json\/wp\/v2\/pages"}],"about":[{"href":"https:\/\/semmelweis.hu\/molecularimaging\/wp-json\/wp\/v2\/types\/page"}],"author":[{"embeddable":true,"href":"https:\/\/semmelweis.hu\/molecularimaging\/wp-json\/wp\/v2\/users\/102036"}],"replies":[{"embeddable":true,"href":"https:\/\/semmelweis.hu\/molecularimaging\/wp-json\/wp\/v2\/comments?post=1643"}],"version-history":[{"count":2,"href":"https:\/\/semmelweis.hu\/molecularimaging\/wp-json\/wp\/v2\/pages\/1643\/revisions"}],"predecessor-version":[{"id":1646,"href":"https:\/\/semmelweis.hu\/molecularimaging\/wp-json\/wp\/v2\/pages\/1643\/revisions\/1646"}],"up":[{"embeddable":true,"href":"https:\/\/semmelweis.hu\/molecularimaging\/wp-json\/wp\/v2\/pages\/12"}],"wp:attachment":[{"href":"https:\/\/semmelweis.hu\/molecularimaging\/wp-json\/wp\/v2\/media?parent=1643"}],"wp:term":[{"taxonomy":"category","embeddable":true,"href":"https:\/\/semmelweis.hu\/molecularimaging\/wp-json\/wp\/v2\/categories?post=1643"},{"taxonomy":"post_tag","embeddable":true,"href":"https:\/\/semmelweis.hu\/molecularimaging\/wp-json\/wp\/v2\/tags?post=1643"}],"curies":[{"name":"wp","href":"https:\/\/api.w.org\/{rel}","templated":true}]}}