{"id":245,"date":"2025-05-01T12:42:20","date_gmt":"2025-05-01T10:42:20","guid":{"rendered":"https:\/\/semmelweis.hu\/mocsailab\/?page_id=245"},"modified":"2025-09-18T17:44:51","modified_gmt":"2025-09-18T15:44:51","slug":"undergraduate-researchers","status":"publish","type":"page","link":"https:\/\/semmelweis.hu\/mocsailab\/en\/colleagues\/undergraduate-researchers\/","title":{"rendered":"Undergraduate researchers"},"content":{"rendered":"<h5><img loading=\"lazy\" decoding=\"async\" class=\"alignleft wp-image-112\" src=\"https:\/\/semmelweis.hu\/mocsailab\/files\/2025\/03\/19A0006-267x400.jpg\" alt=\"\" width=\"167\" height=\"250\" srcset=\"https:\/\/semmelweis.hu\/mocsailab\/files\/2025\/03\/19A0006-267x400.jpg 267w, https:\/\/semmelweis.hu\/mocsailab\/files\/2025\/03\/19A0006-683x1024.jpg 683w, https:\/\/semmelweis.hu\/mocsailab\/files\/2025\/03\/19A0006-768x1152.jpg 768w, https:\/\/semmelweis.hu\/mocsailab\/files\/2025\/03\/19A0006-1024x1536.jpg 1024w, https:\/\/semmelweis.hu\/mocsailab\/files\/2025\/03\/19A0006-1365x2048.jpg 1365w, https:\/\/semmelweis.hu\/mocsailab\/files\/2025\/03\/19A0006-753x1130.jpg 753w, https:\/\/semmelweis.hu\/mocsailab\/files\/2025\/03\/19A0006-scaled.jpg 1707w\" sizes=\"auto, (max-width: 167px) 100vw, 167px\" \/><span style=\"font-size: 18pt\">Rebeka Ab\u00e9rt<\/span><\/h5>\n<p><span style=\"font-size: 14pt\">Medicine, IV.<\/span><\/p>\n<p><span style=\"font-size: 14pt\">Mentors: Simon Vik\u00e1r, MD, Attila M\u00f3csai, MD<\/span><\/p>\n<p><span style=\"font-size: 14pt\">Starting date: September, 2024<\/span><\/p>\n<hr \/>\n<h5><img loading=\"lazy\" decoding=\"async\" class=\"alignleft wp-image-107\" src=\"https:\/\/semmelweis.hu\/mocsailab\/files\/2025\/03\/19A6312-267x400.jpg\" alt=\"\" width=\"167\" height=\"250\" srcset=\"https:\/\/semmelweis.hu\/mocsailab\/files\/2025\/03\/19A6312-267x400.jpg 267w, https:\/\/semmelweis.hu\/mocsailab\/files\/2025\/03\/19A6312-683x1024.jpg 683w, https:\/\/semmelweis.hu\/mocsailab\/files\/2025\/03\/19A6312-768x1152.jpg 768w, https:\/\/semmelweis.hu\/mocsailab\/files\/2025\/03\/19A6312-1024x1536.jpg 1024w, https:\/\/semmelweis.hu\/mocsailab\/files\/2025\/03\/19A6312-1365x2048.jpg 1365w, https:\/\/semmelweis.hu\/mocsailab\/files\/2025\/03\/19A6312-753x1130.jpg 753w, https:\/\/semmelweis.hu\/mocsailab\/files\/2025\/03\/19A6312-scaled.jpg 1707w\" sizes=\"auto, (max-width: 167px) 100vw, 167px\" \/><span style=\"font-size: 18pt\">Eszter Borsi<\/span><\/h5>\n<p><span style=\"font-size: 14pt\">Medicine, III.<\/span><\/p>\n<p><span style=\"font-size: 14pt\">Mentors: \u00c1ron P\u00e1ncz\u00e9l, MD, Attila M\u00f3csai, MD<\/span><\/p>\n<p><span style=\"font-size: 14pt\">Starting date: September, 2023<\/span><\/p>\n<p>&nbsp;<\/p>\n<p>&nbsp;<\/p>\n<hr \/>\n<h5><img loading=\"lazy\" decoding=\"async\" class=\"alignleft wp-image-113\" src=\"https:\/\/semmelweis.hu\/mocsailab\/files\/2025\/03\/19A6006-267x400.jpg\" alt=\"\" width=\"167\" height=\"250\" srcset=\"https:\/\/semmelweis.hu\/mocsailab\/files\/2025\/03\/19A6006-267x400.jpg 267w, https:\/\/semmelweis.hu\/mocsailab\/files\/2025\/03\/19A6006-683x1024.jpg 683w, https:\/\/semmelweis.hu\/mocsailab\/files\/2025\/03\/19A6006-768x1152.jpg 768w, https:\/\/semmelweis.hu\/mocsailab\/files\/2025\/03\/19A6006-1024x1536.jpg 1024w, https:\/\/semmelweis.hu\/mocsailab\/files\/2025\/03\/19A6006-1365x2048.jpg 1365w, https:\/\/semmelweis.hu\/mocsailab\/files\/2025\/03\/19A6006-753x1130.jpg 753w, https:\/\/semmelweis.hu\/mocsailab\/files\/2025\/03\/19A6006-scaled.jpg 1707w\" sizes=\"auto, (max-width: 167px) 100vw, 167px\" \/><span style=\"font-size: 18pt\">R\u00e9ka M\u00e1t\u00f3<\/span><\/h5>\n<p><span style=\"font-size: 14pt\">Medicine, IV.<\/span><\/p>\n<p><span style=\"font-size: 14pt\">Mentors: Petra Koncz, MD, Attila M\u00f3csai, MD<\/span><\/p>\n<p><span style=\"font-size: 14pt\">Starting date: September, 2024<\/span><\/p>\n<hr \/>\n<h5><img loading=\"lazy\" decoding=\"async\" class=\"alignleft wp-image-114\" src=\"https:\/\/semmelweis.hu\/mocsailab\/files\/2025\/03\/19A0057-267x400.jpg\" alt=\"\" width=\"167\" height=\"250\" srcset=\"https:\/\/semmelweis.hu\/mocsailab\/files\/2025\/03\/19A0057-267x400.jpg 267w, https:\/\/semmelweis.hu\/mocsailab\/files\/2025\/03\/19A0057-683x1024.jpg 683w, https:\/\/semmelweis.hu\/mocsailab\/files\/2025\/03\/19A0057-768x1152.jpg 768w, https:\/\/semmelweis.hu\/mocsailab\/files\/2025\/03\/19A0057-1024x1536.jpg 1024w, https:\/\/semmelweis.hu\/mocsailab\/files\/2025\/03\/19A0057-1365x2048.jpg 1365w, https:\/\/semmelweis.hu\/mocsailab\/files\/2025\/03\/19A0057-753x1130.jpg 753w, https:\/\/semmelweis.hu\/mocsailab\/files\/2025\/03\/19A0057-scaled.jpg 1707w\" sizes=\"auto, (max-width: 167px) 100vw, 167px\" \/><span style=\"font-size: 18pt\">Eliza Morvai<\/span><\/h5>\n<p><span style=\"font-size: 14pt\">Medicine, III.<\/span><\/p>\n<p><span style=\"font-size: 14pt\">Mentors: Kriszta Futosi, MD, Attila M\u00f3csai, MD<\/span><\/p>\n<p><span style=\"font-size: 14pt\">Starting date: September, 2024<\/span><\/p>\n<hr \/>\n<h5><img loading=\"lazy\" decoding=\"async\" class=\"alignleft wp-image-115\" src=\"https:\/\/semmelweis.hu\/mocsailab\/files\/2025\/03\/19A6463-267x400.jpg\" alt=\"\" width=\"167\" height=\"250\" srcset=\"https:\/\/semmelweis.hu\/mocsailab\/files\/2025\/03\/19A6463-267x400.jpg 267w, https:\/\/semmelweis.hu\/mocsailab\/files\/2025\/03\/19A6463-683x1024.jpg 683w, https:\/\/semmelweis.hu\/mocsailab\/files\/2025\/03\/19A6463-768x1152.jpg 768w, https:\/\/semmelweis.hu\/mocsailab\/files\/2025\/03\/19A6463-1024x1536.jpg 1024w, https:\/\/semmelweis.hu\/mocsailab\/files\/2025\/03\/19A6463-1365x2048.jpg 1365w, https:\/\/semmelweis.hu\/mocsailab\/files\/2025\/03\/19A6463-753x1130.jpg 753w, https:\/\/semmelweis.hu\/mocsailab\/files\/2025\/03\/19A6463-scaled.jpg 1707w\" sizes=\"auto, (max-width: 167px) 100vw, 167px\" \/><span style=\"font-size: 18pt\">Vikt\u00f3ria Szab\u00f3<\/span><\/h5>\n<p><span style=\"font-size: 14pt\">Pharmacy, III.<\/span><\/p>\n<p><span style=\"font-size: 14pt\">Mentors: Luk\u00e1cs S\u00e1ndor Lesinszki, MD, Attila M\u00f3csai, MD<\/span><\/p>\n<p><span style=\"font-size: 14pt\">Starting date: September, 2024<\/span><\/p>\n<hr \/>\n<h5><img loading=\"lazy\" decoding=\"async\" class=\"alignleft wp-image-108\" src=\"https:\/\/semmelweis.hu\/mocsailab\/files\/2025\/03\/19A6002-267x400.jpg\" alt=\"\" width=\"167\" height=\"250\" srcset=\"https:\/\/semmelweis.hu\/mocsailab\/files\/2025\/03\/19A6002-267x400.jpg 267w, https:\/\/semmelweis.hu\/mocsailab\/files\/2025\/03\/19A6002-683x1024.jpg 683w, https:\/\/semmelweis.hu\/mocsailab\/files\/2025\/03\/19A6002-768x1152.jpg 768w, https:\/\/semmelweis.hu\/mocsailab\/files\/2025\/03\/19A6002-1024x1536.jpg 1024w, https:\/\/semmelweis.hu\/mocsailab\/files\/2025\/03\/19A6002-1365x2048.jpg 1365w, https:\/\/semmelweis.hu\/mocsailab\/files\/2025\/03\/19A6002-753x1130.jpg 753w, https:\/\/semmelweis.hu\/mocsailab\/files\/2025\/03\/19A6002-scaled.jpg 1707w\" sizes=\"auto, (max-width: 167px) 100vw, 167px\" \/><span style=\"font-size: 18pt\">Tam\u00e1s Szalay<\/span><\/h5>\n<p><span style=\"font-size: 14pt\">Medicine, III.<\/span><\/p>\n<p><span style=\"font-size: 14pt\">Mentors: Simon Vik\u00e1r, MD, Attila M\u00f3csai, MD<\/span><\/p>\n<p><span style=\"font-size: 14pt\">Starting date: February, 2024<\/span><\/p>\n","protected":false},"excerpt":{"rendered":"<p>Rebeka Ab\u00e9rt Medicine, IV. Mentors: Simon Vik\u00e1r, MD, Attila M\u00f3csai, MD Starting date: September, 2024 Eszter Borsi Medicine, III. Mentors: \u00c1ron P\u00e1ncz\u00e9l, MD, Attila M\u00f3csai, MD Starting date: September, 2023 &nbsp; &nbsp; R\u00e9ka M\u00e1t\u00f3 Medicine, IV. Mentors: Petra Koncz, MD, Attila M\u00f3csai, MD Starting date: September, 2024 Eliza Morvai Medicine, III. Mentors: Kriszta Futosi, MD, &hellip;<\/p>\n","protected":false},"author":102471,"featured_media":0,"parent":237,"menu_order":1,"comment_status":"closed","ping_status":"closed","template":"template-fullwidth.php","meta":{"_acf_changed":false,"footnotes":""},"categories":[],"tags":[],"class_list":["post-245","page","type-page","status-publish","hentry"],"acf":[],"_links":{"self":[{"href":"https:\/\/semmelweis.hu\/mocsailab\/wp-json\/wp\/v2\/pages\/245","targetHints":{"allow":["GET"]}}],"collection":[{"href":"https:\/\/semmelweis.hu\/mocsailab\/wp-json\/wp\/v2\/pages"}],"about":[{"href":"https:\/\/semmelweis.hu\/mocsailab\/wp-json\/wp\/v2\/types\/page"}],"author":[{"embeddable":true,"href":"https:\/\/semmelweis.hu\/mocsailab\/wp-json\/wp\/v2\/users\/102471"}],"replies":[{"embeddable":true,"href":"https:\/\/semmelweis.hu\/mocsailab\/wp-json\/wp\/v2\/comments?post=245"}],"version-history":[{"count":3,"href":"https:\/\/semmelweis.hu\/mocsailab\/wp-json\/wp\/v2\/pages\/245\/revisions"}],"predecessor-version":[{"id":396,"href":"https:\/\/semmelweis.hu\/mocsailab\/wp-json\/wp\/v2\/pages\/245\/revisions\/396"}],"up":[{"embeddable":true,"href":"https:\/\/semmelweis.hu\/mocsailab\/wp-json\/wp\/v2\/pages\/237"}],"wp:attachment":[{"href":"https:\/\/semmelweis.hu\/mocsailab\/wp-json\/wp\/v2\/media?parent=245"}],"wp:term":[{"taxonomy":"category","embeddable":true,"href":"https:\/\/semmelweis.hu\/mocsailab\/wp-json\/wp\/v2\/categories?post=245"},{"taxonomy":"post_tag","embeddable":true,"href":"https:\/\/semmelweis.hu\/mocsailab\/wp-json\/wp\/v2\/tags?post=245"}],"curies":[{"name":"wp","href":"https:\/\/api.w.org\/{rel}","templated":true}]}}