{"id":125,"date":"2024-06-14T13:46:28","date_gmt":"2024-06-14T11:46:28","guid":{"rendered":"https:\/\/semmelweis.hu\/mintahonlap\/?page_id=125"},"modified":"2024-11-20T13:55:24","modified_gmt":"2024-11-20T12:55:24","slug":"sajat-profil","status":"publish","type":"page","link":"https:\/\/semmelweis.hu\/mintahonlap\/bevezetes\/sajat-profil\/","title":{"rendered":"Saj\u00e1t profil szerkeszt\u00e9se"},"content":{"rendered":"<p><a href=\"https:\/\/semmelweis.hu\/wiki\/kezdo-lepesek\/\" target=\"_blank\" rel=\"noopener\">Kapcsol\u00f3d\u00f3 wiki le\u00edr\u00e1s \u2192<\/a><\/p>\n<h5>Felhaszn\u00e1l\u00f3i profil<\/h5>\n<p>L\u00e9pjen be felhaszn\u00e1l\u00f3i fi\u00f3kj\u00e1ba \u00e9s ellen\u0151rizze le, hogy <strong>a profilban megadott email c\u00edm helyes-e<\/strong>. Amennyiben egy kor\u00e1bbi, m\u00e1r nem aktu\u00e1lis e-mail c\u00edm van megadva, <strong>friss\u00edtse azt<\/strong>, hogy a j\u00f6v\u0151ben megkapja a WordPress \u00e1ltal k\u00fcld\u00f6tt \u00e9rtes\u00edt\u00e9seket (pl. jelsz\u00f3 eml\u00e9keztet\u0151).<\/p>\n<p><span style=\"color: #ff6600;\"><strong>Figyelem!<\/strong><\/span> &#8211; Az Informatikai \u00e9s az Inform\u00e1ci\u00f3biztons\u00e1gi Szab\u00e1lyzatok szerint <strong>csak egyetemi e-mail c\u00edm haszn\u00e1lhat\u00f3<\/strong>!<\/p>\n<p>Amennyiben szeretn\u00e9 megv\u00e1ltoztatni automatikusan gener\u00e1lt jelszav\u00e1t, \u00fagy azt megteheti a profilon bel\u00fcl, <strong>az \u201c\u00faj jelsz\u00f3 be\u00e1ll\u00edt\u00e1sa\u201d gombra kattintva.<\/strong><\/p>\n","protected":false},"excerpt":{"rendered":"<p><a href=\"https:\/\/semmelweis.hu\/wiki\/kezdo-lepesek\/\" target=\"_blank\" rel=\"noopener\">Kapcsol\u00f3d\u00f3 wiki le\u00edr\u00e1s \u2192<\/a> Felhaszn\u00e1l\u00f3i profil L\u00e9pjen be felhaszn\u00e1l\u00f3i fi\u00f3kj\u00e1ba \u00e9s ellen\u0151rizze le, hogy a profilban megadott email c\u00edm helyes-e. Amennyiben egy kor\u00e1bbi, m\u00e1r nem aktu\u00e1lis e-mail c\u00edm van megadva, friss\u00edtse azt, hogy a j\u00f6v\u0151ben megkapja a WordPress \u00e1ltal k\u00fcld\u00f6tt \u00e9rtes\u00edt\u00e9seket (pl. jelsz\u00f3 eml\u00e9keztet\u0151). Figyelem! &#8211; Az Informatikai \u00e9s az Inform\u00e1ci\u00f3biztons\u00e1gi Szab\u00e1lyzatok szerint csak egyetemi e-mail c\u00edm haszn\u00e1lhat\u00f3! Amennyiben &hellip;<\/p>\n","protected":false},"author":102160,"featured_media":0,"parent":80,"menu_order":0,"comment_status":"closed","ping_status":"closed","template":"template-fullwidth.php","meta":{"_acf_changed":false,"footnotes":""},"categories":[],"tags":[],"class_list":["post-125","page","type-page","status-publish","hentry"],"acf":[],"publishpress_future_action":{"enabled":false,"date":"1970-01-01 01:00:00","action":"","terms":[],"taxonomy":"","browser_timezone_offset":0},"_links":{"self":[{"href":"https:\/\/semmelweis.hu\/mintahonlap\/wp-json\/wp\/v2\/pages\/125","targetHints":{"allow":["GET"]}}],"collection":[{"href":"https:\/\/semmelweis.hu\/mintahonlap\/wp-json\/wp\/v2\/pages"}],"about":[{"href":"https:\/\/semmelweis.hu\/mintahonlap\/wp-json\/wp\/v2\/types\/page"}],"author":[{"embeddable":true,"href":"https:\/\/semmelweis.hu\/mintahonlap\/wp-json\/wp\/v2\/users\/102160"}],"replies":[{"embeddable":true,"href":"https:\/\/semmelweis.hu\/mintahonlap\/wp-json\/wp\/v2\/comments?post=125"}],"version-history":[{"count":10,"href":"https:\/\/semmelweis.hu\/mintahonlap\/wp-json\/wp\/v2\/pages\/125\/revisions"}],"predecessor-version":[{"id":392,"href":"https:\/\/semmelweis.hu\/mintahonlap\/wp-json\/wp\/v2\/pages\/125\/revisions\/392"}],"up":[{"embeddable":true,"href":"https:\/\/semmelweis.hu\/mintahonlap\/wp-json\/wp\/v2\/pages\/80"}],"wp:attachment":[{"href":"https:\/\/semmelweis.hu\/mintahonlap\/wp-json\/wp\/v2\/media?parent=125"}],"wp:term":[{"taxonomy":"category","embeddable":true,"href":"https:\/\/semmelweis.hu\/mintahonlap\/wp-json\/wp\/v2\/categories?post=125"},{"taxonomy":"post_tag","embeddable":true,"href":"https:\/\/semmelweis.hu\/mintahonlap\/wp-json\/wp\/v2\/tags?post=125"}],"curies":[{"name":"wp","href":"https:\/\/api.w.org\/{rel}","templated":true}]}}