{"id":8282,"date":"2018-10-26T09:26:41","date_gmt":"2018-10-26T07:26:41","guid":{"rendered":"http:\/\/semmelweis.hu\/minoseg\/?page_id=8282"},"modified":"2025-05-26T09:31:51","modified_gmt":"2025-05-26T07:31:51","slug":"minosegugyi-dokumentumok","status":"publish","type":"page","link":"https:\/\/semmelweis.hu\/minoseg\/letolthetodokumentumok\/minosegugyi-dokumentumok\/","title":{"rendered":"Min\u0151s\u00e9g\u00fcgyi dokumentumok"},"content":{"rendered":"<div class=\"responsive-tabs\">\n<h2 class=\"tabtitle\">Egyetemi<br \/>\nszab\u00e1lyzat<\/h2>\n<div class=\"tabcontent\">\n\n<p><a href=\"https:\/\/semmelweis.hu\/jogigfoig\/dokumentumtar\/szabalyzattar\/kommunikacios-szabalyzat\/\" target=\"_blank\" rel=\"noopener\">A Semmelweis Egyetem szab\u00e1lyzata a kommunik\u00e1ci\u00f3s \u00e9s honlap fenntart\u00e1si tev\u00e9kenys\u00e9gr\u0151l<\/a><br \/>\nII.K\u00f6nyv \u2013 Honlap Szab\u00e1lyzat<\/p>\n<p>2.3.6. K\u00f6zponti szervezeti egys\u00e9gek honlapja<\/p>\n<p style=\"text-align: justify\">Minden, a szervezeti egys\u00e9g munk\u00e1j\u00e1t \u00e9rint\u0151 szab\u00e1lyzatot a szervezeti egys\u00e9g saj\u00e1t alhonlapj\u00e1n is meg kell jelentetni, de a mindenkor hat\u00e1lyos verzi\u00f3 biztos\u00edt\u00e1sa \u00e9rdek\u00e9ben ez csak az egyetemi szab\u00e1lyzatt\u00e1rban tal\u00e1lhat\u00f3 aktu\u00e1lis szab\u00e1lyoz\u00f3ra val\u00f3 hivatkoz\u00e1ssal lehet megoldani. A vonatkoz\u00f3 \u0171rlapokat, minta dokumentumokat \u00f6n\u00e1ll\u00f3an is el\u00e9rhet\u0151v\u00e9 kell tenni let\u00f6lt\u00e9sre (sz\u00fcks\u00e9g eset\u00e9n csak bels\u0151 h\u00e1l\u00f3zatb\u00f3l el\u00e9rhet\u0151 m\u00f3don) a 2.1. pontban, a honlap m\u0171k\u00f6d\u00e9s\u00e9nek alapelvei szakaszban le\u00edrtaknak megfelel\u0151en.<\/p>\n\n<\/div><h2 class=\"tabtitle\">MEES 2.0<\/h2>\n<div class=\"tabcontent\">\n\n<h4>MIN\u0150S\u00c9G\u00dcGYI DOKUMENTUM<\/h4>\n<table style=\"width: 100%;border-collapse: collapse\">\n<thead>\n<tr>\n<td style=\"width: 39.5056%\">\u00a0AJ\u00c1NL\u00c1S<\/td>\n<td style=\"width: 44.8789%\">\u00a0LET\u00d6LT\u00c9S<\/td>\n<td style=\"width: 15.6155%\">\u00c9RV\u00c9NYES<\/td>\n<\/tr>\n<\/thead>\n<tbody>\n<tr>\n<td style=\"width: 39.5056%;vertical-align: top\"><a href=\"https:\/\/semmelweis.hu\/minoseg\/files\/2024\/09\/SE-MENEDZSMENT-MEES-5-2024-09-20.pdf\">SE-MENEDZSMENT-MEES-5<\/a><\/td>\n<td style=\"width: 44.8789%;vertical-align: top\"><a href=\"https:\/\/semmelweis.hu\/minoseg\/files\/2024\/09\/SE-KAR-KLINIKAKOD-MEES-5-2024-09-20.docx\">SE-KAR-KLINIKAKOD-MEES-5<\/a><\/td>\n<td style=\"width: 15.6155%;vertical-align: top\">2024.09.20.<\/td>\n<\/tr>\n<tr>\n<td style=\"width: 39.5056%;vertical-align: top\"><a href=\"https:\/\/semmelweis.hu\/minoseg\/files\/2024\/09\/SE-GAZDALKODAS-MEES-6-2024-09-20.pdf\">SE-GAZDALKODAS-MEES-6<\/a><\/td>\n<td style=\"width: 44.8789%;vertical-align: top\"><a href=\"https:\/\/semmelweis.hu\/minoseg\/files\/2024\/09\/SE-KAR-KLINIKAKOD-MEES-6-2024-09-20.docx\">SE-KAR-KLINIKAKOD-MEES-6<\/a><\/td>\n<td style=\"width: 15.6155%;vertical-align: top\">2024.09.20.<\/td>\n<\/tr>\n<tr>\n<td style=\"width: 39.5056%;vertical-align: top\"><a href=\"https:\/\/semmelweis.hu\/minoseg\/files\/2024\/09\/SE-VEDONO-MEES-8-2024-09-20.pdf\">SE-VEDONO-MEES-8<\/a><\/td>\n<td style=\"width: 44.8789%;vertical-align: top\"><a href=\"https:\/\/semmelweis.hu\/minoseg\/files\/2024\/09\/SE-KAR-KLINIKAKOD-MEES-8-2024-09-20.docx\">SE-KAR-KLINIKAKOD-MEES-8<\/a><\/td>\n<td style=\"width: 15.6155%;vertical-align: top\">2024.09.20.<\/td>\n<\/tr>\n<tr>\n<td style=\"width: 39.5056%;vertical-align: top\"><a href=\"https:\/\/semmelweis.hu\/minoseg\/files\/2024\/09\/SE-JARO-MEES-9-2024-09-20.pdf\">SE-JARO-MEES-9<\/a><\/td>\n<td style=\"width: 44.8789%;vertical-align: top\"><a href=\"https:\/\/semmelweis.hu\/minoseg\/files\/2024\/09\/SE-KAR-KLINIKAKOD-MEES-9.docx\">SE-KAR-KLINIKAKOD-MEES-9<\/a><\/td>\n<td style=\"width: 15.6155%;vertical-align: top\">2024.09.20.<\/td>\n<\/tr>\n<tr>\n<td style=\"width: 39.5056%;vertical-align: top\"><a href=\"https:\/\/semmelweis.hu\/minoseg\/files\/2024\/09\/SE-OKTATAS-MEES-10-6-2024-09-20.pdf\">SE-OKTATAS-MEES-10-6<\/a><\/td>\n<td style=\"width: 44.8789%;vertical-align: top\"><a href=\"https:\/\/semmelweis.hu\/minoseg\/files\/2024\/09\/SE-KAR-KLINIKAKOD-MEES-10-6-2024-09-20.docx\">SE-KAR-KLINIKAKOD-MEES-10-6<\/a><\/td>\n<td style=\"width: 15.6155%;vertical-align: top\">2024.09.20.<\/td>\n<\/tr>\n<tr>\n<td style=\"width: 39.5056%;vertical-align: top\"><a href=\"https:\/\/semmelweis.hu\/minoseg\/files\/2024\/09\/SE-OKTATAS-MEES-TEMATIKA-1-6-2024-09-20.pdf\">SE-OKTATAS-MEES-10-6-TEMATIKA<\/a><\/td>\n<td style=\"width: 44.8789%;vertical-align: top\"><a href=\"https:\/\/semmelweis.hu\/minoseg\/files\/2024\/09\/SE-KAR-KLINIKAKOD-MEES-10-6-TEMATIKA-2024-09-20.docx\">SE-KAR-KLINIKAKOD-MEES-10-6-TEMATIKA<\/a><\/td>\n<td style=\"width: 15.6155%;vertical-align: top\">2024.09.20.<\/td>\n<\/tr>\n<tr>\n<td style=\"width: 39.5056%;vertical-align: top\"><a href=\"https:\/\/semmelweis.hu\/minoseg\/files\/2024\/09\/SE-DIAGNOSZTIKA-MEES-11-2024-09-20.pdf\">SE-DIAGNOSZTIKA-MEES-11<\/a><\/td>\n<td style=\"width: 44.8789%;vertical-align: top\"><a href=\"https:\/\/semmelweis.hu\/minoseg\/files\/2024\/09\/SE-KAR-KLINIKAKOD-MEES-11-2024-09-20.docx\">SE-KAR-KLINIKAKOD-MEES-11<\/a><\/td>\n<td style=\"width: 15.6155%;vertical-align: top\">2024.09.20.<\/td>\n<\/tr>\n<tr>\n<td style=\"width: 39.5056%;vertical-align: top\"><a href=\"https:\/\/semmelweis.hu\/minoseg\/files\/2024\/09\/SE-KLINIKAIAUDIT-MEES-12-2024-09-20.pdf\">SE-KLINIKAIAUDIT-MEES-12<\/a><\/td>\n<td style=\"width: 44.8789%;vertical-align: top\"><a href=\"https:\/\/semmelweis.hu\/minoseg\/files\/2024\/09\/SE-KAR-KLINIKAKOD-MEES-12-2024-09-20.docx\">SE-KAR-KLINIKAKOD-MEES-12<\/a><\/td>\n<td style=\"width: 15.6155%;vertical-align: top\">2024.09.20.<\/td>\n<\/tr>\n<tr>\n<td style=\"width: 39.5056%;vertical-align: top\">\n<p><a href=\"https:\/\/semmelweis.hu\/minoseg\/feladatok\/oktatasok\/\" target=\"_blank\" rel=\"noopener\">Oktat\u00e1sok men\u00fc<\/a><\/p>\n<p>KLINIKAI ESETTANULM\u00c1NY \u00c9S MELL\u00c9KLETEK<\/p>\n<p>Auditterv pdf.<\/p>\n<\/td>\n<td style=\"width: 44.8789%;vertical-align: top\"><a href=\"https:\/\/semmelweis.hu\/minoseg\/files\/2022\/04\/SE-KAR-KLINIKAKOD-MEES-12-TERV.xlsx\">SE-KAR-KLINIKAKOD-MEES-12-TERV<\/a><\/td>\n<td style=\"width: 15.6155%;vertical-align: top\">2022.03.01.<\/td>\n<\/tr>\n<tr>\n<td style=\"width: 39.5056%;vertical-align: top\"><a href=\"https:\/\/semmelweis.hu\/minoseg\/files\/2024\/09\/SE-BETEGJOGOK-MEES-13-2024-09-20.pdf\">SE-BETEGJOGOK-MEES-13<\/a><\/td>\n<td style=\"width: 44.8789%\"><a href=\"https:\/\/semmelweis.hu\/minoseg\/files\/2024\/09\/SE-KAR-KLINIKAKOD-MEES-13-2024-09-20.docx\">SE-KAR-KLINIKAKOD-MEES-13<\/a><\/td>\n<td style=\"width: 15.6155%;vertical-align: top\">2024.09.20.<\/td>\n<\/tr>\n<tr>\n<td style=\"width: 39.5056%;vertical-align: top\"><a href=\"https:\/\/semmelweis.hu\/minoseg\/files\/2022\/04\/SE-BETEGSTRAT-MEES-14-ajanlas.pdf\">SE-BETEGSTRAT-MEES-14 &#8211; aj\u00e1nl\u00e1s<\/a><\/td>\n<td style=\"width: 44.8789%\">\u00a0<\/td>\n<td style=\"width: 15.6155%;vertical-align: top\">2022.03.01.<\/td>\n<\/tr>\n<tr>\n<td style=\"width: 39.5056%;vertical-align: top\"><a href=\"https:\/\/semmelweis.hu\/minoseg\/files\/2022\/04\/SE-BETEGBIZT-MEES-14-2022-03-01.pdf\">SE-BETEGBIZT-MEES-14<\/a><\/td>\n<td style=\"width: 44.8789%;vertical-align: top\"><a href=\"https:\/\/semmelweis.hu\/minoseg\/files\/2024\/09\/SE-KAR-KLINIKAKOD-MEES-14-2022-03-01.docx\">SE-KAR-KLINIKAKOD-MEES-14<\/a><\/td>\n<td style=\"width: 15.6155%;vertical-align: top\">2024.09.20.<\/td>\n<\/tr>\n<tr>\n<td style=\"width: 39.5056%;vertical-align: top\"><a href=\"https:\/\/semmelweis.hu\/minoseg\/files\/2023\/04\/SE-BETEGBIZT-MEES-14-GYOGYSZER-2023-01-06.docx\">SE-BETEGBIZT-MEES-14-GYOGYSZER<\/a><br \/>\n<a href=\"https:\/\/semmelweis.hu\/minoseg\/files\/2023\/04\/SE-BETEGBIZT-MEES-14-GYORSZER-fedlap.pdf\">Fedlap<\/a><\/td>\n<td style=\"width: 44.8789%;vertical-align: top\">\u00a0<\/td>\n<td style=\"width: 15.6155%;vertical-align: top\">2023.01.06.<\/td>\n<\/tr>\n<tr>\n<td style=\"width: 39.5056%;vertical-align: top\"><a href=\"https:\/\/semmelweis.hu\/minoseg\/files\/2024\/09\/SE-NOZOKOMIALIS-MEES-15-2024-09-20.pdf\">SE-NOZOKOMIALIS-MEES-15<\/a><\/td>\n<td style=\"width: 44.8789%;vertical-align: top\"><a href=\"https:\/\/semmelweis.hu\/minoseg\/files\/2024\/09\/SE-KAR-KLINIKAKOD-MEES-15-2024-09-20.docx\">SE-KAR-KLINIKAKOD-MEES-15<\/a><\/td>\n<td style=\"width: 15.6155%;vertical-align: top\">2024.09.20.<\/td>\n<\/tr>\n<tr>\n<td style=\"width: 39.5056%;vertical-align: top\">\u00a0<\/td>\n<td style=\"width: 44.8789%;vertical-align: top\"><a href=\"https:\/\/semmelweis.hu\/minoseg\/files\/2025\/05\/SE-KAR-KLINIKAKOD-SZIGNO-LISTA-2025-05-17.docx\">SE-KAR-KLINIKAKOD-SZIGNO-LISTA<\/a><\/td>\n<td style=\"width: 15.6155%;vertical-align: top\">2025.05.17.<\/td>\n<\/tr>\n<\/tbody>\n<\/table>\n<h4>Aj\u00e1nlott OLDALAK<\/h4>\n<table style=\"width: 100%;border-collapse: collapse\">\n<thead>\n<tr>\n<td style=\"width: 39.5896%\">OLDAL<\/td>\n<td style=\"width: 45.3414%\">LET\u00d6LT\u00c9S<\/td>\n<td style=\"width: 15.0689%\">D\u00c1TUM<\/td>\n<\/tr>\n<\/thead>\n<tbody>\n<tr>\n<td style=\"width: 39.5896%\"><a href=\"https:\/\/kollegium.aeek.hu\/\" target=\"_blank\" rel=\"noopener\">Eg\u00e9szs\u00e9g\u00fcgyi Szakmai Koll\u00e9gium<\/a><\/td>\n<td style=\"width: 45.3414%\"><a href=\"https:\/\/kollegium.aeek.hu\/Iranyelvek\/Index\" target=\"_blank\" rel=\"noopener\">Szakmai ir\u00e1nyelvek<\/a><\/td>\n<td style=\"width: 15.0689%\">2002-t\u0151l<\/td>\n<\/tr>\n<tr>\n<td style=\"width: 39.5896%\"><a href=\"https:\/\/info.nevesforum.hu\/2024\/06\/65-neves-forum\/\" target=\"_blank\" rel=\"noopener\">65. NEVES Betegbiztons\u00e1gi F\u00f3rum<\/a><\/td>\n<td style=\"width: 45.3414%\"><a href=\"https:\/\/info.nevesforum.hu\/2024\/06\/65-neves-forum\/\" target=\"_blank\" rel=\"noopener\">Klinikai audit \u00e9s betegbiztons\u00e1g &#8211; diasor<\/a><\/td>\n<td style=\"width: 15.0689%\">2024.06.13.<\/td>\n<\/tr>\n<tr>\n<td style=\"width: 39.5896%\"><a href=\"https:\/\/info.nevesforum.hu\/2021\/07\/55-neves-betegbiztonsagi-forum\/\" target=\"_blank\" rel=\"noopener\">55. NEVES Betegbiztons\u00e1gi F\u00f3rum<\/a><\/td>\n<td style=\"width: 45.3414%\"><a href=\"https:\/\/info.nevesforum.hu\/wp-content\/uploads\/2021\/06\/Betegbiztonsag-jegyzet.pdf\" target=\"_blank\" rel=\"noopener\">Betegbiztons\u00e1g a gyakorlatban &#8211; jegyzet<\/a><\/td>\n<td style=\"width: 15.0689%\">2021.06.10.<\/td>\n<\/tr>\n<tr>\n<td style=\"width: 39.5896%\"><a href=\"https:\/\/info.nevesforum.hu\/2016\/11\/36-neves-betegbiztonsagi-forum\/\" target=\"_blank\" rel=\"noopener\">36. NEVES Betegbiztons\u00e1gi F\u00f3rum<\/a><\/td>\n<td style=\"width: 45.3414%\"><a href=\"https:\/\/info.nevesforum.hu\/wp-content\/uploads\/2016\/11\/Klinikai_audit_pilot_NEVES36.pdf\" target=\"_blank\" rel=\"noopener\">Klinikai audit &#8211; pilot bemutat\u00e1sa\u00a0<\/a><\/td>\n<td style=\"width: 15.0689%\">2016.10.20.<\/td>\n<\/tr>\n<tr>\n<td style=\"width: 39.5896%\">\u00a0<\/td>\n<td style=\"width: 45.3414%\"><a href=\"https:\/\/semmelweis.hu\/minoseg\/files\/2022\/05\/SE-BETEGBIZT-AJANLAS-2022-05-02.docx\" target=\"_blank\" rel=\"noopener\">Betegbiztons\u00e1gi t\u00e9mak\u00f6r\u00f6k aj\u00e1nl\u00e1s<\/a><\/td>\n<td style=\"width: 15.0689%\">2022.05.02.<\/td>\n<\/tr>\n<tr>\n<td style=\"width: 39.5896%\"><a href=\"https:\/\/jogyakorlatok.betegbiztonsag.info\/#\/topic\/4MHFtm5oBaG8qkYOykCQEY\" target=\"_blank\" rel=\"noopener\">Eg\u00e9szs\u00e9g\u00fcgyi J\u00f3gyakorlatok On-line katal\u00f3gusa<\/a><\/td>\n<td style=\"width: 45.3414%\"><a href=\"https:\/\/jogyakorlatok.betegbiztonsag.info\/#\/general-best-practice\/3UI0S3LynAQS3obBeyhq1e\" target=\"_blank\" rel=\"noopener\">A betegoktat\u00e1s kialak\u00edt\u00e1s\u00e1t befoly\u00e1sol\u00f3 szempontok<\/a><\/td>\n<td style=\"width: 15.0689%\">2020.<\/td>\n<\/tr>\n<\/tbody>\n<\/table>\n\n<\/div><h2 class=\"tabtitle\">MIR-MINTA<\/h2>\n<div class=\"tabcontent\">\n\n<table style=\"border-collapse: collapse;width: 100%;height: 128px\" border=\"1\">\n<thead>\n<tr style=\"height: 32px\">\n<td style=\"width: 50%;height: 32px\">MIR DOKUMENTUMOK<\/td>\n<td style=\"width: 50%;height: 32px\">\u00c9RV\u00c9NYES<\/td>\n<\/tr>\n<\/thead>\n<tbody>\n<tr>\n<td style=\"width: 50%\"><a href=\"https:\/\/semmelweis.hu\/minoseg\/files\/2025\/03\/SE-KOD-ELJARAS-MINTA-2025-03-01.docx\">Elj\u00e1r\u00e1s<\/a><\/td>\n<td style=\"width: 50%\">2025.03.01.<\/td>\n<\/tr>\n<tr style=\"height: 32px\">\n<td style=\"width: 50%;height: 32px\"><a href=\"https:\/\/semmelweis.hu\/minoseg\/files\/2025\/03\/SE-KOD-MUNKAUTASITAS-MINTA-2025-03-01.docx\">Munkautas\u00edt\u00e1s\u00a0<\/a><\/td>\n<td style=\"width: 50%;height: 32px\">2025.03.01.<\/td>\n<\/tr>\n<tr style=\"height: 32px\">\n<td style=\"width: 50%;height: 32px\"><a href=\"https:\/\/semmelweis.hu\/minoseg\/files\/2025\/03\/SE-KOD-SOP-MINTA-2025-03-01.docx\">Szabv\u00e1ny m\u0171veleti el\u0151\u00edr\u00e1s<\/a><\/td>\n<td style=\"width: 50%;height: 32px\">2025.03.01.<\/td>\n<\/tr>\n<tr style=\"height: 32px\">\n<td style=\"width: 50%;height: 32px\"><a href=\"https:\/\/semmelweis.hu\/minoseg\/files\/2025\/03\/SE-KOD-MINOSEGUGYI-DOKUMENTUM-MINTA-2025-03-01.docx\">Min\u0151s\u00e9g\u00fcgyi dokumentum<\/a><\/td>\n<td style=\"width: 50%;height: 32px\">2025.03.01.<\/td>\n<\/tr>\n<tr>\n<td style=\"width: 50%\"><a href=\"https:\/\/semmelweis.hu\/minoseg\/files\/2025\/03\/SE-KOD-METODIKAI-LEIRAS-MINTA-2025-03-01.docx\">Metodikai le\u00edr\u00e1s<\/a><\/td>\n<td style=\"width: 50%\">2025.03.01.<\/td>\n<\/tr>\n<\/tbody>\n<\/table>\n\n<\/div><h2 class=\"tabtitle\">Forma-<br \/>\nnyomtatv\u00e1nyok<\/h2>\n<div class=\"tabcontent\">\n\n<table style=\"border-collapse: collapse;width: 100%;height: 319px\" border=\"1\">\n<thead>\n<tr style=\"height: 32px\">\n<td style=\"width: 50%;height: 32px\">ADATLAPOK, NYOMTATV\u00c1NYOK<\/td>\n<td style=\"width: 50%;height: 32px\">\u00c9RV\u00c9NYES<\/td>\n<\/tr>\n<\/thead>\n<tbody>\n<tr style=\"height: 32px\">\n<td style=\"width: 50%;height: 32px\"><a href=\"https:\/\/semmelweis.hu\/minoseg\/files\/2024\/07\/SE-BELSO-OKTATASI-NAPLO-2024-07-01.docx\">SE-BELSO-OKTATASI-NAPLO\u00a0<\/a><\/td>\n<td style=\"width: 50%;height: 32px\">2024.07.01.<\/td>\n<\/tr>\n<tr style=\"height: 32px\">\n<td style=\"width: 50%;height: 32px\"><a href=\"https:\/\/semmelweis.hu\/minoseg\/files\/2024\/07\/SE-BIZONYLATI-ALBUM-2024-07-01.docx\">SE-BIZONYLATI-ALBUM<\/a><\/td>\n<td style=\"width: 50%;height: 32px\">2024.07.01.<\/td>\n<\/tr>\n<tr style=\"height: 32px\">\n<td style=\"width: 50%;height: 32px\"><a href=\"https:\/\/semmelweis.hu\/minoseg\/files\/2024\/07\/SE-OKTATAS-NYILVANTARTO-2024-07-01.docx\">SE-OKTATAS-NYILVANTARTO<\/a><\/td>\n<td style=\"width: 50%;height: 32px\">2024.07.01.<\/td>\n<\/tr>\n<tr style=\"height: 32px\">\n<td style=\"width: 50%;height: 32px\"><a href=\"https:\/\/semmelweis.hu\/minoseg\/files\/2024\/07\/SE-KEPZESI-TERV-2024-07-01.docx\">SE-KEPZESI-TERV<\/a><\/td>\n<td style=\"width: 50%;height: 32px\">2024.07.01.<\/td>\n<\/tr>\n<tr style=\"height: 32px\">\n<td style=\"width: 50%;height: 32px\"><a href=\"https:\/\/semmelweis.hu\/minoseg\/files\/2024\/07\/SE-SZETOSZTASI-LISTA-2024-07-01.docx\">SE-SZETOSZTASI-LISTA<\/a><\/td>\n<td style=\"width: 50%;height: 32px\">2024.07.01.<\/td>\n<\/tr>\n<tr style=\"height: 62px\">\n<td style=\"width: 50%;height: 62px\"><a href=\"https:\/\/semmelweis.hu\/minoseg\/auditok\/vezetosegi-atvizsgalas\/\" target=\"_blank\" rel=\"noopener noreferrer\">VEZET\u0150S\u00c9GI \u00c1TVIZSG\u00c1L\u00c1S JEGYZ\u0150K\u00d6NYV \u00c9S MELL\u00c9KLETEI\u00a0<\/a><\/td>\n<td style=\"width: 50%;height: 62px\">2025. 01.22.<\/td>\n<\/tr>\n<tr>\n<td style=\"width: 50%\"><a href=\"https:\/\/semmelweis.hu\/minoseg\/auditok\/vezetosegi-atvizsgalas\/\" target=\"_blank\" rel=\"noopener noreferrer\">MIN\u0150S\u00c9GC\u00c9LOK<\/a><\/td>\n<td style=\"width: 50%\">2025.01.10.<\/td>\n<\/tr>\n<tr>\n<td style=\"width: 50%\"><a href=\"https:\/\/semmelweis.hu\/minoseg\/files\/2025\/02\/SE-ELLENORZO-LAP-AMBULANS-2025-03-01.docx\">SE-ELLENORZO-LAP-AMBULANS<\/a><\/td>\n<td style=\"width: 50%\">2025.03.01.<\/td>\n<\/tr>\n<tr>\n<td style=\"width: 50%\"><a href=\"https:\/\/semmelweis.hu\/minoseg\/files\/2025\/02\/SE-ELLENORZO-LAP-MUTETES-2025-03-01.docx\">SE-ELLENORZO-LAP-MUTETES<\/a><\/td>\n<td style=\"width: 50%\">2025.03.01.<\/td>\n<\/tr>\n<tr>\n<td style=\"width: 50%\"><a href=\"https:\/\/semmelweis.hu\/minoseg\/files\/2025\/02\/SE-ELLENORZO-LAP-FEKVO-2025-03-01.docx\">SE-ELLENORZO-LAP-FEKVO<\/a><\/td>\n<td style=\"width: 50%\">2025.03.01.<\/td>\n<\/tr>\n<tr>\n<td style=\"width: 50%\"><a href=\"https:\/\/semmelweis.hu\/minoseg\/files\/2025\/02\/SE-ELLENORZO-LAP-WHO-2025-03-01.docx\">SE-ELLENORZO-LAP-WHO<\/a><\/td>\n<td style=\"width: 50%\">2025.03.01.<\/td>\n<\/tr>\n<\/tbody>\n<\/table>\n\n<\/div><h2 class=\"tabtitle\">K\u00f3dol\u00e1s<\/h2>\n<div class=\"tabcontent\">\n\n<p>A min\u0151s\u00e9g\u00fcgyi dokumentumok k\u00f3dj\u00e1t az \u00e9rintett szervezeti egys\u00e9g hat\u00e1rozza meg. A dokumentum k\u00f3dja \u00e9s a f\u00e1jl neve azonos. Fontos, hogy <strong>ne tartalmazzon \u00e9kezetet, \u00edr\u00e1sjelet<\/strong> (kiv\u00e9ve: \u2013 \u00e9s _), mert a honlapra csak \u00edgy tehet\u0151 fel.\u00a0<\/p>\n<\/div><\/div>\n","protected":false},"excerpt":{"rendered":"<p>Min\u0151s\u00e9g\u00fcgyi dokumentumok k\u00e9sz\u00edt\u00e9s\u00e9nek szab\u00e1lyoz\u00e1sa. Let\u00f6lthet\u0151 dokumentumok, formanyomtatv\u00e1nyok. <\/p>\n","protected":false},"author":326,"featured_media":0,"parent":77,"menu_order":0,"comment_status":"closed","ping_status":"closed","template":"","meta":{"_acf_changed":false,"footnotes":""},"categories":[],"tags":[],"class_list":["post-8282","page","type-page","status-publish","hentry"],"acf":[],"_links":{"self":[{"href":"https:\/\/semmelweis.hu\/minoseg\/wp-json\/wp\/v2\/pages\/8282","targetHints":{"allow":["GET"]}}],"collection":[{"href":"https:\/\/semmelweis.hu\/minoseg\/wp-json\/wp\/v2\/pages"}],"about":[{"href":"https:\/\/semmelweis.hu\/minoseg\/wp-json\/wp\/v2\/types\/page"}],"author":[{"embeddable":true,"href":"https:\/\/semmelweis.hu\/minoseg\/wp-json\/wp\/v2\/users\/326"}],"replies":[{"embeddable":true,"href":"https:\/\/semmelweis.hu\/minoseg\/wp-json\/wp\/v2\/comments?post=8282"}],"version-history":[{"count":10,"href":"https:\/\/semmelweis.hu\/minoseg\/wp-json\/wp\/v2\/pages\/8282\/revisions"}],"predecessor-version":[{"id":20246,"href":"https:\/\/semmelweis.hu\/minoseg\/wp-json\/wp\/v2\/pages\/8282\/revisions\/20246"}],"up":[{"embeddable":true,"href":"https:\/\/semmelweis.hu\/minoseg\/wp-json\/wp\/v2\/pages\/77"}],"wp:attachment":[{"href":"https:\/\/semmelweis.hu\/minoseg\/wp-json\/wp\/v2\/media?parent=8282"}],"wp:term":[{"taxonomy":"category","embeddable":true,"href":"https:\/\/semmelweis.hu\/minoseg\/wp-json\/wp\/v2\/categories?post=8282"},{"taxonomy":"post_tag","embeddable":true,"href":"https:\/\/semmelweis.hu\/minoseg\/wp-json\/wp\/v2\/tags?post=8282"}],"curies":[{"name":"wp","href":"https:\/\/api.w.org\/{rel}","templated":true}]}}