{"id":6764,"date":"2018-02-07T08:48:56","date_gmt":"2018-02-07T07:48:56","guid":{"rendered":"http:\/\/semmelweis.hu\/minoseg\/?page_id=6764"},"modified":"2025-04-01T12:25:47","modified_gmt":"2025-04-01T10:25:47","slug":"kiserletes-es-sebeszeti-mutettani-tanszek","status":"publish","type":"page","link":"https:\/\/semmelweis.hu\/minoseg\/mir-dokumentacio\/aok-klinikak\/varosmajori-sziv-es-ergyogyaszati-klinika\/kiserletes-es-sebeszeti-mutettani-tanszek\/","title":{"rendered":"VSZEK K\u00eds\u00e9rletes Kardiol\u00f3giai \u00e9s Seb\u00e9szeti M\u0171t\u00e9ttani Tansz\u00e9k"},"content":{"rendered":"<p><strong>Min\u0151s\u00e9g\u00fcgyi dokumentum &#8211; elj\u00e1r\u00e1s<\/strong><\/p>\n<ul>\n<li><a href=\"https:\/\/semmelweis.hu\/minoseg\/files\/2021\/01\/SE-AOK-VSZEK-KSMT-ME-01.docx\">SE-AOK-VSZEK-KSMT-ME-01 &#8211; Oktat\u00e1si tev\u00e9kenys\u00e9g<\/a><br \/>\n<a href=\"https:\/\/semmelweis.hu\/minoseg\/files\/2021\/01\/SE-AOK-VSZEK-KSMT-ME-01-fedlap.pdf\">SE-AOK-VSZEK-KSMT-ME-01 &#8211; fedlap<\/a><br \/>\n<a href=\"https:\/\/semmelweis.hu\/minoseg\/files\/2021\/01\/SE-AOK-VSZEK-KSMT-ME-01-A01.docx\">SE-AOK-VSZEK-KSMT-ME-01-A01 \u2013 Gradu\u00e1lis hallgat\u00f3k jelenl\u00e9ti \u00edve (magyar, angol)<\/a><br \/>\n<a href=\"https:\/\/semmelweis.hu\/minoseg\/files\/2021\/01\/SE-AOK-VSZEK-KSMT-ME-01-A02.docx\">SE-AOK-VSZEK-KSMT-ME-01-A02 \u2013 Gradu\u00e1lis hallgat\u00f3k kollokviumi vizsgalapja (magyar, angol)<\/a><\/li>\n<\/ul>\n<ul>\n<li><a href=\"https:\/\/semmelweis.hu\/minoseg\/files\/2021\/01\/SE-AOK-VSZEK-KSMT-ME-02.docx\">SE-AOK-VSZEK-KSMT-ME-02 &#8211; Tudom\u00e1nyos kutat\u00e1si tev\u00e9kenys\u00e9g<\/a><br \/>\n<a href=\"https:\/\/semmelweis.hu\/minoseg\/files\/2021\/01\/SE-AOK-VSZEK-KSMT-ME-02-fedlap.pdf\">SE-AOK-VSZEK-KSMT-ME-02 &#8211; fedlap<\/a><br \/>\n<a href=\"https:\/\/semmelweis.hu\/minoseg\/files\/2021\/01\/SE-AOK-VSZEK-KSMT-ME-02-A1.docx\">SE-AOK-VSZEK-KSMT-ME-02-A01 \u2013 M\u0171t\u00e9ti napl\u00f3<\/a><\/li>\n<\/ul>\n<p><strong>Min\u0151s\u00e9g\u00fcgyi dokumentum &#8211; Laborat\u00f3rium M\u0171k\u00f6d\u00e9si Rend<\/strong><\/p>\n<ul>\n<li><a href=\"https:\/\/semmelweis.hu\/minoseg\/files\/2021\/01\/SE-AOK-VSZEK-KSMT-LAB-LMR.docx\">SE-AOK-VSZEK-KSMT-LAB-LMR &#8211; Oktat\u00f3, m\u0171t\u0151, a laparoszk\u00f3pos \u00e9s mikroseb\u00e9szeti laborat\u00f3rium m\u0171k\u00f6d\u00e9si rendje<\/a><br \/>\n<a href=\"https:\/\/semmelweis.hu\/minoseg\/files\/2021\/01\/SE-AOK-VSZEK-KSMT-LAB-LMR-fedlap.pdf\">SE-AOK-VSZEK-KSMT-LAB-LMR &#8211; fedlap<\/a><br \/>\n<a href=\"https:\/\/semmelweis.hu\/minoseg\/files\/2021\/01\/SE-AOK-VSZEK-KSMT-LAB-LMR-M01.docx\">SE-AOK-VSZEK-KSMT-LAB-LMR-M01 &#8211; Nagy \u00e9rt\u00e9k\u0171 m\u0171szerek list\u00e1ja\u00a0<\/a><br \/>\n<a href=\"https:\/\/semmelweis.hu\/minoseg\/files\/2021\/01\/SE-AOK-VSZEK-KSMT-LMR-A02.doc\">SE-AOK-VSZEK-KSMT-LAB-LMR-A01 &#8211; Laborkompetencia lista<\/a><\/li>\n<\/ul>\n<ul style=\"list-style-type: disc\">\n<li><a href=\"https:\/\/semmelweis.hu\/minoseg\/files\/2021\/01\/SE-AOK-VSZEK-KSMT-CELL-EMSZ.doc\">SE-AOK-VSZEK-KSMT-CELL-EMSZ &#8211; Sejt- \u00e9s Sz\u00f6vetteny\u00e9szt\u0151 Laborat\u00f3rium M\u0171k\u00f6d\u00e9si Rendje<\/a><br \/>\n<a href=\"https:\/\/semmelweis.hu\/minoseg\/files\/2021\/01\/SE-AOK-VSZEK-KSMT-CELL-EMSZ-fedlap.pdf\">SE-AOK-VSZEK-KSMT-CELL-EMSZ &#8211; fedlap<\/a><br \/>\n<a href=\"https:\/\/semmelweis.hu\/minoseg\/files\/2021\/01\/SE-AOK-VSZEk-KSMT-EMSZ-M01.docx\">SE-AOK-VSZEK-KSMT-CELL-EMSZ-M01 &#8211; Sejt- \u00e9s Sz\u00f6vetteny\u00e9szt\u0151 Laborat\u00f3rium organogram<\/a><br \/>\n<a href=\"https:\/\/semmelweis.hu\/minoseg\/files\/2021\/01\/SE-AOK-VSZEk-KSMT-EMSZ-M02.docx\">SE-AOK-VSZEK-KSMT-CELL-EMSZ-M02 &#8211; Munkautas\u00edt\u00e1sok list\u00e1ja, m\u00f3dszertani gy\u0171jtem\u00e9ny \u00e9s sejtvonal lista<\/a><\/li>\n<\/ul>\n<ul style=\"list-style-type: disc\">\n<li><a href=\"https:\/\/semmelweis.hu\/minoseg\/files\/2023\/11\/SE-AOK-VSZEK-KSMT-SZKL-EMSZ.doc\">SE-AOK-VSZEK-KSMT-SZKL-EMSZ &#8211; Szabadgy\u00f6k Kutat\u00f3 Laborat\u00f3rium M\u0171k\u00f6d\u00e9si Rendje<\/a><br \/>\n<a href=\"https:\/\/semmelweis.hu\/minoseg\/files\/2023\/11\/SE-AOK-VSZEK-KSMT-SZKL-EMSZ-fedlap.pdf\">SE-AOK-VSZEK-KSMT-SZKL-EMSZ &#8211; fedlap<\/a><br \/>\n<a href=\"https:\/\/semmelweis.hu\/minoseg\/files\/2023\/11\/SE-AOK-VSZEK-KSMT-SZKL-EMSZ-M01.docx\">SE-AOK-VSZEK-KSMT-SZKL-EMSZ-M01 &#8211; Organogram<\/a><br \/>\n<a href=\"https:\/\/semmelweis.hu\/minoseg\/files\/2023\/11\/SE-AOK-VSZEK-KSMT-SZKL-EMSZ-M02.docx\">SE-AOK-VSZEK-KSMT-SZKL-EMSZ-M02 &#8211; A folyamatba \u00e9p\u00edtett \u00e9s vezet\u0151i ellen\u0151rz\u00e9s eszk\u00f6zei, m\u00f3dszerei, t\u00edpusai<\/a><br \/>\n<a href=\"https:\/\/semmelweis.hu\/minoseg\/files\/2023\/11\/SE-AOK-VSZEK-KSMT-SZKL-EMSZ-M03.doc\">SE-AOK-VSZEK-KSMT-SZKL-EMSZ-M03 &#8211; M\u00f3dszertani Gy\u0171jtem\u00e9ny<\/a><br \/>\n<a href=\"https:\/\/semmelweis.hu\/minoseg\/files\/2023\/11\/SE-AOK-VSZEK-KSMT-SZKL-EMSZ-M04.doc\">SE-AOK-VSZEK-KSMT-SZKL-EMSZ-M04 &#8211; Laborat\u00f3riumban tal\u00e1lhat\u00f3 eszk\u00f6z\u00f6k list\u00e1ja<\/a><\/li>\n<\/ul>\n<p>&nbsp;<\/p>\n","protected":false},"excerpt":{"rendered":"<p>Min\u0151s\u00e9g\u00fcgyi dokumentumok.<\/p>\n","protected":false},"author":326,"featured_media":0,"parent":1668,"menu_order":4,"comment_status":"closed","ping_status":"closed","template":"","meta":{"_acf_changed":false,"footnotes":""},"categories":[],"tags":[],"class_list":["post-6764","page","type-page","status-publish","hentry"],"acf":[],"_links":{"self":[{"href":"https:\/\/semmelweis.hu\/minoseg\/wp-json\/wp\/v2\/pages\/6764","targetHints":{"allow":["GET"]}}],"collection":[{"href":"https:\/\/semmelweis.hu\/minoseg\/wp-json\/wp\/v2\/pages"}],"about":[{"href":"https:\/\/semmelweis.hu\/minoseg\/wp-json\/wp\/v2\/types\/page"}],"author":[{"embeddable":true,"href":"https:\/\/semmelweis.hu\/minoseg\/wp-json\/wp\/v2\/users\/326"}],"replies":[{"embeddable":true,"href":"https:\/\/semmelweis.hu\/minoseg\/wp-json\/wp\/v2\/comments?post=6764"}],"version-history":[{"count":10,"href":"https:\/\/semmelweis.hu\/minoseg\/wp-json\/wp\/v2\/pages\/6764\/revisions"}],"predecessor-version":[{"id":19650,"href":"https:\/\/semmelweis.hu\/minoseg\/wp-json\/wp\/v2\/pages\/6764\/revisions\/19650"}],"up":[{"embeddable":true,"href":"https:\/\/semmelweis.hu\/minoseg\/wp-json\/wp\/v2\/pages\/1668"}],"wp:attachment":[{"href":"https:\/\/semmelweis.hu\/minoseg\/wp-json\/wp\/v2\/media?parent=6764"}],"wp:term":[{"taxonomy":"category","embeddable":true,"href":"https:\/\/semmelweis.hu\/minoseg\/wp-json\/wp\/v2\/categories?post=6764"},{"taxonomy":"post_tag","embeddable":true,"href":"https:\/\/semmelweis.hu\/minoseg\/wp-json\/wp\/v2\/tags?post=6764"}],"curies":[{"name":"wp","href":"https:\/\/api.w.org\/{rel}","templated":true}]}}