{"id":3262,"date":"2015-08-05T09:55:12","date_gmt":"2015-08-05T07:55:12","guid":{"rendered":"http:\/\/semmelweis.hu\/minoseg\/?page_id=3262"},"modified":"2025-04-01T13:46:42","modified_gmt":"2025-04-01T11:46:42","slug":"szolgaltatasi-igazgatosag","status":"publish","type":"page","link":"https:\/\/semmelweis.hu\/minoseg\/mir-dokumentacio\/kozponti-szervezeti-egysegek\/szolgaltatasi-igazgatosag\/","title":{"rendered":"Szolg\u00e1ltat\u00e1si Igazgat\u00f3s\u00e1g"},"content":{"rendered":"<p><strong>Min\u0151s\u00e9g\u00fcgyi dokumentum &#8211; munkautas\u00edt\u00e1s<\/strong><\/p>\n<ul>\n<li><a href=\"https:\/\/semmelweis.hu\/minoseg\/files\/2024\/02\/SE-MFI-SZI-MU-03.doc\">SE-MFI-SZI-MU-03 &#8211; A kiszervezett \u00e9lelmez\u00e9s monitoriz\u00e1l\u00e1s\u00e1nak folyamata<\/a><br \/>\n<a href=\"https:\/\/semmelweis.hu\/minoseg\/files\/2024\/02\/SE-MFI-SZI-MU-03-fedlap.pdf\">SE-MFI-SZI-MU-03 &#8211; fedlap<\/a><br \/>\n<a href=\"https:\/\/semmelweis.hu\/minoseg\/files\/2024\/02\/SE-MFI-SZI-MU-03-A01.docx\">SE-MFI-SZI-MU-03-A01 &#8211; Fekv\u0151betegek r\u00e9sz\u00e9re biztos\u00edtott k\u00f6z\u00e9tkeztet\u00e9s negyed\u00e9ves min\u0151s\u00e9gfelm\u00e9r\u00e9s k\u00e9rd\u0151\u00edve<\/a><br \/>\n<a href=\"https:\/\/semmelweis.hu\/minoseg\/files\/2024\/02\/SE-MFI-SZI-MU-03-A02.docx\">SE-MFI-SZI-MU-03-A02- Adatlap \u00e9lelmez\u00e9ssel kapcsolatos hib\u00e1k \u00e9s panaszok bejelent\u00e9s\u00e9re<\/a><\/li>\n<\/ul>\n<ul>\n<li><a href=\"https:\/\/semmelweis.hu\/minoseg\/files\/2024\/02\/SE-MFI-SZI-MU-04-.docx\">SE-MFI-SZI-MU-04 &#8211; A kiszervezett takar\u00edt\u00e1s monitoriz\u00e1l\u00e1s\u00e1nak folyamata<\/a><br \/>\nSE-MFI-SZI-MU-04 &#8211; fedlap<br \/>\n<a href=\"https:\/\/semmelweis.hu\/minoseg\/files\/2024\/02\/SE-MFI-SZI-MU-04-A01.xlsx\">SE-MFI-SZI-MU-04-A01 &#8211; Takar\u00edt\u00e1si terv minta<\/a><br \/>\n<a href=\"https:\/\/semmelweis.hu\/minoseg\/files\/2024\/02\/SE-MFI-SZI-MU-04-A03.docx\">SE-MFI-SZI-MU-04-A03 -Hibanapl\u00f3<\/a><br \/>\n<a href=\"https:\/\/semmelweis.hu\/minoseg\/files\/2024\/02\/SE-MFI-SZI-MU-04-A05.pdf\">SE-MFI-SZI-MU-04-A05 &#8211; \u00d6sszefoglal\u00f3 jegyz\u0151k\u00f6nyv az \u00e9p\u00fclettakar\u00edt\u00e1s szolg\u00e1ltat\u00e1ssal kapcsolatos napi ellen\u0151rz\u00e9sr\u0151l<\/a><br \/>\n<a href=\"https:\/\/semmelweis.hu\/minoseg\/files\/2024\/02\/SE-MFI-SZI-MU-04-A06.docx\">SE-MFI-SZI-MU-04-A06 &#8211; Negyed\u00e9ves takar\u00edt\u00e1s \u2013 min\u0151s\u00e9gellen\u0151rz\u00e9si adatlap<\/a><br \/>\n<a href=\"https:\/\/semmelweis.hu\/minoseg\/files\/2024\/02\/SE-MFI-SZI-MU-04-A07.docx\">SE-MFI-SZI-MU-04-A07 &#8211; Takar\u00edt\u00e1s ellen\u0151rz\u00e9se &#8211; munkafolyamatok le\u00edr\u00e1sa \u00e9s min\u0151s\u00e9g-ellen\u0151rz\u00e9s szempontjai<\/a><br \/>\n<a href=\"https:\/\/semmelweis.hu\/minoseg\/files\/2024\/02\/SE-MFI-SZI-MU-04-A08.docx\">SE-MFI-SZI-MU-04-A08 &#8211; Takar\u00edt\u00e1s ellen\u0151rz\u00e9se \u00e9s kell\u00e9kszavatoss\u00e1g \u00e9rv\u00e9nyes\u00edt\u00e9se<\/a><\/li>\n<\/ul>\n<ul>\n<li><a href=\"https:\/\/semmelweis.hu\/minoseg\/files\/2024\/02\/SE-MFI-SZI-MU-05.docx\">SE-MFI-SZI-MU-05 &#8211; Text\u00edli\u00e1k \u00e1tv\u00e9tele \u00e9s \u00e1tad\u00e1sa folyamat<\/a><br \/>\n<a href=\"https:\/\/semmelweis.hu\/minoseg\/files\/2024\/02\/SE-MFI-SZI-MU-05-fedlap.pdf\">SE-MFI-SZI-MU-05 &#8211; fedlap<\/a><br \/>\n<a href=\"https:\/\/semmelweis.hu\/minoseg\/files\/2024\/02\/SE-MFI-SZI-MU-05-M01.doc\">SE-MFI-SZI-MU-05-M01 &#8211; Szennyes text\u00edlia besz\u00e1ll\u00edt\u00e1si-, \u00e9s tiszta text\u00edlia kisz\u00e1ll\u00edt\u00e1si rendje csererendszerben. Szennyes orvosi text\u00edlia besz\u00e1ll\u00edt\u00e1s\u00e1nak rendje.Tiszta orvosi text\u00edlia kisz\u00e1ll\u00edt\u00e1s\u00e1nak rendje.\u00dczemben \u00e1tadand\u00f3 szervezeti egys\u00e9gek jegyz\u00e9ke (t\u00e9teles sz\u00e1ml\u00e1l\u00e1s a Balassa u. 8-ban)<\/a><br \/>\n<a href=\"https:\/\/semmelweis.hu\/minoseg\/files\/2024\/02\/SE-MFI-SZI-MU-05-M02.docx\">SE-MFI-SZI-MU-05-M02 &#8211; Mos\u00e1si jegyz\u00e9k (k\u00f6zponti csererendszerbe nem tartoz\u00f3 text\u00edli\u00e1r\u00f3l)<\/a><br \/>\n<a href=\"https:\/\/semmelweis.hu\/minoseg\/files\/2024\/02\/SE-MFI-SZI-MU-05-M03.docx\">SE-MFI-SZI-MU-05-M03 &#8211; Mosat\u00e1si jegyz\u00e9k (k\u00f6zponti csererendszerbe tartoz\u00f3 text\u00edli\u00e1r\u00f3l)<\/a><br \/>\n<a href=\"https:\/\/semmelweis.hu\/minoseg\/files\/2024\/02\/SE-MFI-SZI-MU-05-M04.pdf\">SE-MFI-SZI-MU-05 -M04 &#8211; TMR \u2013 Textil mos\u00e1si rendszer \u2013 szennyes textilterm\u00e9kek r\u00f6gz\u00edt\u00e9se \/ szerz\u0151d\u00f6tt alv\u00e1llalkoz\u00f3 \u00e9s a Semmelweis Egyetem k\u00f6z\u00f6tt\u00a0<\/a><\/p>\n<\/li>\n<\/ul>\n<ul>\n<li><a href=\"https:\/\/semmelweis.hu\/minoseg\/files\/2015\/08\/SE-MFI-SZI-MU-09.doc\">SE-MFI-SZI-MU-09 &#8211; A k\u00e9szenl\u00e9ti szolg\u00e1lat \u00e1tad\u00e1s-\u00e1tv\u00e9tel\u00e9nek folyamata<\/a><br \/>\n<a href=\"https:\/\/semmelweis.hu\/minoseg\/files\/2015\/08\/SE-MFI-SZI-MU-09.pdf\">SE-MFI-SZI-MU-09 &#8211; fedlap<\/a><\/li>\n<\/ul>\n<ul>\n<li><a href=\"https:\/\/semmelweis.hu\/minoseg\/files\/2021\/04\/SE-MFI-SZI-MU-11.docx\"> SE-MFI-SZI-MU-11 &#8211; Munkautas\u00edt\u00e1s a Semmelweis Egyetem g\u00e9pkocsivezet\u0151i r\u00e9sz\u00e9re<\/a><br \/>\n<a href=\"https:\/\/semmelweis.hu\/minoseg\/files\/2021\/04\/SE-MFI-SZI-MU-11-fedlap.pdf\">SE-MFI-SZI-MU-11 &#8211; fedlap<\/a><\/li>\n<\/ul>\n","protected":false},"excerpt":{"rendered":"<p>Min\u0151s\u00e9g\u00fcgyi dokumentumok.<\/p>\n","protected":false},"author":326,"featured_media":0,"parent":1621,"menu_order":16,"comment_status":"closed","ping_status":"closed","template":"","meta":{"_acf_changed":false,"footnotes":""},"categories":[],"tags":[],"class_list":["post-3262","page","type-page","status-publish","hentry"],"acf":[],"_links":{"self":[{"href":"https:\/\/semmelweis.hu\/minoseg\/wp-json\/wp\/v2\/pages\/3262","targetHints":{"allow":["GET"]}}],"collection":[{"href":"https:\/\/semmelweis.hu\/minoseg\/wp-json\/wp\/v2\/pages"}],"about":[{"href":"https:\/\/semmelweis.hu\/minoseg\/wp-json\/wp\/v2\/types\/page"}],"author":[{"embeddable":true,"href":"https:\/\/semmelweis.hu\/minoseg\/wp-json\/wp\/v2\/users\/326"}],"replies":[{"embeddable":true,"href":"https:\/\/semmelweis.hu\/minoseg\/wp-json\/wp\/v2\/comments?post=3262"}],"version-history":[{"count":10,"href":"https:\/\/semmelweis.hu\/minoseg\/wp-json\/wp\/v2\/pages\/3262\/revisions"}],"predecessor-version":[{"id":19878,"href":"https:\/\/semmelweis.hu\/minoseg\/wp-json\/wp\/v2\/pages\/3262\/revisions\/19878"}],"up":[{"embeddable":true,"href":"https:\/\/semmelweis.hu\/minoseg\/wp-json\/wp\/v2\/pages\/1621"}],"wp:attachment":[{"href":"https:\/\/semmelweis.hu\/minoseg\/wp-json\/wp\/v2\/media?parent=3262"}],"wp:term":[{"taxonomy":"category","embeddable":true,"href":"https:\/\/semmelweis.hu\/minoseg\/wp-json\/wp\/v2\/categories?post=3262"},{"taxonomy":"post_tag","embeddable":true,"href":"https:\/\/semmelweis.hu\/minoseg\/wp-json\/wp\/v2\/tags?post=3262"}],"curies":[{"name":"wp","href":"https:\/\/api.w.org\/{rel}","templated":true}]}}

Szolgáltatási Igazgatóság

<p><strong>Minőségügyi dokumentum &#8211; munkautasítás</strong></p>
<ul>
<li><a href="https://semmelweis.hu/minoseg/files/2024/02/SE-MFI-SZI-MU-03.doc">SE-MFI-SZI-MU-03 &#8211; A kiszervezett élelmezés monitorizálásának folyamata</a><br />
<a href="https://semmelweis.hu/minoseg/files/2024/02/SE-MFI-SZI-MU-03-fedlap.pdf">SE-MFI-SZI-MU-03 &#8211; fedlap</a><br />
<a href="https://semmelweis.hu/minoseg/files/2024/02/SE-MFI-SZI-MU-03-A01.docx">SE-MFI-SZI-MU-03-A01 &#8211; Fekvőbetegek részére biztosított közétkeztetés negyedéves minőségfelmérés kérdőíve</a><br />
<a href="https://semmelweis.hu/minoseg/files/2024/02/SE-MFI-SZI-MU-03-A02.docx">SE-MFI-SZI-MU-03-A02- Adatlap élelmezéssel kapcsolatos hibák és panaszok bejelentésére</a></li>
</ul>
<ul>
<li><a href="https://semmelweis.hu/minoseg/files/2024/02/SE-MFI-SZI-MU-04-.docx">SE-MFI-SZI-MU-04 &#8211; A kiszervezett takarítás monitorizálásának folyamata</a><br />
SE-MFI-SZI-MU-04 &#8211; fedlap<br />
<a href="https://semmelweis.hu/minoseg/files/2024/02/SE-MFI-SZI-MU-04-A01.xlsx">SE-MFI-SZI-MU-04-A01 &#8211; Takarítási terv minta</a><br />
<a href="https://semmelweis.hu/minoseg/files/2024/02/SE-MFI-SZI-MU-04-A03.docx">SE-MFI-SZI-MU-04-A03 -Hibanapló</a><br />
<a href="https://semmelweis.hu/minoseg/files/2024/02/SE-MFI-SZI-MU-04-A05.pdf">SE-MFI-SZI-MU-04-A05 &#8211; Összefoglaló jegyzőkönyv az épülettakarítás szolgáltatással kapcsolatos napi ellenőrzésről</a><br />
<a href="https://semmelweis.hu/minoseg/files/2024/02/SE-MFI-SZI-MU-04-A06.docx">SE-MFI-SZI-MU-04-A06 &#8211; Negyedéves takarítás – minőségellenőrzési adatlap</a><br />
<a href="https://semmelweis.hu/minoseg/files/2024/02/SE-MFI-SZI-MU-04-A07.docx">SE-MFI-SZI-MU-04-A07 &#8211; Takarítás ellenőrzése &#8211; munkafolyamatok leírása és minőség-ellenőrzés szempontjai</a><br />
<a href="https://semmelweis.hu/minoseg/files/2024/02/SE-MFI-SZI-MU-04-A08.docx">SE-MFI-SZI-MU-04-A08 &#8211; Takarítás ellenőrzése és kellékszavatosság érvényesítése</a></li>
</ul>
<ul>
<li><a href="https://semmelweis.hu/minoseg/files/2024/02/SE-MFI-SZI-MU-05.docx">SE-MFI-SZI-MU-05 &#8211; Textíliák átvétele és átadása folyamat</a><br />
<a href="https://semmelweis.hu/minoseg/files/2024/02/SE-MFI-SZI-MU-05-fedlap.pdf">SE-MFI-SZI-MU-05 &#8211; fedlap</a><br />
<a href="https://semmelweis.hu/minoseg/files/2024/02/SE-MFI-SZI-MU-05-M01.doc">SE-MFI-SZI-MU-05-M01 &#8211; Szennyes textília beszállítási-, és tiszta textília kiszállítási rendje csererendszerben. Szennyes orvosi textília beszállításának rendje.Tiszta orvosi textília kiszállításának rendje.Üzemben átadandó szervezeti egységek jegyzéke (tételes számlálás a Balassa u. 8-ban)</a><br />
<a href="https://semmelweis.hu/minoseg/files/2024/02/SE-MFI-SZI-MU-05-M02.docx">SE-MFI-SZI-MU-05-M02 &#8211; Mosási jegyzék (központi csererendszerbe nem tartozó textíliáról)</a><br />
<a href="https://semmelweis.hu/minoseg/files/2024/02/SE-MFI-SZI-MU-05-M03.docx">SE-MFI-SZI-MU-05-M03 &#8211; Mosatási jegyzék (központi csererendszerbe tartozó textíliáról)</a><br />
<a href="https://semmelweis.hu/minoseg/files/2024/02/SE-MFI-SZI-MU-05-M04.pdf">SE-MFI-SZI-MU-05 -M04 &#8211; TMR – Textil mosási rendszer – szennyes textiltermékek rögzítése / szerződött alvállalkozó és a Semmelweis Egyetem között </a></p>
</li>
</ul>
<ul>
<li><a href="https://semmelweis.hu/minoseg/files/2015/08/SE-MFI-SZI-MU-09.doc">SE-MFI-SZI-MU-09 &#8211; A készenléti szolgálat átadás-átvételének folyamata</a><br />
<a href="https://semmelweis.hu/minoseg/files/2015/08/SE-MFI-SZI-MU-09.pdf">SE-MFI-SZI-MU-09 &#8211; fedlap</a></li>
</ul>
<ul>
<li><a href="https://semmelweis.hu/minoseg/files/2021/04/SE-MFI-SZI-MU-11.docx"> SE-MFI-SZI-MU-11 &#8211; Munkautasítás a Semmelweis Egyetem gépkocsivezetői részére</a><br />
<a href="https://semmelweis.hu/minoseg/files/2021/04/SE-MFI-SZI-MU-11-fedlap.pdf">SE-MFI-SZI-MU-11 &#8211; fedlap</a></li>
</ul>

<p>Minőségügyi dokumentumok.</p>
