{"id":23,"date":"2013-11-07T18:09:50","date_gmt":"2013-11-07T16:09:50","guid":{"rendered":"http:\/\/semmelweis-egyetem.hu\/kulfoldi-hallgatok-titkarsaga\/impresszum\/"},"modified":"2024-05-24T12:27:03","modified_gmt":"2024-05-24T10:27:03","slug":"impresszum","status":"publish","type":"page","link":"https:\/\/semmelweis.hu\/minoseg\/impresszum\/","title":{"rendered":"Impresszum"},"content":{"rendered":"<p>Felel\u0151s kiad\u00f3: Semmelweis Egyetem<\/p>\n<p>Egys\u00e9g neve: Min\u0151s\u00e9gbiztos\u00edt\u00e1si Oszt\u00e1ly<\/p>\n<p>Egys\u00e9g vezet\u0151je: Horv\u00e1th Anik\u00f3 oszt\u00e1lyvezet\u0151<\/p>\n<p>A honlap szerkeszt\u0151je: Kov\u00e1csn\u00e9 Sz\u0171cs \u00c9va adminisztrat\u00edv asszisztens<\/p>\n<p>E-mail a honlap szerkeszt\u0151j\u00e9nek:\u00a0<a href=\"mailto:minoseg@semmelweis.hu\">minoseg@semmelweis.hu<\/a><\/p>\n","protected":false},"excerpt":{"rendered":"<p>Felel\u0151s kiad\u00f3: Semmelweis Egyetem<br \/>\nEgys\u00e9g neve: Min\u0151s\u00e9gbiztos\u00edt\u00e1si Oszt\u00e1ly<br \/>\nEgys\u00e9g vezet\u0151je: Horv\u00e1th Anik\u00f3 oszt\u00e1lyvezet\u0151<br \/>\nA honlap szerkeszt\u0151je: Kov\u00e1csn\u00e9 Sz\u0171cs \u00c9va adminisztrat\u00edv asszisztens<br \/>\nE-mail a honlap szerkeszt\u0151j\u00e9nek: minoseg@semmelweis.hu\t<\/p>\n","protected":false},"author":158,"featured_media":0,"parent":0,"menu_order":10,"comment_status":"closed","ping_status":"closed","template":"","meta":{"_acf_changed":false,"footnotes":""},"categories":[],"tags":[],"class_list":["post-23","page","type-page","status-publish","hentry"],"acf":[],"_links":{"self":[{"href":"https:\/\/semmelweis.hu\/minoseg\/wp-json\/wp\/v2\/pages\/23","targetHints":{"allow":["GET"]}}],"collection":[{"href":"https:\/\/semmelweis.hu\/minoseg\/wp-json\/wp\/v2\/pages"}],"about":[{"href":"https:\/\/semmelweis.hu\/minoseg\/wp-json\/wp\/v2\/types\/page"}],"author":[{"embeddable":true,"href":"https:\/\/semmelweis.hu\/minoseg\/wp-json\/wp\/v2\/users\/158"}],"replies":[{"embeddable":true,"href":"https:\/\/semmelweis.hu\/minoseg\/wp-json\/wp\/v2\/comments?post=23"}],"version-history":[{"count":10,"href":"https:\/\/semmelweis.hu\/minoseg\/wp-json\/wp\/v2\/pages\/23\/revisions"}],"predecessor-version":[{"id":17940,"href":"https:\/\/semmelweis.hu\/minoseg\/wp-json\/wp\/v2\/pages\/23\/revisions\/17940"}],"wp:attachment":[{"href":"https:\/\/semmelweis.hu\/minoseg\/wp-json\/wp\/v2\/media?parent=23"}],"wp:term":[{"taxonomy":"category","embeddable":true,"href":"https:\/\/semmelweis.hu\/minoseg\/wp-json\/wp\/v2\/categories?post=23"},{"taxonomy":"post_tag","embeddable":true,"href":"https:\/\/semmelweis.hu\/minoseg\/wp-json\/wp\/v2\/tags?post=23"}],"curies":[{"name":"wp","href":"https:\/\/api.w.org\/{rel}","templated":true}]}}

<p>Felelős kiadó: Semmelweis Egyetem</p>
<p>Egység neve: Minőségbiztosítási Osztály</p>
<p>Egység vezetője: Horváth Anikó osztályvezető</p>
<p>A honlap szerkesztője: Kovácsné Szűcs Éva adminisztratív asszisztens</p>
<p>E-mail a honlap szerkesztőjének: <a href="mailto:minoseg@semmelweis.hu">minoseg@semmelweis.hu</a></p>

<p>Felelős kiadó: Semmelweis Egyetem<br />
Egység neve: Minőségbiztosítási Osztály<br />
Egység vezetője: Horváth Anikó osztályvezető<br />
A honlap szerkesztője: Kovácsné Szűcs Éva adminisztratív asszisztens<br />
E-mail a honlap szerkesztőjének: minoseg@semmelweis.hu	</p>
