{"id":1971,"date":"2014-09-24T12:44:04","date_gmt":"2014-09-24T10:44:04","guid":{"rendered":"http:\/\/semmelweis.hu\/minoseg\/?page_id=1971"},"modified":"2025-04-01T12:15:16","modified_gmt":"2025-04-01T10:15:16","slug":"iii-sz-belgyogyaszati-klinika","status":"publish","type":"page","link":"https:\/\/semmelweis.hu\/minoseg\/mir-dokumentacio\/aok-klinikak\/belgyogyaszati-es-hematologiai-klinika\/iii-sz-belgyogyaszati-klinika\/","title":{"rendered":"III. sz. Belgy\u00f3gy\u00e1szati Klinika"},"content":{"rendered":"<p><strong>Min\u0151s\u00e9g\u00fcgyi dokumentum &#8211; elj\u00e1r\u00e1s<\/strong><\/p>\n<ul>\n<li><a href=\"https:\/\/semmelweis.hu\/minoseg\/files\/2018\/01\/SE-BEL3-ME-01.docx\">SE-BEL3-ME-01 &#8211; Fekv\u0151beteg-ell\u00e1t\u00e1s fel\u00fcgyelete<\/a><br \/>\n<a href=\"https:\/\/semmelweis.hu\/minoseg\/files\/2018\/01\/SE-BEL3-ME-01-fedlap.pdf\" target=\"_blank\" rel=\"noopener noreferrer\">SE-BEL3-ME-01 &#8211; fedlap<\/a><br \/>\n<a href=\"https:\/\/semmelweis.hu\/minoseg\/files\/2014\/09\/SE-BEL3-ME-01-M01.docx\">SE-BEL3-ME-01-M01 &#8211; 1997. \u00e9vi CLIV. t\u00f6rv\u00e9ny az eg\u00e9szs\u00e9g\u00fcgyr\u0151l VI. fejezet Az eg\u00e9szs\u00e9g\u00fcgyi dolgoz\u00f3k jogai \u00e9s k\u00f6telezetts\u00e9gei. Az ell\u00e1t\u00e1s megtagad\u00e1s\u00e1nak joga<\/a>\u00a0<\/p>\n<\/li>\n<\/ul>\n<ul>\n<li><a href=\"https:\/\/semmelweis.hu\/minoseg\/files\/2018\/01\/SE-BEL3-ME-02.docx\">SE-BEL3-ME-02 &#8211; J\u00e1r\u00f3beteg-ell\u00e1t\u00e1s fel\u00fcgyelete<\/a><br \/>\n<a href=\"https:\/\/semmelweis.hu\/minoseg\/files\/2018\/01\/SE-BEL3-ME-02-fedlap.pdf\">SE-BEL3-ME-02-fedlap<\/a><\/li>\n<\/ul>\n<p><strong>Min\u0151s\u00e9g\u00fcgyi dokumentum &#8211; Egys\u00e9gszint\u0171 M\u0171k\u00f6d\u00e9si Szab\u00e1lyzat<\/strong><\/p>\n<ul>\n<li><a href=\"https:\/\/semmelweis.hu\/minoseg\/files\/2018\/01\/SE-BEL3-1EM-EMSZ.docx\">SE-BEL3-1EM-EMSZ &#8211; Haematol\u00f3giai r\u00e9szleg \u00e9s Onkol\u00f3giai r\u00e9szleg Egys\u00e9gszint\u0171 M\u0171k\u00f6d\u00e9si Szab\u00e1lyzat<\/a><br \/>\n<a href=\"https:\/\/semmelweis.hu\/minoseg\/files\/2018\/01\/SE-BEL3-1EM-EMSZ-fedlap.pdf\">SE-BEL3-1EM-EMSZ &#8211; fedlap<\/a><br \/>\n<a href=\"https:\/\/semmelweis.hu\/minoseg\/files\/2014\/09\/SE-BEL3-1EM-EMSZ-M01.docx\">SE-BEL3-1EM-EMSZ-M01 &#8211; \u00c1pol\u00f3i munkarend<\/a><\/li>\n<\/ul>\n<ul>\n<li><a href=\"https:\/\/semmelweis.hu\/minoseg\/files\/2018\/01\/SE-BEL3-2EM-EMSZ.docx\">SE-BEL3-2EM-EMSZ &#8211; \u00c1ltal\u00e1nos belgy\u00f3gy\u00e1szati (kardiol\u00f3giai) r\u00e9szleg Egys\u00e9gszint\u0171 M\u0171k\u00f6d\u00e9si Szab\u00e1lyzat<\/a><br \/>\n<a href=\"https:\/\/semmelweis.hu\/minoseg\/files\/2018\/01\/SE-BEL3-2EM-EMSZ-fedlap.pdf\">SE-BEL3-2EM-EMSZ &#8211; fedlap<\/a><br \/>\n<a href=\"https:\/\/semmelweis.hu\/minoseg\/files\/2014\/09\/SE-BEL3-2EM-EMSZ-M01.docx\">SE-BEL3-2EM-EMSZ-M01 &#8211; \u00c1pol\u00f3i munkarend<\/a><\/li>\n<\/ul>\n<ul>\n<li><a href=\"https:\/\/semmelweis.hu\/minoseg\/files\/2018\/01\/SE-BEL3-3EM-EMSZ.docx\">SE-BEL3-3EM-EMSZ &#8211; Endokrinol\u00f3giai r\u00e9szleg \u00e9s Immunol\u00f3giai r\u00e9szleg Egys\u00e9gszint\u0171 M\u0171k\u00f6d\u00e9si Szab\u00e1lyzat<\/a><br \/>\n<a href=\"https:\/\/semmelweis.hu\/minoseg\/files\/2018\/01\/SE-BEL3-3EM-EMSZ-fedlap.pdf\">SE-BEL3-3EM-EMSZ &#8211; fedlap<\/a><br \/>\n<a href=\"https:\/\/semmelweis.hu\/minoseg\/files\/2014\/09\/SE-BEL3-3EM-EMSZ-M01.docx\"> SE-BEL3-3EM-EMSZ-M01 &#8211; \u00c1pol\u00f3i munkarend<\/a><\/li>\n<\/ul>\n<ul>\n<li><a href=\"https:\/\/semmelweis.hu\/minoseg\/files\/2018\/01\/SE-BEL3-AMB-EMSZ.docx\">SE-BEL3-AMB-EMSZ &#8211; Szakambulanci\u00e1k Egys\u00e9gszint\u0171 M\u0171k\u00f6d\u00e9si Szab\u00e1lyzat<\/a><br \/>\n<a href=\"https:\/\/semmelweis.hu\/minoseg\/files\/2018\/01\/SE-BEL3-AMB-EMSZ-fedlap.pdf\">SE-BEL3-AMB-EMSZ &#8211; fedlap<\/a><\/li>\n<\/ul>\n<ul>\n<li><a href=\"https:\/\/semmelweis.hu\/minoseg\/files\/2018\/01\/SE-BEL3-KURA-EMSZ.docx\"> SE-BEL3-KURA-EMSZ &#8211; K\u00faraszer\u0171 r\u00e9szleg Egys\u00e9gszint\u0171 M\u0171k\u00f6d\u00e9si Szab\u00e1lyzat<\/a><br \/>\n<a href=\"https:\/\/semmelweis.hu\/minoseg\/files\/2018\/01\/SE-BEL3-KURA-EMSZ-fedlap.pdf\">SE-BEL3-KURA-EMSZ &#8211; fedlap<\/a><br \/>\n<a href=\"https:\/\/semmelweis.hu\/minoseg\/files\/2014\/09\/SE-BEL3-KURA-EMSZ-M01.docx\"> SE-BEL3-KURA-EMSZ-M01 &#8211; \u00c1pol\u00f3i munkarend<\/a><\/li>\n<\/ul>\n<ul>\n<li><a href=\"https:\/\/semmelweis.hu\/minoseg\/files\/2018\/01\/SE-BEL3-KUTLAB-EMSZ.docx\"> SE-BEL3-KUTLAB-EMSZ &#8211; Kutat\u00f3laborat\u00f3rium Egys\u00e9gszint\u0171 M\u0171k\u00f6d\u00e9si Szab\u00e1lyzat<\/a><br \/>\n<a href=\"https:\/\/semmelweis.hu\/minoseg\/files\/2018\/01\/SE-BEL3-KUTLAB-EMSZ-fedlap.pdf\">SE-BEL3-KUTLAB-EMSZ &#8211; fedlap<\/a><br \/>\n<a href=\"https:\/\/semmelweis.hu\/minoseg\/files\/2014\/09\/SE-BEL3-KUTLAB-EMSZ-M01.docx\">SE-BEL3-KUTLAB-EMSZ-M01 &#8211; M\u0171szerek list\u00e1ja<\/a><br \/>\n<a href=\"https:\/\/semmelweis.hu\/minoseg\/files\/2018\/01\/SE-BEL3-KUTLAB-EMSZ-M02.docx\">SE-BEL3-KUTLAB-EMSZ-M02 &#8211; M\u00e9r\u00e9si protokollok<\/a><\/li>\n<\/ul>\n<ul>\n<li><a href=\"https:\/\/semmelweis.hu\/minoseg\/files\/2018\/01\/SE-BEL3-SBH-EMSZ.docx\">SE-BEL3-SBH-EMSZ &#8211; S\u00fcrg\u0151ss\u00e9gi Betegfogad\u00f3 Hely Egys\u00e9gszint\u0171 M\u0171k\u00f6d\u00e9si Szab\u00e1lyzat<\/a><br \/>\n<a href=\"https:\/\/semmelweis.hu\/minoseg\/files\/2018\/01\/SE-BEL3-SBH-EMSZ-fedlap.pdf\">SE-BEL3-SBH-EMSZ &#8211; fedlap<\/a><br \/>\n<a href=\"https:\/\/semmelweis.hu\/minoseg\/files\/2014\/09\/SE-BEL3-SBH-EMSZ-M01.docx\">SE-BEL3-SBH-EMSZ-M01 &#8211; \u00c1pol\u00f3i munkarend<\/a><\/li>\n<\/ul>\n","protected":false},"excerpt":{"rendered":"<p>Min\u0151s\u00e9g\u00fcgyi dokumentumok.<\/p>\n","protected":false},"author":326,"featured_media":0,"parent":12177,"menu_order":2,"comment_status":"closed","ping_status":"closed","template":"","meta":{"_acf_changed":false,"footnotes":""},"categories":[],"tags":[],"class_list":["post-1971","page","type-page","status-publish","hentry"],"acf":[],"_links":{"self":[{"href":"https:\/\/semmelweis.hu\/minoseg\/wp-json\/wp\/v2\/pages\/1971","targetHints":{"allow":["GET"]}}],"collection":[{"href":"https:\/\/semmelweis.hu\/minoseg\/wp-json\/wp\/v2\/pages"}],"about":[{"href":"https:\/\/semmelweis.hu\/minoseg\/wp-json\/wp\/v2\/types\/page"}],"author":[{"embeddable":true,"href":"https:\/\/semmelweis.hu\/minoseg\/wp-json\/wp\/v2\/users\/326"}],"replies":[{"embeddable":true,"href":"https:\/\/semmelweis.hu\/minoseg\/wp-json\/wp\/v2\/comments?post=1971"}],"version-history":[{"count":11,"href":"https:\/\/semmelweis.hu\/minoseg\/wp-json\/wp\/v2\/pages\/1971\/revisions"}],"predecessor-version":[{"id":19548,"href":"https:\/\/semmelweis.hu\/minoseg\/wp-json\/wp\/v2\/pages\/1971\/revisions\/19548"}],"up":[{"embeddable":true,"href":"https:\/\/semmelweis.hu\/minoseg\/wp-json\/wp\/v2\/pages\/12177"}],"wp:attachment":[{"href":"https:\/\/semmelweis.hu\/minoseg\/wp-json\/wp\/v2\/media?parent=1971"}],"wp:term":[{"taxonomy":"category","embeddable":true,"href":"https:\/\/semmelweis.hu\/minoseg\/wp-json\/wp\/v2\/categories?post=1971"},{"taxonomy":"post_tag","embeddable":true,"href":"https:\/\/semmelweis.hu\/minoseg\/wp-json\/wp\/v2\/tags?post=1971"}],"curies":[{"name":"wp","href":"https:\/\/api.w.org\/{rel}","templated":true}]}}