{"id":168,"date":"2014-05-15T17:30:42","date_gmt":"2014-05-15T15:30:42","guid":{"rendered":"http:\/\/semmelweis.hu\/minoseg\/?page_id=168"},"modified":"2025-07-30T13:43:23","modified_gmt":"2025-07-30T11:43:23","slug":"se-mu-munkautasitasok","status":"publish","type":"page","link":"https:\/\/semmelweis.hu\/minoseg\/mir-dokumentacio\/se-mu-munkautasitasok\/","title":{"rendered":"SE-MU MUNKAUTAS\u00cdT\u00c1SOK"},"content":{"rendered":"<div class=\"responsive-tabs\">\n<h2 class=\"tabtitle\">M\u0171k\u00f6dtet\u00e9s<\/h2>\n<div class=\"tabcontent\">\n\n<ul>\n<li><a href=\"https:\/\/semmelweis.hu\/minoseg\/files\/2018\/07\/SE-MU-01.docx\">SE-MU-01 &#8211; Orvosi g\u00e1zok kezel\u00e9se<\/a><br \/>\n<a href=\"https:\/\/semmelweis.hu\/minoseg\/files\/2018\/07\/SE-MU-01-fedlap.pdf\" target=\"_blank\" rel=\"noopener noreferrer\">SE-MU-01 &#8211; fedlap<\/a><\/li>\n<\/ul>\n<p style=\"padding-left: 60px\">SE-MU-01-A01 &#8211; Megrendel\u0151lap (Eg\u00e9szs\u00e9g\u00fcgyi g\u00e1zok)<br \/>\nSE-MU-01-A02 &#8211; Megrendel\u0151lap ((Ipari g\u00e1zok)<br \/>\nSE-MU-01-A03 &#8211; Megrendel\u0151lap (K\u00fcl\u00f6nleges g\u00e1zok)<br \/>\nSE-MU-01-A04 &#8211; Megrendel\u0151lap (Sz\u00e1razj\u00e9g)<br \/>\nSE-MU-01-A05 &#8211; Megrendel\u0151lap (Cseppfoly\u00f3s nitrog\u00e9n vagy h\u00e9lium)<\/p>\n<ul>\n<li><a href=\"https:\/\/semmelweis.hu\/minoseg\/files\/2018\/07\/SE-MU-01-A06.docx\">SE-MU-01-A06 &#8211; Eg\u00e9szs\u00e9g\u00fcgyi g\u00e1zok klinikai\/int\u00e9zeti nyilv\u00e1ntart\u00f3 kartonja<\/a><\/li>\n<li><a href=\"https:\/\/semmelweis.hu\/minoseg\/files\/2018\/07\/SE-MU-01-A07.docx\">SE-MU-01-A07 &#8211; \u00dcres palack \u00e1tad\u00e1sa a sz\u00e1ll\u00edt\u00f3nak<\/a><\/li>\n<\/ul>\n\n<\/div><h2 class=\"tabtitle\">Betegell\u00e1t\u00e1s<\/h2>\n<div class=\"tabcontent\">\n\n<ul>\n<li><a href=\"https:\/\/semmelweis.hu\/minoseg\/files\/2018\/07\/SE-MU-03.docx\">SE-MU-03 &#8211; Preoperat\u00edv vizsg\u00e1lati elj\u00e1r\u00e1srend<\/a><br \/>\n<a href=\"https:\/\/semmelweis.hu\/minoseg\/files\/2018\/07\/SE-MU-03-fedlap.pdf\" target=\"_blank\" rel=\"noopener noreferrer\">SE-MU-03 &#8211; fedlap<\/a><\/li>\n<\/ul>\n<hr \/>\n<ul>\n<li><a href=\"https:\/\/semmelweis.hu\/minoseg\/files\/2019\/05\/SE-MU-05-2019-05-02.docx\">SE-MU-05 &#8211; \u00dajra\u00e9leszt\u00e9s rendje a Semmelweis Egyetem ter\u00fclet\u00e9n<\/a><br \/>\n<a href=\"https:\/\/semmelweis.hu\/minoseg\/files\/2019\/05\/SE-MU-05.pdf\">SE-MU-05 &#8211; fedlap<\/a><br \/>\n<a href=\"https:\/\/semmelweis.hu\/minoseg\/files\/2019\/05\/SE-MU-05-M01-2019-05-02.pdf\">SE-MU-05-M01 \u2012 K\u00f3rh\u00e1zi BLS Alapszint\u0171 \u00fajra\u00e9leszt\u00e9s a szervezett eg\u00e9szs\u00e9g\u00fcgyi ell\u00e1t\u00e1s keretein bel\u00fcl<\/a><br \/>\n<a href=\"https:\/\/semmelweis.hu\/minoseg\/files\/2019\/05\/SE-MU-05-M02-2019-05-02.pdf\">SE-MU-05-M02 \u2012 ABCDE-SBAR (ABCDE-gyorsvizsg\u00e1lat kritikus \u00e1llapot eset\u00e9re; SBAR hat\u00e9kony seg\u00edts\u00e9gh\u00edv\u00e1s\/refer\u00e1l\u00e1s kritikus \u00e1llapot eset\u00e9n)<\/a><br \/>\n<a href=\"https:\/\/semmelweis.hu\/minoseg\/files\/2019\/05\/SE-MU-05-M03-2019-05-02.pdf\">SE-MU-05-M03 \u2012 Feln\u0151tt ALS-algoritmus ERC \/ MRT 2015 Az Eur\u00f3pai \u00e9s a Magyar \u00dajra\u00e9leszt\u00e9si T\u00e1rsas\u00e1g 2015. \u00e9vi emelt szint\u0171 \u00fajra\u00e9leszt\u00e9si ir\u00e1nyelve alapj\u00e1n<\/a><\/li>\n<\/ul>\n<\/div><\/div>\n","protected":false},"excerpt":{"rendered":"<p>M\u0171k\u00f6d\u00e9s-betegell\u00e1t\u00e1s dokumentumok.<\/p>\n","protected":false},"author":326,"featured_media":0,"parent":123,"menu_order":3,"comment_status":"closed","ping_status":"closed","template":"","meta":{"_acf_changed":false,"footnotes":""},"categories":[],"tags":[],"class_list":["post-168","page","type-page","status-publish","hentry"],"acf":[],"_links":{"self":[{"href":"https:\/\/semmelweis.hu\/minoseg\/wp-json\/wp\/v2\/pages\/168","targetHints":{"allow":["GET"]}}],"collection":[{"href":"https:\/\/semmelweis.hu\/minoseg\/wp-json\/wp\/v2\/pages"}],"about":[{"href":"https:\/\/semmelweis.hu\/minoseg\/wp-json\/wp\/v2\/types\/page"}],"author":[{"embeddable":true,"href":"https:\/\/semmelweis.hu\/minoseg\/wp-json\/wp\/v2\/users\/326"}],"replies":[{"embeddable":true,"href":"https:\/\/semmelweis.hu\/minoseg\/wp-json\/wp\/v2\/comments?post=168"}],"version-history":[{"count":11,"href":"https:\/\/semmelweis.hu\/minoseg\/wp-json\/wp\/v2\/pages\/168\/revisions"}],"predecessor-version":[{"id":20325,"href":"https:\/\/semmelweis.hu\/minoseg\/wp-json\/wp\/v2\/pages\/168\/revisions\/20325"}],"up":[{"embeddable":true,"href":"https:\/\/semmelweis.hu\/minoseg\/wp-json\/wp\/v2\/pages\/123"}],"wp:attachment":[{"href":"https:\/\/semmelweis.hu\/minoseg\/wp-json\/wp\/v2\/media?parent=168"}],"wp:term":[{"taxonomy":"category","embeddable":true,"href":"https:\/\/semmelweis.hu\/minoseg\/wp-json\/wp\/v2\/categories?post=168"},{"taxonomy":"post_tag","embeddable":true,"href":"https:\/\/semmelweis.hu\/minoseg\/wp-json\/wp\/v2\/tags?post=168"}],"curies":[{"name":"wp","href":"https:\/\/api.w.org\/{rel}","templated":true}]}}