{"id":1614,"date":"2007-09-05T10:26:46","date_gmt":"2007-09-05T08:26:46","guid":{"rendered":"http:\/\/wp.localhost\/?page_id=32"},"modified":"2025-04-01T10:34:52","modified_gmt":"2025-04-01T08:34:52","slug":"egeszsegugyi-iranyitasi-es-fejlesztesi-igazgatosag","status":"publish","type":"page","link":"https:\/\/semmelweis.hu\/minoseg\/mir-dokumentacio\/aok-klinikak\/orvosszakmai-foigazgatosag\/egeszsegugyi-iranyitasi-es-fejlesztesi-igazgatosag\/","title":{"rendered":"Eg\u00e9szs\u00e9g\u00fcgyi Ir\u00e1ny\u00edt\u00e1si \u00e9s Fejleszt\u00e9si Igazgat\u00f3s\u00e1g"},"content":{"rendered":"<p><strong>Min\u0151s\u00e9g\u00fcgyi dokumentum &#8211; munkautas\u00edt\u00e1s<\/strong><\/p>\n<ul>\n<li><a href=\"https:\/\/semmelweis.hu\/minoseg\/files\/2007\/09\/SE-OFMI-MU-01.doc\" rel=\"noopener\">SE-OFMI-MU-01 &#8211; Hibalist\u00e1k ellen\u0151rz\u00e9se<br \/>\n<\/a><a href=\"https:\/\/semmelweis.hu\/minoseg\/files\/2007\/09\/SE-OFMI-MU-01-A1.xls\" rel=\"noopener\">SE-OFMI-MU-01-A1 &#8211; Gy\u00f3gyinf\u00f3k jelent\u00e9sben szerepl\u0151 tabl\u00f3k magyar\u00e1zata<br \/>\n<\/a><a href=\"https:\/\/semmelweis.hu\/minoseg\/files\/2007\/09\/SE-OFMI-MU-01-A2.xls\" rel=\"noopener\">SE-OFMI-MU-01-A2 &#8211; Besorol\u00e1si hibalista<br \/>\n<\/a><a href=\"https:\/\/semmelweis.hu\/minoseg\/files\/2007\/09\/SE-OFMI-MU-01-A3.xls\" rel=\"noopener\">SE-OFMI-MU-01-A3 &#8211; R\u00e9szletes kimutat\u00e1s a homog\u00e9n betegs\u00e9gcsoportba sorol\u00e1sr\u00f3l<br \/>\n<\/a><a href=\"https:\/\/semmelweis.hu\/minoseg\/files\/2007\/09\/SE-OFMI-MU-01-A4.xls\" rel=\"noopener\">SE-OFMI-MU-01-A4 &#8211; Nem elsz\u00e1molt adatlapok, \u00e9s 9980, 9990 HBCS k\u00f3dba sorolt betegek list\u00e1ja<br \/>\n<\/a><a href=\"https:\/\/semmelweis.hu\/minoseg\/files\/2007\/09\/SE-OFMI-MU-01-A5.xls\" rel=\"noopener\">SE-OFMI-MU-01-A5 &#8211; Adatlapok ellen\u0151rz\u00e9se, hibalista<br \/>\n<\/a><a href=\"https:\/\/semmelweis.hu\/minoseg\/files\/2007\/09\/SE-OFMI-MU-01-A6.xls\" rel=\"noopener\">SE-OFMI-MU-01-A6 &#8211; K\u00faraszer\u0171 adatlapok ellen\u0151rz\u00e9se, hibalista<br \/>\n<\/a><a href=\"https:\/\/semmelweis.hu\/minoseg\/files\/2007\/09\/SE-OFMI-MU-01-A7.xls\">SE-OFMI-MU-01-A7 &#8211; K\u00fara besorol\u00e1si hibalista<\/a><br \/>\n<a href=\"https:\/\/semmelweis.hu\/minoseg\/files\/2007\/09\/SE-OFMI-MU-01-A8.xls\">SE-OFMI-MU-01-A8 &#8211; Nem enged\u00e9lyezett &#8222;*&#8221;-jel\u0171 HBCS esetek, amelyek a list\u00e1ban szerepl\u0151 HBCS-ben vannak elsz\u00e1molva<\/a><br \/>\n<a href=\"https:\/\/semmelweis.hu\/minoseg\/files\/2007\/09\/SE-OFMI-MU-01-A9.xls\" rel=\"noopener\">SE-OFMI-MU-01-A9 &#8211; Hibalista <\/a><\/li>\n<\/ul>\n<ul>\n<li><a href=\"https:\/\/semmelweis.hu\/minoseg\/files\/2007\/09\/SE-OFMI-MU-03.doc\" rel=\"noopener\">SE-OFMI-MU-03 &#8211; Fekv\u0151-j\u00e1r\u00f3beteg \u00e1tfed\u00e9s korrekci\u00f3ja<br \/>\n<\/a><a href=\"\/minoseg\/files\/uploads\/dokrendszer\/OFMI\/SE-OFMI-MU-03-M01.doc\" rel=\"noopener\">SE-OFMI-MU-03-M01 &#8211; Gy\u00f3gyinf\u00f3k tabl\u00f3magyar\u00e1zat<br \/>\n<\/a><a href=\"https:\/\/semmelweis.hu\/minoseg\/files\/2007\/09\/SE-OFMI-MU-03-M02.doc\" rel=\"noopener\">SE-OFMI-MU-03-M02 &#8211; Lev\u00e9l klinik\u00e1knak<br \/>\n<\/a><a href=\"https:\/\/semmelweis.hu\/minoseg\/files\/2007\/09\/SE-OFMI-MU-03-A1.xls\" rel=\"noopener\">SE-OFMI-MU-03-A1 &#8211; T\u00e9teles kimutat\u00e1s a fekv\u0151beteg-k\u00f3rh\u00e1zak k\u00f6z\u00f6tti egyidej\u0171 jelent\u00e9sekr\u0151l<br \/>\n<\/a><a href=\"https:\/\/semmelweis.hu\/minoseg\/files\/2007\/09\/SE-OFMI-MU-03-A2.xls\" rel=\"noopener\">SE-OFMI-MU-03-A2 &#8211; Fekv\u0151-j\u00e1r\u00f3 \u00e1tfed\u00e9s Egyetemen k\u00edv\u00fcli \u00e9s bel\u00fcli int\u00e9zm\u00e9nnyel<br \/>\n<\/a><a href=\"https:\/\/semmelweis.hu\/minoseg\/files\/2007\/09\/SE-OFMI-MU-03-A3.xls\" rel=\"noopener\">SE-OFMI-MU-03-A3 &#8211; Fekv\u0151 \u00e1tfed\u00e9s k\u00fcls\u0151 int\u00e9zm\u00e9nnyel <\/a><\/li>\n<\/ul>\n<ul>\n<li><a href=\"https:\/\/semmelweis.hu\/minoseg\/files\/2007\/09\/SE-OFMI-MU-04.doc\" rel=\"noopener\">SE-OFMI-MU-04 &#8211; OEP Bev\u00e9tel-feloszt\u00e1s folyamata<br \/>\n<\/a><a href=\"https:\/\/semmelweis.hu\/minoseg\/files\/2007\/09\/SE-OFMI-MU-04-A1.doc\" rel=\"noopener\">SE-OFMI-MU-04-A1 &#8211; Ambul\u00e1ns adatlap<br \/>\n<\/a><a href=\"https:\/\/semmelweis.hu\/minoseg\/files\/2007\/09\/SE-OFMI-MU-04-A2.doc\" rel=\"noopener\">SE-OFMI-MU-04-A2 &#8211; ADATLAP k\u00f3rh\u00e1zi (oszt\u00e1lyos) \u00e1pol\u00e1si esetr\u0151l<\/a><\/li>\n<\/ul>\n<ul>\n<li><a href=\"https:\/\/semmelweis.hu\/minoseg\/files\/2007\/09\/SE-OFMI-MU-05.doc\" rel=\"noopener\">SE-OFMI-MU-05 &#8211; Esetfinansz\u00edrozott tev\u00e9kenys\u00e9gek jelent\u00e9se \u00e9s elsz\u00e1mol\u00e1sa<\/a><\/li>\n<\/ul>\n<ul>\n<li><a href=\"https:\/\/semmelweis.hu\/minoseg\/files\/2007\/09\/SE-OFMI-MU-07.doc\" rel=\"noopener\">SE-OFMI-MU-07 &#8211; KVIK rendszer \u00fczemeltet\u00e9se<\/a><\/li>\n<\/ul>\n<ul>\n<li><a href=\"https:\/\/semmelweis.hu\/minoseg\/files\/2007\/09\/SE-OFMI-MU-08.doc\" rel=\"noopener\">SE-OFMI-MU-08 &#8211; \u00c1NTSZ m\u0171k\u00f6d\u00e9si enged\u00e9ly k\u00e9relme \u00e9s m\u00f3dos\u00edt\u00e1sa<br \/>\n<\/a><a href=\"https:\/\/semmelweis.hu\/minoseg\/files\/2007\/09\/SE-OFMI-MU-08-M01.pdf\" rel=\"noopener\">SE-OFMI-MU-08-M01 &#8211; Kit\u00f6lt\u00e9si \u00fatmutat\u00f3<br \/>\n<\/a><a href=\"https:\/\/semmelweis.hu\/minoseg\/files\/2007\/09\/SE-OFMI-MU-08-A1.xls\" rel=\"noopener\">SE-OFMI-MU-08-A1 &#8211; &#8222;A&#8221; lap Szolg\u00e1ltat\u00f3r\u00f3l<br \/>\n<\/a><a href=\"https:\/\/semmelweis.hu\/minoseg\/files\/2007\/09\/SE-OFMI-MU-08-A2.xls\" rel=\"noopener\">SE-OFMI-MU-08-A2 &#8211;\u00a0 &#8222;B&#8221; lap Szolg\u00e1ltat\u00e1sr\u00f3l<br \/>\n<\/a><a href=\"https:\/\/semmelweis.hu\/minoseg\/files\/2007\/09\/SE-OFMI-MU-08-A3.xls\" rel=\"noopener\">SE-OFMI-MU-08-A3 &#8211; &#8222;C&#8221; lap K\u00f6zrem\u0171k\u00f6d\u0151r\u0151l<br \/>\n<\/a><a href=\"https:\/\/semmelweis.hu\/minoseg\/files\/2007\/09\/SE-OFMI-MU-08-A4.xls\" rel=\"noopener\">SE-OFMI-MU-08-A4 &#8211; &#8222;D&#8221; lap Foglalkoztat\u00f3r\u00f3l<\/a><\/li>\n<\/ul>\n<ul>\n<li><a href=\"https:\/\/semmelweis.hu\/minoseg\/files\/2007\/09\/SE-OFMI-MU-09.doc\" rel=\"noopener\">SE-OFMI-MU-09 &#8211; Extrafinansz\u00edroz\u00e1si k\u00e9relem bead\u00e1sa<\/a><\/li>\n<\/ul>\n<ul>\n<li><a href=\"https:\/\/semmelweis.hu\/minoseg\/files\/2007\/09\/SE-OFMI-MU-10.doc\" rel=\"noopener\">SE-OFMI-MU-10 &#8211; Szolg\u00e1ltat\u00e1sok t\u00e9teles elsz\u00e1mol\u00e1s\u00e1nak ellen\u0151rz\u00e9se \u00e9s igazol\u00e1sa<br \/>\n<\/a><a href=\"https:\/\/semmelweis.hu\/minoseg\/files\/2007\/09\/SE-OFMI-MU-10-A1.xls\" rel=\"noopener\">SE-OFMI-MU-10-A1 &#8211; K\u00fcls\u0151 int\u00e9zm\u00e9ny betegell\u00e1t\u00e1s\u00e9rt fizetend\u0151 sz\u00e1ml\u00e1j\u00e1nak klinikai bont\u00e1sa<br \/>\n<\/a><a href=\"https:\/\/semmelweis.hu\/minoseg\/files\/2007\/09\/SE-OFMI-MU-10-A2.xls\" rel=\"noopener\">SE-OFMI-MU-10-A2 &#8211; Ment\u0151szolg\u00e1lat fizetend\u0151 sz\u00e1ml\u00e1j\u00e1nak klinikai bont\u00e1sa\u00a0<\/a><\/li>\n<\/ul>\n<ul>\n<li><a href=\"https:\/\/semmelweis.hu\/minoseg\/files\/2007\/09\/SE-OFMI-MU-12.doc\" rel=\"noopener\">SE-OFMI-MU-12 &#8211; T\u00e9telesen finansz\u00edrozott gy\u00f3gyszerek jelent\u00e9se \u00e9s elsz\u00e1mol\u00e1sa<\/a><span style=\"text-decoration: underline\"><span style=\"color: #0000ff;text-decoration: underline\"><span style=\"color: #0000ff;text-decoration: underline\"><br \/>\n<\/span><\/span><\/span><\/li>\n<\/ul>\n","protected":false},"excerpt":{"rendered":"<p>Min\u0151s\u00e9g\u00fcgyi dokumentumok.<\/p>\n","protected":false},"author":158,"featured_media":0,"parent":6338,"menu_order":2,"comment_status":"closed","ping_status":"closed","template":"","meta":{"_acf_changed":false,"footnotes":""},"categories":[],"tags":[],"class_list":["post-1614","page","type-page","status-publish","hentry"],"acf":[],"_links":{"self":[{"href":"https:\/\/semmelweis.hu\/minoseg\/wp-json\/wp\/v2\/pages\/1614","targetHints":{"allow":["GET"]}}],"collection":[{"href":"https:\/\/semmelweis.hu\/minoseg\/wp-json\/wp\/v2\/pages"}],"about":[{"href":"https:\/\/semmelweis.hu\/minoseg\/wp-json\/wp\/v2\/types\/page"}],"author":[{"embeddable":true,"href":"https:\/\/semmelweis.hu\/minoseg\/wp-json\/wp\/v2\/users\/158"}],"replies":[{"embeddable":true,"href":"https:\/\/semmelweis.hu\/minoseg\/wp-json\/wp\/v2\/comments?post=1614"}],"version-history":[{"count":10,"href":"https:\/\/semmelweis.hu\/minoseg\/wp-json\/wp\/v2\/pages\/1614\/revisions"}],"predecessor-version":[{"id":19921,"href":"https:\/\/semmelweis.hu\/minoseg\/wp-json\/wp\/v2\/pages\/1614\/revisions\/19921"}],"up":[{"embeddable":true,"href":"https:\/\/semmelweis.hu\/minoseg\/wp-json\/wp\/v2\/pages\/6338"}],"wp:attachment":[{"href":"https:\/\/semmelweis.hu\/minoseg\/wp-json\/wp\/v2\/media?parent=1614"}],"wp:term":[{"taxonomy":"category","embeddable":true,"href":"https:\/\/semmelweis.hu\/minoseg\/wp-json\/wp\/v2\/categories?post=1614"},{"taxonomy":"post_tag","embeddable":true,"href":"https:\/\/semmelweis.hu\/minoseg\/wp-json\/wp\/v2\/tags?post=1614"}],"curies":[{"name":"wp","href":"https:\/\/api.w.org\/{rel}","templated":true}]}}