{"id":1613,"date":"2007-09-05T10:25:48","date_gmt":"2007-09-05T08:25:48","guid":{"rendered":"http:\/\/wp.localhost\/?page_id=30"},"modified":"2025-03-26T11:47:02","modified_gmt":"2025-03-26T10:47:02","slug":"nagyvarade-teri-elmeleti-tomb","status":"publish","type":"page","link":"https:\/\/semmelweis.hu\/minoseg\/mir-dokumentacio\/kozponti-szervezeti-egysegek\/oktatasi-halozat-iranyitasi-igazgatosag\/aok-gazdasagi-igazgatosag\/nagyvarade-teri-elmeleti-tomb\/","title":{"rendered":"Nagyv\u00e1rad t\u00e9ri Elm\u00e9leti T\u00f6mb"},"content":{"rendered":"<p><strong>Min\u0151s\u00e9g\u00fcgyi dokumentum &#8211; munkautas\u00edt\u00e1s<\/strong><\/p>\n<ul>\n<li><a href=\"https:\/\/semmelweis.hu\/minoseg\/files\/2017\/12\/SE-GFI-NET-MU-02.doc\">SE-GFI-NET-MU-02 &#8211; Gazdas\u00e1gi Csoport munkautas\u00edt\u00e1s<\/a><br \/>\n<a href=\"https:\/\/semmelweis.hu\/minoseg\/files\/2007\/09\/SE-GFI-NET-MU-02-M01.doc\" rel=\"noopener\">SE-GFI-NET-MU-02-M01 &#8211; Ellen\u0151rz\u00e9si nyomvonal<br \/>\n<\/a><a href=\"https:\/\/semmelweis.hu\/minoseg\/files\/2007\/09\/SE-GFI-NET-MU-02-M02.doc\" rel=\"noopener\">SE-GFI-NET-MU-02-M02 &#8211; Kontrolldokument\u00e1ci\u00f3<\/a><\/li>\n<\/ul>\n<ul>\n<li><a href=\"https:\/\/semmelweis.hu\/minoseg\/files\/2017\/12\/SE-GFI-NET-MU-03.doc\">SE-GFI-NET-MU-03 &#8211; Lelt\u00e1r munkautas\u00edt\u00e1s<\/a><br \/>\n<a href=\"https:\/\/semmelweis.hu\/minoseg\/files\/2007\/09\/SE-GFI-NET-MU-03-M01.doc\" rel=\"noopener\">SE-GFI-NET-MU-03-M01 &#8211; Ellen\u0151rz\u00e9si nyomvonal<br \/>\n<\/a><a href=\"https:\/\/semmelweis.hu\/minoseg\/files\/2007\/09\/SE-GFI-NET-MU-03-M02.doc\" rel=\"noopener\">SE-GFI-NET-MU-03-M02 &#8211; Kontrolldokument\u00e1ci\u00f3<\/a><\/li>\n<\/ul>\n<ul>\n<li><a href=\"https:\/\/semmelweis.hu\/minoseg\/files\/2007\/09\/SE-GFI-NET-MU-04.doc\" rel=\"noopener\">SE-GFI-NET-MU-04 &#8211; Villamos \u00fczemzavar ut\u00e1ni k\u00f6telez\u0151 visszakapcsol\u00e1si \u00e9s ellen\u0151rz\u00e9si feladatok<\/a><br \/>\n<a href=\"https:\/\/semmelweis.hu\/minoseg\/files\/2007\/09\/SE-GFI-NET-MU-04-M01.doc\" rel=\"noopener\">SE-GFI-NET-MU-04-M01 &#8211; Ellen\u0151rz\u00e9si nyomvonal<br \/>\n<\/a><a href=\"https:\/\/semmelweis.hu\/minoseg\/files\/2007\/09\/SE-GFI-NET-MU-04-M02.doc\" rel=\"noopener\">SE-GFI-NET-MU-04-M02 &#8211; Kontrolldokument\u00e1ci\u00f3<\/a><\/li>\n<\/ul>\n<hr \/>\n<p><strong>T\u0171zv\u00e9delem<\/strong><\/p>\n<ul>\n<li><a href=\"https:\/\/semmelweis.hu\/minoseg\/files\/2018\/12\/tuzvedelem-2009.doc\" rel=\"noopener\">NET T\u0171zv\u00e9delmi Szab\u00e1lyzat<\/a><\/li>\n<\/ul>\n","protected":false},"excerpt":{"rendered":"<p>Min\u0151s\u00e9g\u00fcgyi dokumentumok.<\/p>\n","protected":false},"author":158,"featured_media":0,"parent":7936,"menu_order":2,"comment_status":"closed","ping_status":"closed","template":"","meta":{"_acf_changed":false,"footnotes":""},"categories":[],"tags":[],"class_list":["post-1613","page","type-page","status-publish","hentry"],"acf":[],"_links":{"self":[{"href":"https:\/\/semmelweis.hu\/minoseg\/wp-json\/wp\/v2\/pages\/1613","targetHints":{"allow":["GET"]}}],"collection":[{"href":"https:\/\/semmelweis.hu\/minoseg\/wp-json\/wp\/v2\/pages"}],"about":[{"href":"https:\/\/semmelweis.hu\/minoseg\/wp-json\/wp\/v2\/types\/page"}],"author":[{"embeddable":true,"href":"https:\/\/semmelweis.hu\/minoseg\/wp-json\/wp\/v2\/users\/158"}],"replies":[{"embeddable":true,"href":"https:\/\/semmelweis.hu\/minoseg\/wp-json\/wp\/v2\/comments?post=1613"}],"version-history":[{"count":10,"href":"https:\/\/semmelweis.hu\/minoseg\/wp-json\/wp\/v2\/pages\/1613\/revisions"}],"predecessor-version":[{"id":19690,"href":"https:\/\/semmelweis.hu\/minoseg\/wp-json\/wp\/v2\/pages\/1613\/revisions\/19690"}],"up":[{"embeddable":true,"href":"https:\/\/semmelweis.hu\/minoseg\/wp-json\/wp\/v2\/pages\/7936"}],"wp:attachment":[{"href":"https:\/\/semmelweis.hu\/minoseg\/wp-json\/wp\/v2\/media?parent=1613"}],"wp:term":[{"taxonomy":"category","embeddable":true,"href":"https:\/\/semmelweis.hu\/minoseg\/wp-json\/wp\/v2\/categories?post=1613"},{"taxonomy":"post_tag","embeddable":true,"href":"https:\/\/semmelweis.hu\/minoseg\/wp-json\/wp\/v2\/tags?post=1613"}],"curies":[{"name":"wp","href":"https:\/\/api.w.org\/{rel}","templated":true}]}}