{"id":1607,"date":"2007-09-05T10:19:43","date_gmt":"2007-09-05T08:19:43","guid":{"rendered":"http:\/\/wp.localhost\/?page_id=23"},"modified":"2025-04-01T13:39:32","modified_gmt":"2025-04-01T11:39:32","slug":"kontrolling-igazgatosag","status":"publish","type":"page","link":"https:\/\/semmelweis.hu\/minoseg\/mir-dokumentacio\/kozponti-szervezeti-egysegek\/kontrolling-igazgatosag\/","title":{"rendered":"Kontrolling Igazgat\u00f3s\u00e1g"},"content":{"rendered":"<p><strong>Min\u0151s\u00e9g\u00fcgyi dokumentum &#8211; munkautas\u00edt\u00e1s<\/strong><\/p>\n<ul>\n<li><a href=\"https:\/\/semmelweis.hu\/minoseg\/files\/2021\/05\/SE-GFI-KONT-MU-03.docx\">SE-GFI-KONT-MU-03 &#8211; \u00c1tcsoportos\u00edt\u00e1si folyamat<\/a><\/li>\n<li><a href=\"https:\/\/semmelweis.hu\/minoseg\/files\/2021\/05\/SE-GFI-KONT-MU-03-Fedlap.pdf\">SE-GFFI-KONT-MU-03 &#8211; fedlap<\/a><\/li>\n<\/ul>\n<ul>\n<li><a href=\"https:\/\/semmelweis.hu\/minoseg\/files\/2021\/05\/SE-GFI-KONT-MU-05.docx\">SE-GFI-KONT-MU-05 &#8211; Az AVIR rendszer m\u0171k\u00f6dtet\u00e9se<\/a><br \/>\n<a href=\"https:\/\/semmelweis.hu\/minoseg\/files\/2021\/05\/SE-GFI-KONT-MU-05-Fedlap.pdf\">SE-GFI-KONT-MU-05 &#8211; fedlap<\/a><br \/>\n<a href=\"https:\/\/semmelweis.hu\/minoseg\/files\/2021\/05\/SE-GFI-KONT-MU-05-M01.docx\">SE-GFI-KONT-MU-05-M01 &#8211; AVIR inputok eredete, hat\u00e1rid\u0151k<\/a><br \/>\n<a href=\"https:\/\/semmelweis.hu\/minoseg\/files\/2021\/05\/SE-GFI-KONT-MU-05-M02.docx\">SE-GFI-KONT-MU-05-M02 &#8211; Hozz\u00e1f\u00e9r\u00e9si jogosults\u00e1gok az AVIR internetes fel\u00fclethez<\/a><\/li>\n<\/ul>\n<ul>\n<li><a href=\"https:\/\/semmelweis.hu\/minoseg\/files\/2021\/05\/SE-GFI-KONT-MU-06.docx\">SE-GFI-KONT-MU-06 &#8211; \u00c1tk\u00f6nyvel\u00e9si folyamat<\/a><br \/>\n<a href=\"https:\/\/semmelweis.hu\/minoseg\/files\/2021\/05\/SE-GFI-KONT-MU-06-Fedlap.pdf\">SE-GFI-KONT-MU-06 &#8211; fedlap<\/a><\/li>\n<\/ul>\n<ul>\n<li><a href=\"https:\/\/semmelweis.hu\/minoseg\/files\/2021\/05\/SE-GFI-KONT-MU-07.docx\">SE-GFI-KONT-MU-07 &#8211; Gazdas\u00e1gi M\u0171szaki Szolg\u00e1ltat\u00e1sok kiterhel\u00e9s\u00e9nek folyamata<\/a><br \/>\n<a href=\"https:\/\/semmelweis.hu\/minoseg\/files\/2021\/05\/SE-GFI-KONT-MU-07-Fedlap.pdf\">SE-GFI-KONT-MU-07 &#8211; fedlap<\/a><br \/>\n<a href=\"https:\/\/semmelweis.hu\/minoseg\/files\/2021\/05\/SE-GFI-KONT-MU-07-M01.docx\">SE-GFI-KONT-MU-07-M01 &#8211; A kiterhel\u00e9sekn\u00e9l alkalmazott tarif\u00e1k r\u00f6gz\u00edt\u00e9s\u00e9nek saj\u00e1toss\u00e1gai \u00e9s menete<\/a><br \/>\n<a href=\"https:\/\/semmelweis.hu\/minoseg\/files\/2021\/05\/SE-GFI-KONT-MU-07-M02.docx\">SE-GFI-KONT-MU-07-M02 &#8211; A kiterhel\u00e9sek kezel\u00e9s\u00e9vel \u00e9s r\u00f6gz\u00edt\u00e9s\u00e9vel kapcsolatos SAP parancsok r\u00f6vid ismertet\u00e9se<\/a><\/li>\n<\/ul>\n","protected":false},"excerpt":{"rendered":"<p>Min\u0151s\u00e9g\u00fcgyi dokumentumok.<\/p>\n","protected":false},"author":158,"featured_media":0,"parent":1621,"menu_order":6,"comment_status":"closed","ping_status":"closed","template":"","meta":{"_acf_changed":false,"footnotes":""},"categories":[],"tags":[],"class_list":["post-1607","page","type-page","status-publish","hentry"],"acf":[],"_links":{"self":[{"href":"https:\/\/semmelweis.hu\/minoseg\/wp-json\/wp\/v2\/pages\/1607","targetHints":{"allow":["GET"]}}],"collection":[{"href":"https:\/\/semmelweis.hu\/minoseg\/wp-json\/wp\/v2\/pages"}],"about":[{"href":"https:\/\/semmelweis.hu\/minoseg\/wp-json\/wp\/v2\/types\/page"}],"author":[{"embeddable":true,"href":"https:\/\/semmelweis.hu\/minoseg\/wp-json\/wp\/v2\/users\/158"}],"replies":[{"embeddable":true,"href":"https:\/\/semmelweis.hu\/minoseg\/wp-json\/wp\/v2\/comments?post=1607"}],"version-history":[{"count":10,"href":"https:\/\/semmelweis.hu\/minoseg\/wp-json\/wp\/v2\/pages\/1607\/revisions"}],"predecessor-version":[{"id":19829,"href":"https:\/\/semmelweis.hu\/minoseg\/wp-json\/wp\/v2\/pages\/1607\/revisions\/19829"}],"up":[{"embeddable":true,"href":"https:\/\/semmelweis.hu\/minoseg\/wp-json\/wp\/v2\/pages\/1621"}],"wp:attachment":[{"href":"https:\/\/semmelweis.hu\/minoseg\/wp-json\/wp\/v2\/media?parent=1607"}],"wp:term":[{"taxonomy":"category","embeddable":true,"href":"https:\/\/semmelweis.hu\/minoseg\/wp-json\/wp\/v2\/categories?post=1607"},{"taxonomy":"post_tag","embeddable":true,"href":"https:\/\/semmelweis.hu\/minoseg\/wp-json\/wp\/v2\/tags?post=1607"}],"curies":[{"name":"wp","href":"https:\/\/api.w.org\/{rel}","templated":true}]}}