{"id":14829,"date":"2021-12-03T10:32:58","date_gmt":"2021-12-03T09:32:58","guid":{"rendered":"https:\/\/semmelweis.hu\/minoseg\/?page_id=14829"},"modified":"2025-05-05T12:12:43","modified_gmt":"2025-05-05T10:12:43","slug":"fejlesztes","status":"publish","type":"page","link":"https:\/\/semmelweis.hu\/minoseg\/feladatok\/iso-navigator\/fejlesztes\/","title":{"rendered":"Fejleszt\u00e9s"},"content":{"rendered":"<h4 class=\"w-100 keretes\" style=\"text-align: center\"><span style=\"font-size: 18pt\">&#8222;A MIN\u0150S\u00c9G MEGFELEL\u00c9S A FELHASZN\u00c1L\u00d3 IG\u00c9NYEINEK.&#8221; <span style=\"background-color: transparent;color: #313b40;font-family: Montserrat, sans-serif\">(JOSEPH MOSES JURAN)<\/span><\/span><\/h4>\n<h4>Mire gondoljunk?<\/h4>\n<div class=\"responsive-tabs\">\n<h2 class=\"tabtitle\">Fogalmak<\/h2>\n<div class=\"tabcontent\">\n\n<h3><a href=\"https:\/\/semmelweis.hu\/minoseg\/feladatok\/mit-jelent\/\" target=\"_blank\" rel=\"noopener\">Szakkifejez\u00e9sek &#8211; szabv\u00e1nyok<\/a><\/h3>\n<h3>Jelen meghat\u00e1roz\u00e1sok forr\u00e1sa<\/h3>\n<ul>\n<li>Dr. Gutassy Attila, Gutassy Nimr\u00f3d Ferenc: Min\u0151s\u00e9gmenedzsment mindenkinek (2017) Raabe Klett Kiad\u00f3 Bp. 2018.<\/li>\n<li>Dr. Gutassy Attila, Gutassy Nimr\u00f3d Ferenc: Min\u0151s\u00e9gmenedzsment a gyakorlatban (2018) Raabe Klett Kiad\u00f3 Bp. 2018.<\/li>\n<\/ul>\n<div class=\"w-100 keretes\" style=\"text-align: justify\"><strong>Fejleszt\u00e9s:<\/strong> a min\u0151s\u00e9gmenedzsment rendszer fejleszt\u00e9se, t\u00f6k\u00e9letes\u00edt\u00e9se alapvet\u0151 fontoss\u00e1g\u00fa minden szervezet sz\u00e1m\u00e1ra ahhoz, hogy <strong>fenntartsa teljes\u00edtm\u00e9nye megl\u00e9v\u0151 szintj\u00e9t<\/strong>, hogy <strong>reag\u00e1ljon a bels\u0151 \u00e9s k\u00fcls\u0151 felt\u00e9telek v\u00e1ltoz\u00e1saira<\/strong>, \u00e9s <strong>\u00faj lehet\u0151s\u00e9geket teremtsen.<\/strong><\/div>\n\n<\/div><h2 class=\"tabtitle\">Nem-megfelel\u0151s\u00e9g<\/h2>\n<div class=\"tabcontent\">\n\n<p style=\"text-align: justify\"><strong>Nem-megfelel\u0151s\u00e9g:<\/strong> olyan elt\u00e9r\u00e9s, amelynek sor\u00e1n valamely term\u00e9k, folyamat, rendszer, szem\u00e9ly adott tulajdons\u00e1gai, jellemz\u0151i k\u00f6z\u00fcl legal\u00e1bb egy nem el\u00e9g\u00edti ki a vonatkoz\u00f3 k\u00f6vetelm\u00e9nyeket, el\u0151\u00edr\u00e1sokat. B\u00e1rmely termel\u00e9si vagy ellen\u0151rz\u00e9si szakaszban \u00e9szlelt nem-megfelel\u0151s\u00e9get r\u00f6gz\u00edteni kell.<\/p>\n<p style=\"text-align: justify\"><strong>Hiba:<\/strong> a nem-megfelel\u0151s\u00e9g s\u00falyosabb kateg\u00f3ri\u00e1ja. Egy sz\u00e1nd\u00e9k szerinti vagy el\u0151\u00edrt haszn\u00e1lattal, kapcsolatos alkalmatlans\u00e1got, funkci\u00f3cs\u00f6kken\u00e9st, r\u00e9szleges vagy teljes funkci\u00f3kies\u00e9st jelent.<\/p>\n<p style=\"text-align: justify\"><strong>Hibaok: <\/strong>az adott hib\u00e1t kiv\u00e1lt\u00f3 esem\u00e9ny. A gyakorlatban legt\u00f6bbsz\u00f6r emberi figyelmetlens\u00e9gre, mulaszt\u00e1sra, illetve valamilyen tervez\u00e9si vagy technol\u00f3giai fegyelems\u00e9rt\u00e9sre vezethet\u0151 vissza. A hib\u00e1nak t\u00f6bb oka is lehet.<\/p>\n<h4>P\u00c9LDA<\/h4>\n<ul style=\"list-style-type: circle\">\n<li><a href=\"https:\/\/semmelweis.hu\/minoseg\/feladatok\/tanusito-audit\/\" target=\"_blank\" rel=\"noopener\">Tan\u00fas\u00edt\u00f3 audit &#8211; Auditjelent\u00e9s excel t\u00e1bl\u00e1zatok<\/a><\/li>\n<\/ul>\n\n<\/div><h2 class=\"tabtitle\">Helyesb\u00edt\u0151<br \/>\ntev\u00e9kenys\u00e9g<\/h2>\n<div class=\"tabcontent\">\n\n<p style=\"text-align: justify\"><strong>Helyesb\u00edt\u0151 tev\u00e9kenys\u00e9g:<\/strong> c\u00e9lja a nem-megfelel\u0151s\u00e9gek megsz\u00fcntet\u00e9se \u00e9s ism\u00e9telt el\u0151fordul\u00e1suknak a lehet\u0151s\u00e9g szerinti megakad\u00e1lyoz\u00e1sa vagy fell\u00e9p\u00e9si val\u00f3sz\u00edn\u0171s\u00e9g\u00fcknek a cs\u00f6kkent\u00e9se.<\/p>\n<h4>P\u00c9LDA<\/h4>\n<ul style=\"list-style-type: circle\">\n<li><a href=\"https:\/\/semmelweis.hu\/minoseg\/feladatok\/tanusito-audit\/\" target=\"_blank\" rel=\"noopener\">Tan\u00fas\u00edt\u00f3 audit &#8211; Auditjelent\u00e9s excel t\u00e1bl\u00e1zatok<\/a><\/li>\n<\/ul>\n\n<\/div><h2 class=\"tabtitle\">Folyamatos<br \/>\nfejleszt\u00e9s<\/h2>\n<div class=\"tabcontent\">\n\n<p style=\"text-align: justify\">A <strong>tart\u00f3s sikert<\/strong> az\u00e1ltal \u00e9rheti el a szervezet, hogy k\u00e9pes hossz\u00fa t\u00e1von \u00e9s kiegyens\u00falyozott m\u00f3don teljes\u00edteni\u00a0 vev\u0151i \u00e9s m\u00e1s \u00e9rdekelt felek ig\u00e9nyeit \u00e9s elv\u00e1rasait. A tart\u00f3s siker a szervezet eredm\u00e9nyes menedzsel\u00e9s\u00e9vel \u00e9rhet\u0151 el a szervezet k\u00f6rnyezet\u00e9nek tudatoss\u00e1g\u00e1n kereszt\u00fcl, a tanul\u00e1s \u00e9s a fejleszt\u00e9sek az innov\u00e1ci\u00f3k megfelel\u0151 alkalmaz\u00e1s\u00e1val.<\/p>\n<p>A folyamatos fejleszt\u00e9s elemei:<\/p>\n<ul style=\"list-style-type: circle\">\n<li>min\u0151s\u00e9gpolitika<\/li>\n<li>min\u0151s\u00e9gc\u00e9lok<\/li>\n<li>auditok \u00e9rt\u00e9kel\u00e9se<\/li>\n<li>vezet\u0151s\u00e9gi \u00e1tvizsg\u00e1l\u00e1s<\/li>\n<li>az adatok elemz\u00e9se<\/li>\n<li>kock\u00e1zatkezel\u00e9s, helyesb\u00edt\u0151 tev\u00e9kenys\u00e9gek<\/li>\n<li>fejleszt\u00e9sre vonatkoz\u00f3 int\u00e9zked\u00e9sek.<\/li>\n<\/ul>\n<p style=\"text-align: justify\">Az egyetem feladata, hogy a 2025-2028 k\u00f6z\u00f6tti id\u0151szakban olyan, innov\u00e1ci\u00f3t, kutat\u00e1st, betegell\u00e1t\u00e1st \u00e9s fejleszt\u00e9seket \u00f6szt\u00f6nz\u0151 egyetemi \u00f6kosziszt\u00e9m\u00e1t alak\u00edtson ki, mely strat\u00e9giai c\u00e9ljainak megval\u00f3sul\u00e1s\u00e1t szolg\u00e1lja.<\/p>\n<\/div><\/div>\n<p>&nbsp;<\/p>\n","protected":false},"excerpt":{"rendered":"<p>Nem-megfelel\u0151s\u00e9g. Helyesb\u00edt\u0151 tev\u00e9kenys\u00e9g. Folyamatos fejleszt\u00e9s.<\/p>\n","protected":false},"author":326,"featured_media":0,"parent":14798,"menu_order":9,"comment_status":"closed","ping_status":"closed","template":"","meta":{"_acf_changed":false,"footnotes":""},"categories":[],"tags":[],"class_list":["post-14829","page","type-page","status-publish","hentry"],"acf":[],"_links":{"self":[{"href":"https:\/\/semmelweis.hu\/minoseg\/wp-json\/wp\/v2\/pages\/14829","targetHints":{"allow":["GET"]}}],"collection":[{"href":"https:\/\/semmelweis.hu\/minoseg\/wp-json\/wp\/v2\/pages"}],"about":[{"href":"https:\/\/semmelweis.hu\/minoseg\/wp-json\/wp\/v2\/types\/page"}],"author":[{"embeddable":true,"href":"https:\/\/semmelweis.hu\/minoseg\/wp-json\/wp\/v2\/users\/326"}],"replies":[{"embeddable":true,"href":"https:\/\/semmelweis.hu\/minoseg\/wp-json\/wp\/v2\/comments?post=14829"}],"version-history":[{"count":10,"href":"https:\/\/semmelweis.hu\/minoseg\/wp-json\/wp\/v2\/pages\/14829\/revisions"}],"predecessor-version":[{"id":20174,"href":"https:\/\/semmelweis.hu\/minoseg\/wp-json\/wp\/v2\/pages\/14829\/revisions\/20174"}],"up":[{"embeddable":true,"href":"https:\/\/semmelweis.hu\/minoseg\/wp-json\/wp\/v2\/pages\/14798"}],"wp:attachment":[{"href":"https:\/\/semmelweis.hu\/minoseg\/wp-json\/wp\/v2\/media?parent=14829"}],"wp:term":[{"taxonomy":"category","embeddable":true,"href":"https:\/\/semmelweis.hu\/minoseg\/wp-json\/wp\/v2\/categories?post=14829"},{"taxonomy":"post_tag","embeddable":true,"href":"https:\/\/semmelweis.hu\/minoseg\/wp-json\/wp\/v2\/tags?post=14829"}],"curies":[{"name":"wp","href":"https:\/\/api.w.org\/{rel}","templated":true}]}}