{"id":14449,"date":"2021-11-09T11:09:33","date_gmt":"2021-11-09T10:09:33","guid":{"rendered":"https:\/\/semmelweis.hu\/minoseg\/?page_id=14449"},"modified":"2026-03-12T09:34:50","modified_gmt":"2026-03-12T08:34:50","slug":"belso-kommunikacio","status":"publish","type":"page","link":"https:\/\/semmelweis.hu\/minoseg\/feladatok\/belso-kommunikacio\/","title":{"rendered":"Bels\u0151 kommunik\u00e1ci\u00f3"},"content":{"rendered":"<h4>MIRE GONDOLJUNK?<\/h4>\n<div class=\"fontos_div\">\n<p><a href=\"https:\/\/semmelweis.hu\/minoseg\/feladatok\/iso-navigator\/tamogatas\/\" target=\"_blank\" rel=\"noopener\"><span style=\"color: #ffcc00;font-size: 18pt\"><span style=\"font-size: 36pt\">\u21b5<\/span> T\u00e1mogat\u00e1s<\/span><\/a><\/p>\n<\/div>\n<div class=\"keretes w-100\">\n<h5 style=\"text-align: justify\"><a href=\"https:\/\/semmelweis.hu\/kommunikacio\/belso-kommunikacio\/\" target=\"_blank\" rel=\"noopener\">Marketing \u00e9s Kommunik\u00e1ci\u00f3s F\u0151igazgat\u00f3s\u00e1g<br \/>\n<\/a><\/h5>\n<h5 style=\"text-align: justify\"><a href=\"https:\/\/mysemmelweis.hu\/\" target=\"_blank\" rel=\"noopener\">MySemmelweis &#8211; Bels\u0151 kommunik\u00e1ci\u00f3<\/a><\/h5>\n<\/div>\n<div class=\"responsive-tabs\">\n<h2 class=\"tabtitle\">Fogalmak<\/h2>\n<div class=\"tabcontent\">\n\n<h3><a href=\"https:\/\/semmelweis.hu\/minoseg\/feladatok\/mit-jelent\/\" target=\"_blank\" rel=\"noopener\">Szakkifejez\u00e9sek &#8211; szabv\u00e1nyok<\/a><\/h3>\n<p style=\"text-align: justify\"><a href=\"https:\/\/semmelweis.hu\/jogigfoig\/dokumentumtar\/szabalyzattar\/kommunikacios-szabalyzat\/\" target=\"_blank\" rel=\"noopener\">K\u00f6zz\u00e9tev\u0151:<\/a> felel\u0151s a saj\u00e1t honlapj\u00e1n a feladatk\u00f6r\u00e9be tartoz\u00f3, m\u00e1s egys\u00e9gek tartalomszolg\u00e1ltat\u00f3i \u00e1ltal \u00e1tadott adatoknak, tartalmaknak a k\u00f6zz\u00e9t\u00e9tel\u00e9\u00e9rt. Amennyiben a tartalomszolg\u00e1ltat\u00f3 \u00e1ltal k\u00f6zz\u00e9t\u00e9telre k\u00e9rt tartalom nem tartozik a k\u00f6zz\u00e9tev\u0151 feladat k\u00f6r\u00e9be, \u00fagy a megjelen\u00edt\u00e9ssel kapcsolatban m\u00e9rlegel\u00e9si \u00e9s elutas\u00edt\u00e1si jogosults\u00e1ga van (pl. min\u0151s\u00e9gir\u00e1ny\u00edt\u00e1si honlap, jogi \u00e9s igazgat\u00e1si honlap, h\u00edrport\u00e1l k\u00f6z\u00e9rdek\u0171 fel\u00fclete).<\/p>\n\n<\/div><h2 class=\"tabtitle\">K\u00f6zz\u00e9t\u00e9tel<\/h2>\n<div class=\"tabcontent\">\n\n<h3><span style=\"color: #000000\">Az Egyetem m\u0171k\u00f6d\u00e9s\u00e9re vonatkoz\u00f3 bels\u0151 norm\u00e1k<\/span><\/h3>\n<h4><span style=\"color: #000000\">Szervezetpolitikai dokumentumok<\/span><\/h4>\n<table style=\"border-collapse: collapse;width: 100%\">\n<thead>\n<tr>\n<td style=\"width: 50%;background-color: #4682b4\">K\u00f6zz\u00e9t\u00e9tel\/el\u00e9rhet\u0151s\u00e9g<\/td>\n<td style=\"width: 50%;background-color: #4682b4\">K\u00f6zz\u00e9tev\u0151\/k\u00f6zz\u00e9t\u00e9tel helye<\/td>\n<\/tr>\n<\/thead>\n<tbody>\n<tr>\n<td style=\"width: 50%\">Egyetemi strat\u00e9gia<br \/>\n<a href=\"https:\/\/semmelweis.hu\/az-egyetemrol\/az-egyetem-bemutatasa\/a-semmelweis-egyetem-strategiaja\/\" target=\"_blank\" rel=\"noopener\">Int\u00e9zm\u00e9nyfejleszt\u00e9si Terv<\/a><\/td>\n<td style=\"width: 50%\">Jogi \u00e9s Igazgat\u00e1si F\u0151igazgat\u00f3s\u00e1g<\/td>\n<\/tr>\n<\/tbody>\n<\/table>\n<h4 style=\"text-align: left\"><span style=\"color: #000000\">Bels\u0151 szab\u00e1lyoz\u00f3 norm\u00e1k hierarchia szerint<\/span><\/h4>\n<table style=\"width: 100%;border-collapse: collapse;border-style: solid;height: 662px\">\n<tbody>\n<tr style=\"height: 32px\">\n<td style=\"width: 50%;background-color: #4682b4;height: 32px\"><span style=\"color: #ffffff\">K\u00f6zz\u00e9t\u00e9tel\/el\u00e9rhet\u0151s\u00e9g<\/span><\/td>\n<td style=\"width: 50%;background-color: #4682b4;height: 32px\"><span style=\"color: #ffffff\">K\u00f6zz\u00e9tev\u0151\/k\u00f6zz\u00e9t\u00e9tel helye<br \/>\n<\/span><\/td>\n<\/tr>\n<tr style=\"height: 32px\">\n<td style=\"width: 50%;height: 32px\"><a href=\"https:\/\/semmelweis.hu\/jogigfoig\/testuletek\/szenatus\/\" target=\"_blank\" rel=\"noopener noreferrer\">Szen\u00e1tusi hat\u00e1rozat<\/a><\/td>\n<td style=\"width: 50%;height: 32px\">Jogi \u00e9s Igazgat\u00e1si F\u0151igazgat\u00f3s\u00e1g<\/td>\n<\/tr>\n<tr style=\"height: 32px\">\n<td style=\"width: 50%;height: 32px\"><a href=\"https:\/\/semmelweis.hu\/jogigfoig\/dokumentumtar\/szabalyzattar\/szervezeti-es-mukodesi-szabalyzat\/\" target=\"_blank\" rel=\"noopener noreferrer\">Szervezeti \u00e9s M\u0171k\u00f6d\u00e9si Szab\u00e1lyzat \u00e9s mell\u00e9kletei<\/a><\/td>\n<td style=\"width: 50%;height: 32px\">Jogi \u00e9s Igazgat\u00e1si F\u0151igazgat\u00f3s\u00e1g<\/td>\n<\/tr>\n<tr style=\"height: 32px\">\n<td style=\"width: 50%;height: 32px\"><a href=\"https:\/\/semmelweis.hu\/jogigfoig\/dokumentumtar\/szabalyzattar\/\" target=\"_blank\" rel=\"noopener\">Szab\u00e1lyzat, ide\u00e9rtve az Egyetem Etikai K\u00f3dex\u00e9t \u00e9s az Arculati k\u00e9zik\u00f6nyvet is<\/a><\/td>\n<td style=\"width: 50%;height: 32px\">Jogi \u00e9s Igazgat\u00e1si F\u0151igazgat\u00f3s\u00e1g<\/td>\n<\/tr>\n<tr style=\"height: 32px\">\n<td style=\"width: 50%;height: 32px\"><a href=\"https:\/\/semmelweis.hu\/jogigfoig\/category\/korlevelek-utasitasok\/\" target=\"_blank\" rel=\"noopener\">Utas\u00edt\u00e1s<\/a><\/td>\n<td style=\"width: 50%;height: 32px\">Jogi \u00e9s Igazgat\u00e1si F\u0151igazgat\u00f3s\u00e1g<\/td>\n<\/tr>\n<tr>\n<td style=\"width: 50%\">Adatv\u00e9delmi felh\u00edv\u00e1s, adatv\u00e9delmi felsz\u00f3l\u00edt\u00e1s, adatv\u00e9delmi v\u00e9grehajt\u00e1si utas\u00edt\u00e1s<\/td>\n<td style=\"width: 50%\">\u00a0<\/td>\n<\/tr>\n<tr style=\"height: 32px\">\n<td style=\"width: 50%;height: 32px\"><a href=\"https:\/\/semmelweis.hu\/minoseg\/mir-dokumentacio\/se-me-eljarasok\/\" target=\"_blank\" rel=\"noopener noreferrer\">Egyetemi szint\u0171 min\u0151s\u00e9g\u00fcgyi elj\u00e1r\u00e1sok<\/a><\/td>\n<td style=\"width: 50%;height: 32px\">Strat\u00e9giai \u00e9s Fejleszt\u00e9si Rektorhelyettesi Iroda &#8211; Min\u0151s\u00e9gbiztos\u00edt\u00e1si Oszt\u00e1ly<\/td>\n<\/tr>\n<tr style=\"height: 62px\">\n<td style=\"width: 50%;height: 62px\"><a href=\"https:\/\/semmelweis.hu\/minoseg\/mir-dokumentacio\/se-mu-munkautasitasok\/\" target=\"_blank\" rel=\"noopener noreferrer\">Egyetemi szint\u0171 munkautas\u00edt\u00e1sok<\/a><\/td>\n<td style=\"width: 50%;height: 62px\">Strat\u00e9giai \u00e9s Fejleszt\u00e9si Rektorhelyettesi Iroda &#8211; Min\u0151s\u00e9gbiztos\u00edt\u00e1si Oszt\u00e1ly<\/td>\n<\/tr>\n<tr style=\"height: 62px\">\n<td style=\"width: 50%;padding-left: 40px;height: 62px\"><a href=\"https:\/\/semmelweis.hu\/minoseg\/mir-dokumentacio\/kozponti-szervezeti-egysegek\/\" target=\"_blank\" rel=\"noopener noreferrer\">K\u00f6zponti szervezeti egys\u00e9gek munkautas\u00edt\u00e1sai<\/a><\/td>\n<td style=\"width: 50%;height: 62px\">Strat\u00e9giai \u00e9s Fejleszt\u00e9si Rektorhelyettesi Iroda &#8211; Min\u0151s\u00e9gbiztos\u00edt\u00e1si Oszt\u00e1ly<\/td>\n<\/tr>\n<tr style=\"height: 32px\">\n<td style=\"width: 50%;padding-left: 40px;height: 32px\">Int\u00e9zetek, tansz\u00e9kek, klinik\u00e1k munkautas\u00edt\u00e1sai<\/td>\n<td style=\"width: 50%;height: 32px\">Szervezeti egys\u00e9g alhonlapja<\/td>\n<\/tr>\n<tr style=\"height: 62px\">\n<td style=\"width: 50%;padding-left: 40px;height: 62px\"><a href=\"https:\/\/semmelweis.hu\/biztonsag\/\" target=\"_blank\" rel=\"noopener\">Szervezeti egys\u00e9gek munkav\u00e9delmi, k\u00f6rnyezetv\u00e9delmi munkautas\u00edt\u00e1sai<\/a><\/td>\n<td style=\"width: 50%;height: 62px\">\n<p>Biztons\u00e1gtechnikai Igazgat\u00f3s\u00e1g<br \/>\nE-dokumentumt\u00e1r-Online szakmai dokumentumt\u00e1r<\/p>\n<\/td>\n<\/tr>\n<tr style=\"height: 32px\">\n<td style=\"width: 50%;height: 32px\">\u00dcgyrend, szervezeti \u00fcgyrend, m\u0171k\u00f6d\u00e9si rend<\/td>\n<td style=\"width: 50%;height: 32px\">\u00a0<\/td>\n<\/tr>\n<tr style=\"height: 32px\">\n<td style=\"width: 50%;padding-left: 40px;height: 32px\"><a href=\"https:\/\/semmelweis.hu\/bizottsagok\/allando-bizottsagok\/egyetem-egeszere-feladat-es-hataskorrel-rendelkezo-bizottsagok\/\" target=\"_blank\" rel=\"noopener noreferrer\">Egyetemi hat\u00e1sk\u00f6rrel rendelkez\u0151 Bizotts\u00e1gok \u00fcgyrendje<\/a><\/td>\n<td style=\"width: 50%;height: 32px\">Szen\u00e1tusi F\u0151titk\u00e1rs\u00e1g<\/td>\n<\/tr>\n<tr style=\"height: 32px\">\n<td style=\"width: 50%;padding-left: 40px;height: 32px\"><a href=\"https:\/\/semmelweis.hu\/bizottsagok\/\" target=\"_blank\" rel=\"noopener noreferrer\">Kari \u00c1lland\u00f3 Bizotts\u00e1gok \u00fcgyrendje<\/a><\/td>\n<td style=\"width: 50%;height: 32px\">Szen\u00e1tusi F\u0151titk\u00e1rs\u00e1g\/Kar \u00e1ltal kijel\u00f6lt szem\u00e9ly<\/td>\n<\/tr>\n<tr style=\"height: 62px\">\n<td style=\"width: 50%;padding-left: 40px;height: 62px\">Kari szervezeti \u00e9s m\u0171k\u00f6d\u00e9si rend &#8211; kari tan\u00e1cs m\u0171k\u00f6d\u00e9s\u00e9nek szab\u00e1lyaival<\/td>\n<td style=\"width: 50%;height: 62px\">Kar alhonlapja<\/td>\n<\/tr>\n<tr style=\"height: 32px\">\n<td style=\"width: 50%;padding-left: 40px;height: 32px\">Kari bizotts\u00e1gok \u00fcgyrendje<\/td>\n<td style=\"width: 50%;height: 32px\">Kar alhonlapja<\/td>\n<\/tr>\n<tr style=\"height: 62px\">\n<td style=\"width: 50%;padding-left: 40px;height: 62px\"><a href=\"https:\/\/semmelweis.hu\/minoseg\/letolthetodokumentumok\/szervezeti-ugyrend\/\" target=\"_blank\" rel=\"noopener noreferrer\">Szervezeti egys\u00e9gek \u00fcgyrendje<\/a><\/td>\n<td style=\"width: 50%;height: 62px\">Strat\u00e9giai \u00e9s Fejleszt\u00e9si Rektorhelyettesi Iroda &#8211; Min\u0151s\u00e9gbiztos\u00edt\u00e1si Oszt\u00e1ly<\/td>\n<\/tr>\n<\/tbody>\n<\/table>\n\n<\/div><h2 class=\"tabtitle\">\u00c9rtekezletek<\/h2>\n<div class=\"tabcontent\">\n\n<table style=\"width: 100%;border-collapse: collapse;border-style: solid;height: 222px\">\n<tbody>\n<tr style=\"height: 32px\">\n<td style=\"width: 50.1008%;background-color: #4682b4;height: 32px\"><span style=\"color: #ffffff\">K\u00f6zz\u00e9t\u00e9tel\/el\u00e9rhet\u0151s\u00e9g<\/span><\/td>\n<td style=\"width: 49.8992%;background-color: #4682b4;height: 32px\"><span style=\"color: #ffffff\">K\u00f6zz\u00e9tev\u0151\/k\u00f6zz\u00e9t\u00e9tel helye<br \/>\n<\/span><\/td>\n<\/tr>\n<tr style=\"height: 32px\">\n<td style=\"width: 50.1008%;height: 32px\"><a href=\"https:\/\/semmelweis.hu\/hirek\/tag\/szenatusi-tudositas\/\" target=\"_blank\" rel=\"noopener noreferrer\">Szen\u00e1tusi \u00fcl\u00e9s &#8211; Szen\u00e1tusi tud\u00f3s\u00edt\u00e1s<\/a><\/td>\n<td style=\"width: 49.8992%;height: 32px\">Marketing \u00e9s Kommunik\u00e1ci\u00f3s F\u0151igazgat\u00f3s\u00e1g<\/td>\n<\/tr>\n<tr style=\"height: 32px\">\n<td style=\"width: 50.1008%;height: 32px\">Rektori \u00e9rtekezlet<\/td>\n<td style=\"width: 49.8992%;height: 32px\">Eml\u00e9keztet\u0151 &#8211; r\u00e9sztvev\u0151knek<\/td>\n<\/tr>\n<tr style=\"height: 32px\">\n<td style=\"width: 50.1008%;height: 32px\">Kancell\u00e1ri vezet\u0151i \u00e9rtekezlet<\/td>\n<td style=\"width: 49.8992%;height: 32px\">Eml\u00e9keztet\u0151 &#8211; r\u00e9sztvev\u0151knek<\/td>\n<\/tr>\n<tr>\n<td style=\"width: 50.1008%\"><a href=\"https:\/\/semmelweis.hu\/klinikaikozpont\/a-semmelweis-egyetem-klinikai-kozpontja\/a-klinikai-kozpont-elnoksege\/\" target=\"_blank\" rel=\"noopener\">Klinikai K\u00f6zpont Eln\u00f6ke<\/a><\/td>\n<td style=\"width: 49.8992%\">Hat\u00e1rozatok k\u00f6zz\u00e9t\u00e9tele &#8211; intraneten<\/td>\n<\/tr>\n<tr>\n<td style=\"width: 50.1008%\">Kari Tan\u00e1cs\u00fcl\u00e9s<\/td>\n<td style=\"width: 49.8992%\">Hat\u00e1rozatok k\u00f6zz\u00e9t\u00e9tele &#8211; kar alhonlapj\u00e1n<\/td>\n<\/tr>\n<tr>\n<td style=\"width: 50.1008%;vertical-align: top\">Szervezeti egys\u00e9gek<\/td>\n<td style=\"width: 49.8992%;vertical-align: top\">\n<p>Szervezeti \u00fcgyrend Inform\u00e1ci\u00f3\u00e1raml\u00e1s fejezete<\/p>\n<\/td>\n<\/tr>\n<\/tbody>\n<\/table>\n<\/div><\/div>\n","protected":false},"excerpt":{"rendered":"<p>Bels\u0151 kommunik\u00e1ci\u00f3. K\u00f6zz\u00e9t\u00e9tel, \u00e9rtekezletek.<\/p>\n","protected":false},"author":326,"featured_media":0,"parent":13853,"menu_order":13,"comment_status":"closed","ping_status":"closed","template":"","meta":{"_acf_changed":false,"footnotes":""},"categories":[],"tags":[],"class_list":["post-14449","page","type-page","status-publish","hentry"],"acf":[],"_links":{"self":[{"href":"https:\/\/semmelweis.hu\/minoseg\/wp-json\/wp\/v2\/pages\/14449","targetHints":{"allow":["GET"]}}],"collection":[{"href":"https:\/\/semmelweis.hu\/minoseg\/wp-json\/wp\/v2\/pages"}],"about":[{"href":"https:\/\/semmelweis.hu\/minoseg\/wp-json\/wp\/v2\/types\/page"}],"author":[{"embeddable":true,"href":"https:\/\/semmelweis.hu\/minoseg\/wp-json\/wp\/v2\/users\/326"}],"replies":[{"embeddable":true,"href":"https:\/\/semmelweis.hu\/minoseg\/wp-json\/wp\/v2\/comments?post=14449"}],"version-history":[{"count":10,"href":"https:\/\/semmelweis.hu\/minoseg\/wp-json\/wp\/v2\/pages\/14449\/revisions"}],"predecessor-version":[{"id":20413,"href":"https:\/\/semmelweis.hu\/minoseg\/wp-json\/wp\/v2\/pages\/14449\/revisions\/20413"}],"up":[{"embeddable":true,"href":"https:\/\/semmelweis.hu\/minoseg\/wp-json\/wp\/v2\/pages\/13853"}],"wp:attachment":[{"href":"https:\/\/semmelweis.hu\/minoseg\/wp-json\/wp\/v2\/media?parent=14449"}],"wp:term":[{"taxonomy":"category","embeddable":true,"href":"https:\/\/semmelweis.hu\/minoseg\/wp-json\/wp\/v2\/categories?post=14449"},{"taxonomy":"post_tag","embeddable":true,"href":"https:\/\/semmelweis.hu\/minoseg\/wp-json\/wp\/v2\/tags?post=14449"}],"curies":[{"name":"wp","href":"https:\/\/api.w.org\/{rel}","templated":true}]}}