{"id":118,"date":"2013-04-16T11:47:01","date_gmt":"2013-04-16T09:47:01","guid":{"rendered":"http:\/\/wp.localhost\/?p=118"},"modified":"2025-04-02T13:26:52","modified_gmt":"2025-04-02T11:26:52","slug":"genomikai-medicina-es-ritka-betegsegek-intezete","status":"publish","type":"page","link":"https:\/\/semmelweis.hu\/minoseg\/mir-dokumentacio\/aok-klinikak\/genomikai-medicina-es-ritka-betegsegek-intezete\/","title":{"rendered":"Genomikai Medicina \u00e9s Ritka Betegs\u00e9gek Int\u00e9zete"},"content":{"rendered":"<p><strong>Min\u0151s\u00e9g\u00fcgyi dokumentum &#8211; elj\u00e1r\u00e1s<\/strong><\/p>\n<ul>\n<li><a href=\"https:\/\/semmelweis.hu\/minoseg\/files\/2018\/12\/SE-GRI-ME-08.doc\" rel=\"noopener\">SE-GRI-ME-08 &#8211; Laborat\u00f3riumi m\u00e9r\u0151eszk\u00f6z\u00f6k, m\u0171szerek kezel\u00e9se<\/a><\/li>\n<\/ul>\n<ul>\n<li><a href=\"https:\/\/semmelweis.hu\/minoseg\/files\/2018\/12\/SE-GRI-ME-09.doc\" rel=\"noopener\">SE-GRI-ME-09 &#8211; Vizsg\u00e1l\u00f3 m\u00f3dszerek kiv\u00e1laszt\u00e1sa, valid\u00e1l\u00e1sa<\/a><\/li>\n<\/ul>\n<ul>\n<li><a href=\"https:\/\/semmelweis.hu\/minoseg\/files\/2018\/12\/SE-GRI-ME-10.doc\" rel=\"noopener\">SE-GRI-ME-10 &#8211; Vizsg\u00e1lati eredm\u00e9nyek k\u00f6zl\u00e9se<\/a><\/li>\n<\/ul>\n<ul>\n<li><a href=\"https:\/\/semmelweis.hu\/minoseg\/files\/2022\/03\/SE-AOK-GRI-ME-11-2022-02-15.docx\">SE-AOK-GRI-ME-11 &#8211; Gradu\u00e1lis, posztgradu\u00e1lis oktat\u00e1si tev\u00e9kenys\u00e9g<\/a><br \/>\n<a href=\"https:\/\/semmelweis.hu\/minoseg\/files\/2022\/03\/SE-AOK-GRI-ME-11-2022-02-15.pdf\">SE-AOK-GRI-ME-11 &#8211; fedlap<\/a><\/li>\n<\/ul>\n<ul>\n<li><a href=\"https:\/\/semmelweis.hu\/minoseg\/files\/2018\/12\/SE-GRI-ME-12.doc\" rel=\"noopener\">SE-GRI-ME-12 &#8211; A tudom\u00e1nyos kutat\u00e1si tev\u00e9kenys\u00e9g protokollja<\/a><\/li>\n<\/ul>\n<ul>\n<li><a href=\"https:\/\/semmelweis.hu\/minoseg\/files\/2018\/12\/SE-GRI-ME-13.doc\" rel=\"noopener\">SE-GRI-ME-13 &#8211; J\u00e1r\u00f3beteg-ell\u00e1t\u00e1s fel\u00fcgyelete<\/a><\/li>\n<\/ul>\n","protected":false},"excerpt":{"rendered":"<p>Min\u0151s\u00e9g\u00fcgyi dokumentumok.<\/p>\n","protected":false},"author":158,"featured_media":0,"parent":147,"menu_order":6,"comment_status":"closed","ping_status":"closed","template":"","meta":{"_acf_changed":false,"footnotes":""},"categories":[],"tags":[],"class_list":["post-118","page","type-page","status-publish","hentry"],"acf":[],"_links":{"self":[{"href":"https:\/\/semmelweis.hu\/minoseg\/wp-json\/wp\/v2\/pages\/118","targetHints":{"allow":["GET"]}}],"collection":[{"href":"https:\/\/semmelweis.hu\/minoseg\/wp-json\/wp\/v2\/pages"}],"about":[{"href":"https:\/\/semmelweis.hu\/minoseg\/wp-json\/wp\/v2\/types\/page"}],"author":[{"embeddable":true,"href":"https:\/\/semmelweis.hu\/minoseg\/wp-json\/wp\/v2\/users\/158"}],"replies":[{"embeddable":true,"href":"https:\/\/semmelweis.hu\/minoseg\/wp-json\/wp\/v2\/comments?post=118"}],"version-history":[{"count":10,"href":"https:\/\/semmelweis.hu\/minoseg\/wp-json\/wp\/v2\/pages\/118\/revisions"}],"predecessor-version":[{"id":15587,"href":"https:\/\/semmelweis.hu\/minoseg\/wp-json\/wp\/v2\/pages\/118\/revisions\/15587"}],"up":[{"embeddable":true,"href":"https:\/\/semmelweis.hu\/minoseg\/wp-json\/wp\/v2\/pages\/147"}],"wp:attachment":[{"href":"https:\/\/semmelweis.hu\/minoseg\/wp-json\/wp\/v2\/media?parent=118"}],"wp:term":[{"taxonomy":"category","embeddable":true,"href":"https:\/\/semmelweis.hu\/minoseg\/wp-json\/wp\/v2\/categories?post=118"},{"taxonomy":"post_tag","embeddable":true,"href":"https:\/\/semmelweis.hu\/minoseg\/wp-json\/wp\/v2\/tags?post=118"}],"curies":[{"name":"wp","href":"https:\/\/api.w.org\/{rel}","templated":true}]}}