{"id":113,"date":"2014-05-14T14:23:27","date_gmt":"2014-05-14T12:23:27","guid":{"rendered":"http:\/\/semmelweis.hu\/minoseg\/?page_id=113"},"modified":"2026-01-29T08:29:59","modified_gmt":"2026-01-29T07:29:59","slug":"szabvanyok","status":"publish","type":"page","link":"https:\/\/semmelweis.hu\/minoseg\/szabvanyok\/","title":{"rendered":"El\u00e9rhet\u0151 szabv\u00e1nyok"},"content":{"rendered":"<div class=\"fontos_div\">\n<p><a href=\"https:\/\/semmelweis.hu\/az-egyetemrol\/semmelweis-egyetem-minosegiranyitasi-rendszer?target=Dokumentumok\/\" target=\"_blank\" rel=\"noopener\"><span style=\"font-size: 18pt\"><span style=\"color: #ffcc99\"><span style=\"color: #ffcc00;font-size: 24pt\"><span style=\"font-size: 36pt\">\u21b5<\/span><\/span><\/span> <span style=\"color: #ffcc00\">Tan\u00fas\u00edtv\u00e1nyok<\/span><\/span><\/a><\/p>\n<\/div>\n<div class=\"responsive-tabs\">\n<h2 class=\"tabtitle\">Szabv\u00e1nyok<\/h2>\n<div class=\"tabcontent\">\n\n<ul style=\"list-style-type: disc\">\n<li>A rendszerszabv\u00e1nyokr\u00f3l b\u0151vebben a <a href=\"https:\/\/www.mszt.hu\/hu-hu\/\" target=\"_blank\" rel=\"noopener\">Magyar Szabv\u00e1ny\u00fcgyi Test\u00fclet<\/a> (MSZT) honlapj\u00e1n t\u00e1j\u00e9koz\u00f3dhat.<\/li>\n<li>A szabv\u00e1nyok alkalmaz\u00e1si ter\u00fclete is ezen a honlapon a\u00a0<a href=\"https:\/\/ugyintezes.mszt.hu\/webaruhaz\/szabvany-lista\" target=\"_blank\" rel=\"noopener\">Szabv\u00e1nykeres\u0151ben<\/a> \u00e9rhet\u0151 el.<\/li>\n<\/ul>\n<h4>Szabv\u00e1nyjel\u00f6l\u00e9sek<\/h4>\n<p style=\"padding-left: 40px\">MSZ &#8211; Magyar Szabv\u00e1ny<\/p>\n<p style=\"padding-left: 40px\">EN &#8211;\u00a0 Eur\u00f3pai Szabv\u00e1ny<\/p>\n<p style=\"padding-left: 40px\">ISO &#8211;\u00a0 <a href=\"https:\/\/www.iso.org\/home.html\" target=\"_blank\" rel=\"noopener\">International Organization for Standardization<\/a> &#8211; Nemzetk\u00f6zi Szabv\u00e1ny\u00fcgyi Szervezet<\/p>\n\n<\/div><h2 class=\"tabtitle\">Eg\u00e9szs\u00e9g\u00fcgy<\/h2>\n<div class=\"tabcontent\">\n\n<h4><a href=\"https:\/\/www.mszt.hu\/hu-hu\/tanusitas\/hirek\/2026\/01\/atteres-a-magyar-egeszsegugyi-ellatasi-standardok-kezikonyv-mees-21-valtozatara\" target=\"_blank\" rel=\"noopener\">MAGYAR EG\u00c9SZS\u00c9G\u00dcGYI ELL\u00c1T\u00c1SI STANDARDOK 2.1 &#8211; 2027.09.25-T\u0150L<\/a><\/h4>\n<table style=\"width: 100%;border-collapse: collapse\">\n<thead>\n<tr>\n<th style=\"width: 25%;text-align: left;vertical-align: top\">Szabv\u00e1ny &#8211; Let\u00f6lthet\u0151<\/th>\n<th style=\"width: 25%;text-align: left;vertical-align: top\">Az \u00e9rv\u00e9nybel\u00e9p\u00e9s kezdete<\/th>\n<th style=\"width: 25%;text-align: left;vertical-align: top\">A visszavon\u00e1s napja<\/th>\n<\/tr>\n<\/thead>\n<tbody>\n<tr>\n<td style=\"width: 25%\"><a href=\"https:\/\/semmelweis.hu\/minoseg\/files\/2024\/10\/MEES-2-1-2024-09-25.pdf\" target=\"_blank\" rel=\"noopener\">MEES 2.1<\/a><\/td>\n<td style=\"width: 25%\">2024.09.25.<\/td>\n<td style=\"width: 25%\">\u00a0<\/td>\n<\/tr>\n<tr>\n<td style=\"width: 25%\"><a href=\"https:\/\/semmelweis.hu\/minoseg\/files\/2022\/03\/MEES-2-2022.docx\" target=\"_blank\" rel=\"noopener\">MEES 2.0<\/a><\/td>\n<td style=\"width: 25%\">2019.10.19.<\/td>\n<td style=\"width: 25%\">2027.09.25.<\/td>\n<\/tr>\n<tr>\n<td style=\"width: 25%\"><a href=\"https:\/\/semmelweis.hu\/minoseg\/files\/2014\/05\/MEES.doc\" target=\"_blank\" rel=\"noopener\">MEES 1.0<\/a><\/td>\n<td style=\"width: 25%\">2007.02.21.<\/td>\n<td style=\"width: 25%\">2019.10.10.<\/td>\n<\/tr>\n<\/tbody>\n<\/table>\n<h4>Betegell\u00e1t\u00f3k akkredit\u00e1ci\u00f3ja<br \/>\na biztons\u00e1gos betegell\u00e1t\u00e1s\u00e9rt<\/h4>\n<table style=\"width: 100%;border-collapse: collapse\">\n<thead>\n<tr>\n<th style=\"width: 25%;text-align: left;vertical-align: top\">Szabv\u00e1ny<\/th>\n<th style=\"width: 25%;text-align: left;vertical-align: top\">Az \u00e9rv\u00e9nybel\u00e9p\u00e9s kezdete<\/th>\n<th style=\"width: 25%;text-align: left;vertical-align: top\">A visszavon\u00e1s napja<\/th>\n<\/tr>\n<\/thead>\n<tbody>\n<tr>\n<td style=\"width: 25%\"><a href=\"https:\/\/semmelweis.hu\/minoseg\/files\/2014\/05\/BELLA.pdf\">BELLA<\/a><\/td>\n<td style=\"width: 25%\">2014.<\/td>\n<td style=\"width: 25%\">\u00a0<\/td>\n<\/tr>\n<\/tbody>\n<\/table>\n\n<\/div><h2 class=\"tabtitle\">Fels\u0151oktat\u00e1s<\/h2>\n<div class=\"tabcontent\">\n\n<h4>MAB INT\u00c9ZM\u00c9NYAKKREDIT\u00c1CI\u00d3<\/h4>\n<table style=\"width: 100%;border-collapse: collapse\">\n<thead>\n<tr>\n<th style=\"width: 25%;vertical-align: top\">Szabv\u00e1ny<\/th>\n<th style=\"width: 25%;vertical-align: top\">Magyar &#8211; Let\u00f6lthet\u0151<\/th>\n<th style=\"width: 25%;vertical-align: top\">Angol &#8211; Let\u00f6lthet\u0151<\/th>\n<\/tr>\n<\/thead>\n<tbody>\n<tr>\n<td style=\"width: 25%\">ESG 2015<\/td>\n<td style=\"width: 25%\"><a href=\"https:\/\/semmelweis.hu\/minoseg\/files\/2025\/02\/ESG-2015-magyar.pdf\" target=\"_blank\" rel=\"noopener\">Eur\u00f3pai fels\u0151oktat\u00e1s min\u0151s\u00e9gbiztos\u00edt\u00e1s\u00e1nak standardjai<\/a><\/td>\n<td style=\"width: 25%\"><a href=\"https:\/\/www.enqa.eu\/esg-standards-and-guidelines-for-quality-assurance-in-the-european-higher-education-area\/\" target=\"_blank\" rel=\"noopener\">Standards and Guidelines for Quality Assurance in the European Higher Education Area<\/a><\/td>\n<\/tr>\n<tr>\n<td style=\"width: 25\">WFME<\/td>\n<td style=\"width: 25%\"><a href=\"https:\/\/semmelweis.hu\/minoseg\/files\/2025\/02\/MAB-altalanos-orvoskepzes.pdf\" target=\"_blank\" rel=\"noopener\">Az \u00e1ltal\u00e1nos orvosk\u00e9pz\u00e9s sztenderdjei<\/a><\/td>\n<td style=\"width: 25%\"><a href=\"https:\/\/wfme.org\/standards\/\" target=\"_blank\" rel=\"noopener\">Word Fedaration for Medical Education<\/a><\/td>\n<\/tr>\n<\/tbody>\n<\/table>\n\n<\/div><h2 class=\"tabtitle\">NYOMTATOTT <\/h2>\n<div class=\"tabcontent\">\n\n<h4>EREDETI SZABV\u00c1NYOK<\/h4>\n<p style=\"text-align: justify\">A Min\u0151s\u00e9gbiztos\u00edt\u00e1si Oszt\u00e1lyon el\u00e9rhet\u0151 <strong>nyomtatott, eredeti szabv\u00e1nyok<\/strong> szerz\u0151i jogi v\u00e9delem alatt \u00e1llnak, ez\u00e9rt a honlapra nem tehet\u0151k fel.<\/p>\n\n<table id=\"tablepress-3\" class=\"tablepress tablepress-id-3\">\n<thead>\n<tr class=\"row-1\">\n\t<th class=\"column-1\">Hivatkoz\u00e1si sz\u00e1m<\/th><th class=\"column-2\">C\u00edm<\/th><th class=\"column-3\">Az \u00e9rv\u00e9nybel\u00e9p\u00e9s kezdete<\/th><th class=\"column-4\">A visszavon\u00e1s napja<\/th>\n<\/tr>\n<\/thead>\n<tbody class=\"row-striping row-hover\">\n<tr class=\"row-2\">\n\t<td class=\"column-1\">MSZ EN ISO 9000:2015<\/td><td class=\"column-2\">Min\u0151s\u00e9gir\u00e1ny\u00edt\u00e1si rendszerek. Alapok \u00e9s sz\u00f3t\u00e1r<\/td><td class=\"column-3\">2015.12.01.<\/td><td class=\"column-4\"><\/td>\n<\/tr>\n<tr class=\"row-3\">\n\t<td class=\"column-1\">MSZ EN ISO 9000:2005<\/td><td class=\"column-2\">Min\u0151s\u00e9gir\u00e1ny\u00edt\u00e1si rendszerek. Alapok \u00e9s sz\u00f3t\u00e1r<\/td><td class=\"column-3\">2005.11.01.<\/td><td class=\"column-4\">2015.11.01.<\/td>\n<\/tr>\n<tr class=\"row-4\">\n\t<td class=\"column-1\"><strong>MSZ EN ISO 9001:2015<\/strong><\/td><td class=\"column-2\">Min\u0151s\u00e9gir\u00e1ny\u00edt\u00e1si rendszerek. K\u00f6vetelm\u00e9nyek<\/td><td class=\"column-3\">2015.11.01.<\/td><td class=\"column-4\"><\/td>\n<\/tr>\n<tr class=\"row-5\">\n\t<td class=\"column-1\">MSZ EN ISO 9001:2009<\/td><td class=\"column-2\">Min\u0151s\u00e9gir\u00e1ny\u00edt\u00e1si rendszerek. K\u00f6vetelm\u00e9nyek<\/td><td class=\"column-3\">2009.01.01.<\/td><td class=\"column-4\">2015.11.01.<\/td>\n<\/tr>\n<tr class=\"row-6\">\n\t<td class=\"column-1\">MSZ EN ISO 9004:2018<\/td><td class=\"column-2\">Min\u0151s\u00e9gir\u00e1ny\u00edt\u00e1s. A szervezet min\u0151s\u00e9ge. \u00datmutat\u00f3 a tart\u00f3s siker el\u00e9r\u00e9s\u00e9hez<\/td><td class=\"column-3\">2018.09.01.<\/td><td class=\"column-4\"><\/td>\n<\/tr>\n<tr class=\"row-7\">\n\t<td class=\"column-1\">MSZ EN ISO 9004:2010<\/td><td class=\"column-2\">A szervezet tart\u00f3s siker\u00e9nek ir\u00e1ny\u00edt\u00e1sa. Min\u0151s\u00e9gir\u00e1ny\u00edt\u00e1si megk\u00f6zel\u00edt\u00e9s<\/td><td class=\"column-3\">2010.04.01.<\/td><td class=\"column-4\">2018.09.01.<\/td>\n<\/tr>\n<tr class=\"row-8\">\n\t<td class=\"column-1\">MSZ EN ISO 14001:2015<\/td><td class=\"column-2\">K\u00f6rnyezetk\u00f6zpont\u00fa ir\u00e1ny\u00edt\u00e1si rendszerek. K\u00f6vetelm\u00e9nyek \u00e9s alkalmaz\u00e1si ir\u00e1nyelvek<\/td><td class=\"column-3\">2015.11.01.<\/td><td class=\"column-4\"><\/td>\n<\/tr>\n<tr class=\"row-9\">\n\t<td class=\"column-1\">MSZ EN ISO 14001:2005<\/td><td class=\"column-2\">K\u00f6rnyezetk\u00f6zpont\u00fa ir\u00e1ny\u00edt\u00e1si rendszerek. K\u00f6vetelm\u00e9nyek \u00e9s alkalmaz\u00e1si ir\u00e1nyelvek<\/td><td class=\"column-3\">2005.04.01.<\/td><td class=\"column-4\">2015.11.01.<\/td>\n<\/tr>\n<tr class=\"row-10\">\n\t<td class=\"column-1\">MSZ EN ISO 14971:2009<\/td><td class=\"column-2\">Orvostechnikai eszk\u00f6z\u00f6k. A kock\u00e1zatir\u00e1ny\u00edt\u00e1s alkalmaz\u00e1sa orvostechnikai eszk\u00f6z\u00f6kre (ISO 14971:2007, 2007.10.01-jei helyesb\u00edtett v\u00e1ltozat)<\/td><td class=\"column-3\">2009.11.01.<\/td><td class=\"column-4\">2013.03.01.<\/td>\n<\/tr>\n<tr class=\"row-11\">\n\t<td class=\"column-1\">MSZ EN ISO 15189:2013<\/td><td class=\"column-2\">Orvosi laborat\u00f3riumok. A min\u0151s\u00e9gre \u00e9s a felk\u00e9sz\u00fclts\u00e9gre vonatkoz\u00f3 k\u00fcl\u00f6n k\u00f6vetelm\u00e9nyek (Angol nyelv\u0171)<\/td><td class=\"column-3\">2013.05.01.<\/td><td class=\"column-4\">2025.12.31.<\/td>\n<\/tr>\n<tr class=\"row-12\">\n\t<td class=\"column-1\">ISO 15189:2022<\/td><td class=\"column-2\">Medical laboratories - Requirements for quality and competence<\/td><td class=\"column-3\">2022.12.01.<\/td><td class=\"column-4\"><\/td>\n<\/tr>\n<tr class=\"row-13\">\n\t<td class=\"column-1\">ISO\/TS 20658<\/td><td class=\"column-2\">Medical laboratories - Requirements for collection, transport, receipt, and handling of samples<\/td><td class=\"column-3\">2017.10.01.<\/td><td class=\"column-4\">2023.05.19.<\/td>\n<\/tr>\n<tr class=\"row-14\">\n\t<td class=\"column-1\">MSZ EN 15224:2017<\/td><td class=\"column-2\">Min\u0151s\u00e9gir\u00e1ny\u00edt\u00e1si rendszerek. Az EN ISO 9001:2015 az eg\u00e9szs\u00e9g\u00fcgyi ell\u00e1t\u00e1sban<\/td><td class=\"column-3\">2017.06.01.<\/td><td class=\"column-4\"><\/td>\n<\/tr>\n<tr class=\"row-15\">\n\t<td class=\"column-1\">MSZ EN 15224:2013<\/td><td class=\"column-2\">Eg\u00e9szs\u00e9g\u00fcgyi szolg\u00e1ltat\u00e1sok. Min\u0151s\u00e9gir\u00e1ny\u00edt\u00e1si rendszerek. Az EN ISO 9001:2008 szabv\u00e1nyon alapul\u00f3 k\u00f6vetelm\u00e9nyek <\/td><td class=\"column-3\">2013.03.01.<\/td><td class=\"column-4\">2017.06.01.<\/td>\n<\/tr>\n<tr class=\"row-16\">\n\t<td class=\"column-1\">MSZ EN ISO\/IEC 17025:2005<\/td><td class=\"column-2\">Vizsg\u00e1l\u00f3 \u00e9s kalibr\u00e1l\u00f3laborat\u00f3riumok felk\u00e9sz\u00fclts\u00e9g\u00e9nek \u00e1ltal\u00e1nos k\u00f6vetelm\u00e9nyei<\/td><td class=\"column-3\">2005.11.01.<\/td><td class=\"column-4\">2020.12.31.<\/td>\n<\/tr>\n<tr class=\"row-17\">\n\t<td class=\"column-1\">MSZ EN ISO\/IEC 17025:2018<\/td><td class=\"column-2\">Vizsg\u00e1l\u00f3 \u00e9s kalibr\u00e1l\u00f3laborat\u00f3riumok felk\u00e9sz\u00fclts\u00e9g\u00e9nek \u00e1ltal\u00e1nos k\u00f6vetelm\u00e9nyei<\/td><td class=\"column-3\">2018.03.01.<\/td><td class=\"column-4\"><\/td>\n<\/tr>\n<tr class=\"row-18\">\n\t<td class=\"column-1\">MSZ ISO\/IEC 27001:2014<\/td><td class=\"column-2\">Informatika. Biztons\u00e1gtechnika.Az inform\u00e1ci\u00f3biztons\u00e1g ir\u00e1ny\u00edt\u00e1si rendszerei. K\u00f6vetelm\u00e9nyek<\/td><td class=\"column-3\">2014.06.01.<\/td><td class=\"column-4\">2023.06.01.<\/td>\n<\/tr>\n<tr class=\"row-19\">\n\t<td class=\"column-1\">MSZ EN ISO 26000:2021<\/td><td class=\"column-2\">\u00datmutat\u00f3 a t\u00e1rsadalmi felel\u0151ss\u00e9gv\u00e1llal\u00e1shoz <\/td><td class=\"column-3\">2021.02.01.<\/td><td class=\"column-4\"><\/td>\n<\/tr>\n<tr class=\"row-20\">\n\t<td class=\"column-1\">MSZ 28001:2003<\/td><td class=\"column-2\">A munkahelyi eg\u00e9szs\u00e9gv\u00e9delem \u00e9s biztons\u00e1g ir\u00e1ny\u00edt\u00e1si rendszere (MEBIR). K\u00f6vetelm\u00e9nyek<\/td><td class=\"column-3\">2003.03.01.<\/td><td class=\"column-4\">2008.01.01.<\/td>\n<\/tr>\n<tr class=\"row-21\">\n\t<td class=\"column-1\">MSZ 28002:2003<\/td><td class=\"column-2\">A munkahelyi eg\u00e9szs\u00e9gv\u00e9delem \u00e9s biztons\u00e1g ir\u00e1ny\u00edt\u00e1si rendszere (MEBIR). \u00datmutat\u00f3 az MSZ 28001:2003 bevezet\u00e9s\u00e9hez<\/td><td class=\"column-3\">2003.03.01.<\/td><td class=\"column-4\">2009.09.01.<\/td>\n<\/tr>\n<tr class=\"row-22\">\n\t<td class=\"column-1\">MSZ ISO 31000:2015<\/td><td class=\"column-2\">Kock\u00e1zatfelm\u00e9r\u00e9s \u00e9s -kezel\u00e9s. Alap- \u00e9s ir\u00e1nyelvek<\/td><td class=\"column-3\">2015.01.01.<\/td><td class=\"column-4\">2018.11.01.<\/td>\n<\/tr>\n<tr class=\"row-23\">\n\t<td class=\"column-1\">MSZ ISO 31000:2018<\/td><td class=\"column-2\">Kock\u00e1zatmenedzsment. Ir\u00e1nyelvek<\/td><td class=\"column-3\">2018.11.01.<\/td><td class=\"column-4\"><\/td>\n<\/tr>\n<tr class=\"row-24\">\n\t<td class=\"column-1\">MSZ ISO 31010:2010<\/td><td class=\"column-2\">Kock\u00e1zatkezel\u00e9s. Kock\u00e1zatfelm\u00e9r\u00e9si elj\u00e1r\u00e1sok (IEC\/ISO 31010:2009)<\/td><td class=\"column-3\">2010.09.01.<\/td><td class=\"column-4\">2022.07.18.<\/td>\n<\/tr>\n<tr class=\"row-25\">\n\t<td class=\"column-1\">MSZ EN ISO 50001:2012<\/td><td class=\"column-2\">Energiair\u00e1ny\u00edt\u00e1si rendszerek. K\u00f6vetelm\u00e9nyek \u00e9s alkalmaz\u00e1si \u00fatmutat\u00f3.<\/td><td class=\"column-3\">2012.03.01.<\/td><td class=\"column-4\">2019.01.01.<\/td>\n<\/tr>\n<tr class=\"row-26\">\n\t<td class=\"column-1\"><strong>MSZ EN ISO 50001:2019<\/strong><\/td><td class=\"column-2\">Energiair\u00e1ny\u00edt\u00e1si rendszerek. K\u00f6vetelm\u00e9nyek \u00e9s alkalmaz\u00e1si \u00fatmutat\u00f3.<\/td><td class=\"column-3\">2019.01.01.<\/td><td class=\"column-4\"><\/td>\n<\/tr>\n<\/tbody>\n<\/table>\n\n<\/div><\/div>\n","protected":false},"excerpt":{"rendered":"<p>Let\u00f6lthet\u0151 szabv\u00e1nyok: eg\u00e9szs\u00e9g\u00fcgy (MEES) fels\u0151oktat\u00e1s (ESG 2015 WFME) Nyomtatott, eredeti szabv\u00e1nyok kereshet\u0151 excel t\u00e1bl\u00e1zatban.<\/p>\n","protected":false},"author":326,"featured_media":0,"parent":0,"menu_order":6,"comment_status":"closed","ping_status":"closed","template":"","meta":{"_acf_changed":false,"footnotes":""},"categories":[],"tags":[],"class_list":["post-113","page","type-page","status-publish","hentry"],"acf":[],"_links":{"self":[{"href":"https:\/\/semmelweis.hu\/minoseg\/wp-json\/wp\/v2\/pages\/113","targetHints":{"allow":["GET"]}}],"collection":[{"href":"https:\/\/semmelweis.hu\/minoseg\/wp-json\/wp\/v2\/pages"}],"about":[{"href":"https:\/\/semmelweis.hu\/minoseg\/wp-json\/wp\/v2\/types\/page"}],"author":[{"embeddable":true,"href":"https:\/\/semmelweis.hu\/minoseg\/wp-json\/wp\/v2\/users\/326"}],"replies":[{"embeddable":true,"href":"https:\/\/semmelweis.hu\/minoseg\/wp-json\/wp\/v2\/comments?post=113"}],"version-history":[{"count":10,"href":"https:\/\/semmelweis.hu\/minoseg\/wp-json\/wp\/v2\/pages\/113\/revisions"}],"predecessor-version":[{"id":20570,"href":"https:\/\/semmelweis.hu\/minoseg\/wp-json\/wp\/v2\/pages\/113\/revisions\/20570"}],"wp:attachment":[{"href":"https:\/\/semmelweis.hu\/minoseg\/wp-json\/wp\/v2\/media?parent=113"}],"wp:term":[{"taxonomy":"category","embeddable":true,"href":"https:\/\/semmelweis.hu\/minoseg\/wp-json\/wp\/v2\/categories?post=113"},{"taxonomy":"post_tag","embeddable":true,"href":"https:\/\/semmelweis.hu\/minoseg\/wp-json\/wp\/v2\/tags?post=113"}],"curies":[{"name":"wp","href":"https:\/\/api.w.org\/{rel}","templated":true}]}}