{"id":3467,"date":"2023-03-13T07:42:03","date_gmt":"2023-03-13T06:42:03","guid":{"rendered":"https:\/\/semmelweis.hu\/mikrobiologia\/?page_id=3467"},"modified":"2023-03-13T07:52:24","modified_gmt":"2023-03-13T06:52:24","slug":"kutatasi-palyazatok","status":"publish","type":"page","link":"https:\/\/semmelweis.hu\/mikrobiologia\/kutatas\/kutatasi-palyazatok\/","title":{"rendered":"Kutat\u00e1si p\u00e1ly\u00e1zatok"},"content":{"rendered":"<p>Az Int\u00e9zet\u00fcnk \u00e1ltal elnyert p\u00e1ly\u00e1zatok az al\u00e1bbi f\u00fclekre kattintva l\u00e1that\u00f3ak.<\/p>\n<div class=\"responsive-tabs\">\n<h2 class=\"tabtitle\">T\u00e9mavezet\u0151k\u00e9nt elnyert p\u00e1ly\u00e1zatok<\/h2>\n<div class=\"tabcontent\">\n\n<ol>\n<li style=\"list-style-type: none\">\n<ol>\n<li><span style=\"color: #003366;font-size: 12pt\"><strong>Ifj\u00fas\u00e1gi OTKA p\u00e1ly\u00e1zat F048410<\/strong><\/span>\n<ul style=\"list-style-type: square\">\n<li><span style=\"font-size: 12pt\">T\u00e9mavezet\u0151: <span style=\"color: #003366\"><strong>Prof. Dr. Szab\u00f3 D\u00f3ra<\/strong><\/span><\/span><\/li>\n<li><span style=\"font-size: 12pt\">&#8222;Multi-drug rezisztens <em>Pseudomonas aeruginosa<\/em> t\u00f6rzsek antibiotikum rezisztencia mechanizmusainak vizsg\u00e1lata&#8221; (<span style=\"color: #003366\"><strong>2005-2009<\/strong><\/span>)\u00a0 \u00a0 \u00a0 \u00a0 \u00a0 \u00a0 \u00a0 \u00a0 \u00a0 \u00a0 \u00a0 \u00a0 \u00a0 \u00a0 \u00a0 \u00a0 \u00a0 \u00a0 \u00a0 \u00a0 \u00a0 \u00a0 \u00a0 \u00a0 \u00a0 \u00a0 \u00a0 \u00a0 \u00a0 \u00a0 \u00a0 \u00a0 \u00a0 \u00a0 \u00a0 \u00a0 \u00a0 \u00a0 \u00a0 \u00a0 \u00a0 \u00a0 \u00a0 \u00a0 \u00a0 \u00a0 \u00a0 \u00a0 \u00a0 \u00a0 \u00a0 \u00a0 \u00a0 \u00a0 \u00a0 \u00a0 \u00a0 \u00a0 \u00a0 \u00a0 \u00a0 \u00a0 \u00a0 \u00a0 \u00a0 \u00a0 \u00a0 \u00a0 \u00a0 \u00a0\u00a0<\/span><\/li>\n<\/ul>\n<\/li>\n<li><span style=\"font-size: 12pt\"><strong style=\"color: #003366\">Eur\u00f3pai Infektol\u00f3giai \u00e9s Klinikai Mikrobiol\u00f3giai T\u00e1rsas\u00e1g Research grant\u00a0<\/strong><\/span>\n<ul style=\"list-style-type: square\">\n<li><span style=\"font-size: 12pt\">T\u00e9mavezet\u0151: <span style=\"color: #003366\"><strong>Prof. Dr. Szab\u00f3 D\u00f3ra<\/strong><\/span><\/span><\/li>\n<li style=\"text-align: justify\"><span style=\"font-size: 12pt\">\u201eMolecular mechanisms and epidemiology of the quinolone resistance in Gram-negative nosocomial bacteria\u201d (<span style=\"color: #003366\"><strong>2008-2009<\/strong><\/span>)\u00a0\u00a0 \u00a0 \u00a0 \u00a0 \u00a0 \u00a0 \u00a0\u00a0 \u00a0 \u00a0 \u00a0 \u00a0 \u00a0 \u00a0 \u00a0 \u00a0 \u00a0 \u00a0 \u00a0 \u00a0 \u00a0 \u00a0 \u00a0 \u00a0 \u00a0 \u00a0 \u00a0 \u00a0 \u00a0 \u00a0 \u00a0 \u00a0 \u00a0 \u00a0 \u00a0 \u00a0 \u00a0 \u00a0 \u00a0 \u00a0 \u00a0 \u00a0 \u00a0 \u00a0 \u00a0 \u00a0 \u00a0 \u00a0 \u00a0 \u00a0 \u00a0 \u00a0 \u00a0 \u00a0 \u00a0 \u00a0 \u00a0 \u00a0 \u00a0 \u00a0 \u00a0 \u00a0 \u00a0 \u00a0 \u00a0 \u00a0 \u00a0 \u00a0 \u00a0 \u00a0 \u00a0 \u00a0 \u00a0 \u00a0 \u00a0\u00a0<\/span><\/li>\n<\/ul>\n<\/li>\n<li><span style=\"color: #003366;font-size: 12pt\"><strong>Kutat\u00f3i OKA K108481<\/strong><\/span>\n<ul style=\"list-style-type: square\">\n<li><span style=\"font-size: 12pt\">T\u00e9mavezet\u0151: <span style=\"color: #003366\"><strong>Prof. Dr. Szab\u00f3 D\u00f3ra<\/strong><\/span><\/span><\/li>\n<li style=\"text-align: justify\"><span style=\"font-size: 12pt\">\u201eA plazmid medi\u00e1lta kinolon rezisztencia determin\u00e1nsok kifejez\u0151d\u00e9s\u00e9t befoly\u00e1sol\u00f3 t\u00e9nyez\u0151k vizsg\u00e1lata\u201d (<span style=\"color: #003366\"><strong>2013-2017<\/strong><\/span>)\u00a0 \u00a0 \u00a0 \u00a0 \u00a0 \u00a0 \u00a0 \u00a0 \u00a0 \u00a0 \u00a0 \u00a0 \u00a0 \u00a0 \u00a0 \u00a0 \u00a0 \u00a0 \u00a0 \u00a0 \u00a0 \u00a0 \u00a0 \u00a0 \u00a0 \u00a0 \u00a0 \u00a0 \u00a0 \u00a0 \u00a0 \u00a0 \u00a0 \u00a0 \u00a0 \u00a0 \u00a0 \u00a0 \u00a0 \u00a0 \u00a0 \u00a0 \u00a0 \u00a0 \u00a0 \u00a0 \u00a0 \u00a0 \u00a0 \u00a0 \u00a0 \u00a0 \u00a0 \u00a0 \u00a0 \u00a0 \u00a0 \u00a0 \u00a0 \u00a0 \u00a0 \u00a0 \u00a0 \u00a0 \u00a0 \u00a0 \u00a0 \u00a0 \u00a0 \u00a0 \u00a0 \u00a0 \u00a0 \u00a0 \u00a0 \u00a0 \u00a0 \u00a0\u00a0<\/span><\/li>\n<\/ul>\n<\/li>\n<li><span style=\"color: #003366;font-size: 12pt\"><strong>Semmelweis Tudom\u00e1nyos Innnov\u00e1ci\u00f3s Alap (STIA) p\u00e1ly\u00e1zat <\/strong><\/span>\n<ul style=\"list-style-type: square\">\n<li><span style=\"font-size: 12pt\">T\u00e9mavezet\u0151: <span style=\"color: #003366\"><strong>Prof. Dr. Szab\u00f3 D\u00f3ra<\/strong><\/span><\/span><\/li>\n<li style=\"text-align: justify\"><span style=\"font-size: 12pt\">\u201eProbiotikum\/mikrobiota- kompoz\u00edci\u00f3 az orr- \u00e9s k\u00f6z\u00e9pgarati \u00e9s orr\u00fcregi ny\u00e1lkah\u00e1rty\u00e1n kereszt\u00fcl bejut\u00f3 v\u00edrusok, els\u0151sorban a COVID-19 v\u00edrussal szembeni fog\u00e9konys\u00e1g cs\u00f6kkent\u00e9s\u00e9re, a betegs\u00e9g megel\u0151z\u00e9s\u00e9re\u201d (<span style=\"color: #003366\"><strong>2021<\/strong><\/span>)\u00a0 \u00a0 \u00a0 \u00a0 \u00a0 \u00a0 \u00a0 \u00a0 \u00a0 \u00a0 \u00a0 \u00a0 \u00a0 \u00a0 \u00a0 \u00a0 \u00a0 \u00a0 \u00a0 \u00a0 \u00a0 \u00a0 \u00a0 \u00a0 \u00a0 \u00a0 \u00a0 \u00a0 \u00a0 \u00a0 \u00a0 \u00a0 \u00a0 \u00a0 \u00a0 \u00a0 \u00a0 \u00a0 \u00a0 \u00a0 \u00a0 \u00a0 \u00a0 \u00a0 \u00a0 \u00a0 \u00a0 \u00a0 \u00a0 \u00a0 \u00a0 \u00a0 \u00a0 \u00a0 \u00a0 \u00a0 \u00a0 \u00a0 \u00a0 \u00a0 \u00a0 \u00a0 \u00a0 \u00a0 \u00a0 \u00a0 \u00a0 \u00a0 \u00a0 \u00a0 \u00a0 \u00a0 \u00a0 \u00a0 \u00a0 \u00a0 \u00a0 \u00a0 \u00a0 \u00a0 \u00a0 \u00a0 \u00a0<\/span><\/li>\n<\/ul>\n<\/li>\n<li><span style=\"color: #003366;font-size: 12pt\"><strong>Semmelweis Tudom\u00e1nyos Innnov\u00e1ci\u00f3s Alap (STIA) p\u00e1ly\u00e1zat <\/strong><\/span>\n<ul style=\"list-style-type: square\">\n<li><span style=\"font-size: 12pt\">T\u00e9mavezet\u0151: <span style=\"color: #003366\"><strong>Prof. Dr. Szab\u00f3 D\u00f3ra<\/strong><\/span><\/span><\/li>\n<li><span style=\"font-size: 12pt\">\u201eA Corynebacteriumok probiotikumk\u00e9nt t\u00f6rt\u00e9n\u0151 felhaszn\u00e1l\u00e1snak vizsg\u00e1lata\u201d (<span style=\"color: #003366\"><strong>2022<\/strong><\/span>)\u00a0 \u00a0 \u00a0 \u00a0 \u00a0 \u00a0 \u00a0 \u00a0 \u00a0 \u00a0 \u00a0 \u00a0 \u00a0 \u00a0 \u00a0 \u00a0 \u00a0 \u00a0 \u00a0 \u00a0 \u00a0 \u00a0 \u00a0 \u00a0<\/span><\/li>\n<\/ul>\n<\/li>\n<li><span style=\"font-size: 12pt\"><strong style=\"color: #003366\">H2020-EU.4.b. &#8211; Twinning of research institutions; AmReSu; (Grant agreement ID: 952491)<\/strong><\/span>\n<ul style=\"list-style-type: square\">\n<li style=\"text-align: justify\"><span style=\"font-size: 12pt\">Konzorciumvezet\u0151: <span style=\"color: #003366\"><strong>Prof. Dr. Szab\u00f3 D\u00f3ra<\/strong><\/span><\/span><\/li>\n<li style=\"text-align: justify\"><span style=\"font-size: 12pt\">\u201eEnhanced Networking on Antimicrobial Resistance Surveillance (AmReSu) with Next Generation Sequencing\u201d (<span style=\"color: #003366\"><strong>2021-2023<\/strong><\/span>)\u00a0 \u00a0 \u00a0 \u00a0 \u00a0 \u00a0 \u00a0 \u00a0 \u00a0 \u00a0 \u00a0 \u00a0 \u00a0 \u00a0 \u00a0 \u00a0 \u00a0 \u00a0 \u00a0 \u00a0 \u00a0 \u00a0 \u00a0 \u00a0 \u00a0 \u00a0 \u00a0 \u00a0 \u00a0 \u00a0 \u00a0 \u00a0 \u00a0 \u00a0 \u00a0 \u00a0 \u00a0 \u00a0 \u00a0 \u00a0 \u00a0 \u00a0 \u00a0 \u00a0 \u00a0 \u00a0 \u00a0 \u00a0 \u00a0 \u00a0 \u00a0 \u00a0 \u00a0 \u00a0 \u00a0 \u00a0 \u00a0 \u00a0 \u00a0 \u00a0 \u00a0 \u00a0 \u00a0 \u00a0 \u00a0 \u00a0 \u00a0 \u00a0 \u00a0 \u00a0 \u00a0\u00a0<\/span><\/li>\n<\/ul>\n<\/li>\n<li><span style=\"color: #003366;font-size: 12pt\"><strong>MTA Akad\u00e9miai Kutat\u00f3csoport ELKH-SE Human Mikrobiota Kutat\u00f3csoport<\/strong><\/span>\n<ul style=\"list-style-type: square\">\n<li><span style=\"font-size: 12pt\">T\u00e9mavezet\u0151: <span style=\"color: #003366\"><strong>Prof. Dr. Szab\u00f3 D\u00f3ra<\/strong><\/span><\/span><\/li>\n<li><span style=\"font-size: 12pt\">\u201eA Hum\u00e1n mikrobi\u00f3ta szerepe a multirezisztens Klebsiella pneumoniae gastrointestinalis koloniz\u00e1ci\u00f3j\u00e1ban\u201d (<span style=\"color: #003366\"><strong>2022-2027<\/strong><\/span>)\u00a0 \u00a0 \u00a0 \u00a0<\/span><\/li>\n<\/ul>\n<\/li>\n<\/ol>\n<\/li>\n<\/ol>\n\n<\/div><h2 class=\"tabtitle\">R\u00e9sztvev\u0151k\u00e9nt elnyert p\u00e1ly\u00e1zatok<\/h2>\n<div class=\"tabcontent\">\n\n<ol>\n<li style=\"list-style-type: none\">\n<ol>\n<li><span style=\"color: #003366;font-size: 12pt\"><strong>VEKOP-2.2.1-16-2017-00001<\/strong><\/span>\n<ul>\n<li style=\"text-align: justify\"><span style=\"font-size: 12pt\">Gyors h\u00fagy\u00fati bakt\u00e9rium elemz\u0151 m\u00e9r\u0151k\u00e9sz\u00fcl\u00e9k fejleszt\u00e9se (Rapid urine bacteria analyzer) (<span style=\"color: #003366\"><strong>2017-2020<\/strong><\/span>)\u00a0 \u00a0 \u00a0 \u00a0 \u00a0 \u00a0 \u00a0 \u00a0 \u00a0 \u00a0 \u00a0 \u00a0 \u00a0 \u00a0 \u00a0 \u00a0 \u00a0 \u00a0 \u00a0 \u00a0 \u00a0 \u00a0 \u00a0 \u00a0 \u00a0 \u00a0 \u00a0 \u00a0 \u00a0 \u00a0 \u00a0 \u00a0 \u00a0 \u00a0 \u00a0 \u00a0 \u00a0 \u00a0 \u00a0 \u00a0 \u00a0 \u00a0 \u00a0 \u00a0 \u00a0 \u00a0 \u00a0 \u00a0 \u00a0 \u00a0 \u00a0 \u00a0 \u00a0 \u00a0 \u00a0 \u00a0 \u00a0 \u00a0 \u00a0 \u00a0 \u00a0 \u00a0 \u00a0 \u00a0 \u00a0 \u00a0 \u00a0 \u00a0 \u00a0 \u00a0 \u00a0 \u00a0 \u00a0 \u00a0 \u00a0 \u00a0 \u00a0 \u00a0 \u00a0 \u00a0 \u00a0 \u00a0 \u00a0 \u00a0 \u00a0 \u00a0 \u00a0 \u00a0 \u00a0 \u00a0 \u00a0 \u00a0 \u00a0\u00a0<\/span><\/li>\n<\/ul>\n<\/li>\n<li><span style=\"font-size: 12pt\"><strong><span style=\"color: #003366\">European Institute of Innovation and Technology-EITHealth r\u00e9sztvev\u0151<\/span><\/strong><\/span>\n<ul style=\"list-style-type: square\">\n<li style=\"text-align: justify\"><span style=\"font-size: 12pt\">Konzorciumvezet\u0151: <span style=\"color: #003366\"><strong>Herv\u00e9 Volland CEA\u00a0 \u00a0 \u00a0 \u00a0<\/strong><\/span><\/span><\/li>\n<li style=\"text-align: justify\"><span style=\"font-size: 12pt\">\u201e30 perces laborat\u00f3riumi teszt Gram-negat\u00edv bakt\u00e9riumok antibiotikumok rezisztenci\u00e1j\u00e1nak kimutat\u00e1sa\u201d (<span style=\"color: #003366\"><strong>2018<\/strong><\/span>)\u00a0 \u00a0 \u00a0 \u00a0 \u00a0 \u00a0 \u00a0 \u00a0 \u00a0 \u00a0 \u00a0 \u00a0 \u00a0 \u00a0 \u00a0 \u00a0 \u00a0 \u00a0 \u00a0 \u00a0 \u00a0 \u00a0 \u00a0 \u00a0 \u00a0 \u00a0 \u00a0 \u00a0 \u00a0 \u00a0 \u00a0 \u00a0 \u00a0 \u00a0 \u00a0 \u00a0 \u00a0 \u00a0 \u00a0 \u00a0 \u00a0 \u00a0 \u00a0 \u00a0 \u00a0 \u00a0 \u00a0 \u00a0 \u00a0 \u00a0 \u00a0 \u00a0 \u00a0 \u00a0 \u00a0 \u00a0 \u00a0 \u00a0 \u00a0 \u00a0 \u00a0 \u00a0 \u00a0 \u00a0 \u00a0 \u00a0 \u00a0 \u00a0 \u00a0 \u00a0 \u00a0 \u00a0 \u00a0 \u00a0 \u00a0 \u00a0 \u00a0 \u00a0 \u00a0 \u00a0 \u00a0 \u00a0 \u00a0 \u00a0 \u00a0 \u00a0 \u00a0 \u00a0 \u00a0\u00a0<\/span><\/li>\n<\/ul>\n<\/li>\n<li><span style=\"font-size: 12pt\">\u00a0<span style=\"color: #003366\"><strong>OTKA KKP 126823 r\u00e9sztvev\u0151<\/strong><\/span><\/span>\n<ul style=\"list-style-type: square\">\n<li><span style=\"font-size: 12pt\">T\u00e9mavezet\u0151: <span style=\"color: #003366\"><strong>Prof. Rad\u00e1k Zsolt<\/strong><\/span><\/span><\/li>\n<li style=\"text-align: justify\"><span style=\"font-size: 12pt\">\u201eA rendszeres testedz\u00e9s gener\u00e1lis hat\u00e1sainak rejt\u00e9lye: Maxim\u00e1lis oxig\u00e9nfelv\u00e9tel, vagy molekul\u00e1ris jelz\u0151rendszer f\u00fcgg\u0151? \u201d (<span style=\"color: #003366\"><strong>2018-2022<\/strong><\/span>)\u00a0 \u00a0 \u00a0 \u00a0 \u00a0 \u00a0 \u00a0 \u00a0 \u00a0 \u00a0 \u00a0 \u00a0 \u00a0 \u00a0 \u00a0 \u00a0 \u00a0 \u00a0 \u00a0 \u00a0 \u00a0 \u00a0 \u00a0 \u00a0 \u00a0 \u00a0 \u00a0 \u00a0 \u00a0 \u00a0 \u00a0 \u00a0 \u00a0 \u00a0 \u00a0 \u00a0 \u00a0 \u00a0 \u00a0 \u00a0 \u00a0 \u00a0 \u00a0 \u00a0 \u00a0 \u00a0 \u00a0 \u00a0 \u00a0 \u00a0 \u00a0 \u00a0 \u00a0 \u00a0 \u00a0 \u00a0 \u00a0 \u00a0 \u00a0 \u00a0<\/span><\/li>\n<\/ul>\n<\/li>\n<li><span style=\"color: #003366;font-size: 12pt\"><strong>OTKA K 126800, OTKA K 140349 \u00e9s OTKA K 128600 r\u00e9sztvev\u0151<\/strong><\/span>\n<ul style=\"list-style-type: square\">\n<li><span style=\"font-size: 12pt\">T\u00e9mavezet\u0151: <span style=\"color: #003366\"><strong>Dr. Szmolka Ama<\/strong><\/span><\/span><\/li>\n<li style=\"text-align: justify\"><span style=\"font-size: 12pt\">\u201e<em>Salmonella enteritidis<\/em> \u00e9s <em>S. infantis<\/em> epidemiol\u00f3giai kompet\u00edci\u00f3j\u00e1nak biol\u00f3giai \u00e9s genetikai alapjai \u201d (<span style=\"color: #003366\"><strong>2018-2021; 2021-2023, 2022-2026<\/strong><\/span>)\u00a0 \u00a0 \u00a0 \u00a0 \u00a0 \u00a0 \u00a0 \u00a0 \u00a0 \u00a0 \u00a0 \u00a0 \u00a0 \u00a0 \u00a0 \u00a0 \u00a0 \u00a0 \u00a0 \u00a0 \u00a0 \u00a0 \u00a0 \u00a0 \u00a0 \u00a0 \u00a0 \u00a0 \u00a0 \u00a0 \u00a0 \u00a0 \u00a0 \u00a0 \u00a0 \u00a0 \u00a0 \u00a0 \u00a0 \u00a0 \u00a0 \u00a0 \u00a0 \u00a0 \u00a0 \u00a0 \u00a0 \u00a0 \u00a0 \u00a0 \u00a0 \u00a0 \u00a0 \u00a0 \u00a0 \u00a0 \u00a0 \u00a0 \u00a0 \u00a0 \u00a0 \u00a0 \u00a0 \u00a0 \u00a0 \u00a0 \u00a0 \u00a0 \u00a0 \u00a0 \u00a0 \u00a0 \u00a0 \u00a0 \u00a0 \u00a0 \u00a0 \u00a0 \u00a0 \u00a0 \u00a0 \u00a0 \u00a0 \u00a0 \u00a0 \u00a0 \u00a0 \u00a0 \u00a0 \u00a0 \u00a0 \u00a0 \u00a0 \u00a0 \u00a0 \u00a0 \u00a0 \u00a0 \u00a0<\/span><\/li>\n<\/ul>\n<\/li>\n<li><span style=\"font-size: 12pt\"><strong><span style=\"color: #003366\">European Institute of Innovation and Technology-EITHealth r\u00e9sztvev\u0151<\/span><\/strong><\/span>\n<ul style=\"list-style-type: square\">\n<li><span style=\"font-size: 12pt\">Konzorciumvezet\u0151: <span style=\"color: #003366\"><strong>Herv\u00e9 Volland CEA <\/strong><\/span><\/span><\/li>\n<li><span style=\"font-size: 12pt\">\u201eA device for rapid and direct detection of broad-spectrum \u03b2-lactamases in biological samples\u201d (<span style=\"color: #003366\"><strong>2020-2023<\/strong><\/span>)\u00a0 \u00a0 \u00a0 \u00a0 \u00a0 \u00a0 \u00a0 \u00a0 \u00a0 \u00a0 \u00a0 \u00a0 \u00a0 \u00a0 \u00a0 \u00a0 \u00a0 \u00a0 \u00a0 \u00a0 \u00a0 \u00a0 \u00a0 \u00a0 \u00a0 \u00a0 \u00a0 \u00a0 \u00a0 \u00a0 \u00a0 \u00a0 \u00a0 \u00a0 \u00a0 \u00a0 \u00a0 \u00a0 \u00a0 \u00a0 \u00a0 \u00a0 \u00a0 \u00a0 \u00a0 \u00a0 \u00a0 \u00a0 \u00a0 \u00a0 \u00a0 \u00a0 \u00a0 \u00a0 \u00a0 \u00a0 \u00a0 \u00a0 \u00a0 \u00a0 \u00a0 \u00a0 \u00a0 \u00a0 \u00a0 \u00a0 \u00a0 \u00a0 \u00a0 \u00a0 \u00a0 \u00a0 \u00a0 \u00a0 \u00a0 \u00a0 \u00a0 \u00a0 \u00a0 \u00a0 \u00a0 \u00a0 \u00a0 \u00a0 \u00a0 \u00a0 \u00a0 \u00a0 \u00a0\u00a0<\/span><\/li>\n<\/ul>\n<\/li>\n<li><span style=\"color: #003366;font-size: 12pt\"><strong>OTKA K 142904 &#8211; OTKA FK_22 Fiatal Kutat\u00f3i kiv\u00e1l\u00f3s\u00e1gi program r\u00e9sztvev\u0151<\/strong><\/span>\n<ul style=\"list-style-type: square\">\n<li><span style=\"font-size: 12pt\">T\u00e9mavezet\u0151: <span style=\"color: #003366\"><strong>Dr. B\u0151sze Szilvia<\/strong><\/span><\/span><\/li>\n<li style=\"text-align: justify\"><span style=\"font-size: 12pt\">\u201eA fert\u0151z\u00e9s hely\u00e9nek t\u00e1mad\u00e1sa: peptidsz\u00e1rmaz\u00e9kok \u00e9s peptiddel m\u00f3dos\u00edtott nanohordoz\u00f3k hat\u00f3anyagok c\u00e9lbajuttat\u00e1s\u00e1ra \u00e9s biohasznos\u00edthat\u00f3s\u00e1guk n\u00f6vel\u00e9s\u00e9re \u201d (<span style=\"color: #003366\"><strong>2022-2026<\/strong><\/span>)\u00a0<\/span><\/li>\n<\/ul>\n<\/li>\n<\/ol>\n<\/li>\n<\/ol>\n<\/div><\/div>\n","protected":false},"excerpt":{"rendered":"<p>Az Int\u00e9zet\u00fcnk \u00e1ltal elnyert p\u00e1ly\u00e1zatok az al\u00e1bbi f\u00fclekre kattintva l\u00e1that\u00f3ak. Ifj\u00fas\u00e1gi OTKA p\u00e1ly\u00e1zat F048410 T\u00e9mavezet\u0151: Prof. Dr. Szab\u00f3 D\u00f3ra &#8222;Multi-drug rezisztens Pseudomonas aeruginosa t\u00f6rzsek antibiotikum rezisztencia mechanizmusainak vizsg\u00e1lata&#8221; (2005-2009)\u00a0 \u00a0 \u00a0 \u00a0 \u00a0 \u00a0 \u00a0 \u00a0 \u00a0 \u00a0 \u00a0 \u00a0 \u00a0 \u00a0 \u00a0 \u00a0 \u00a0 \u00a0 \u00a0 \u00a0 \u00a0 \u00a0 \u00a0 \u00a0 \u00a0 \u00a0 \u00a0 &hellip;<\/p>\n","protected":false},"author":182,"featured_media":0,"parent":16,"menu_order":3,"comment_status":"closed","ping_status":"closed","template":"","meta":{"_acf_changed":false,"footnotes":""},"categories":[],"tags":[],"class_list":["post-3467","page","type-page","status-publish","hentry"],"acf":[],"_links":{"self":[{"href":"https:\/\/semmelweis.hu\/mikrobiologia\/wp-json\/wp\/v2\/pages\/3467","targetHints":{"allow":["GET"]}}],"collection":[{"href":"https:\/\/semmelweis.hu\/mikrobiologia\/wp-json\/wp\/v2\/pages"}],"about":[{"href":"https:\/\/semmelweis.hu\/mikrobiologia\/wp-json\/wp\/v2\/types\/page"}],"author":[{"embeddable":true,"href":"https:\/\/semmelweis.hu\/mikrobiologia\/wp-json\/wp\/v2\/users\/182"}],"replies":[{"embeddable":true,"href":"https:\/\/semmelweis.hu\/mikrobiologia\/wp-json\/wp\/v2\/comments?post=3467"}],"version-history":[{"count":8,"href":"https:\/\/semmelweis.hu\/mikrobiologia\/wp-json\/wp\/v2\/pages\/3467\/revisions"}],"predecessor-version":[{"id":3477,"href":"https:\/\/semmelweis.hu\/mikrobiologia\/wp-json\/wp\/v2\/pages\/3467\/revisions\/3477"}],"up":[{"embeddable":true,"href":"https:\/\/semmelweis.hu\/mikrobiologia\/wp-json\/wp\/v2\/pages\/16"}],"wp:attachment":[{"href":"https:\/\/semmelweis.hu\/mikrobiologia\/wp-json\/wp\/v2\/media?parent=3467"}],"wp:term":[{"taxonomy":"category","embeddable":true,"href":"https:\/\/semmelweis.hu\/mikrobiologia\/wp-json\/wp\/v2\/categories?post=3467"},{"taxonomy":"post_tag","embeddable":true,"href":"https:\/\/semmelweis.hu\/mikrobiologia\/wp-json\/wp\/v2\/tags?post=3467"}],"curies":[{"name":"wp","href":"https:\/\/api.w.org\/{rel}","templated":true}]}}