{"id":2601,"date":"2022-05-22T20:39:51","date_gmt":"2022-05-22T18:39:51","guid":{"rendered":"https:\/\/semmelweis.hu\/mikrobiologia\/?page_id=2601"},"modified":"2023-09-16T10:14:32","modified_gmt":"2023-09-16T08:14:32","slug":"phd-temavezetoink-hallgatoink","status":"publish","type":"page","link":"https:\/\/semmelweis.hu\/mikrobiologia\/phd-kepzes\/phd-temavezetoink-hallgatoink\/","title":{"rendered":"PhD t\u00e9mavezet\u0151ink, hallgat\u00f3ink"},"content":{"rendered":"<p>Az al\u00e1bbiakban t\u00e9mavezet\u0151ink \u00e9s PhD-hallgat\u00f3ink n\u00e9vsora l\u00e1that\u00f3 \u00f6sszefoglalva. Tov\u00e1bbi inform\u00e1ci\u00f3k el\u00e9rhet\u0151ek az <a href=\"https:\/\/doktori.hu\/index.php?menuid=189&amp;lang=HU&amp;tip=TV&amp;diID=132\" target=\"_blank\" rel=\"noopener\">Orsz\u00e1gos Doktori Tan\u00e1cs (ODT) hivatalos honlapj\u00e1n<\/a>.<\/p>\n<div class=\"responsive-tabs\">\n<h2 class=\"tabtitle\">Prof. Dr. Szab\u00f3 D\u00f3ra<\/h2>\n<div class=\"tabcontent\">\n\n<h5>T\u00e9mavezet\u0151: <span style=\"color: #000080\"><strong>Prof. Dr. Szab\u00f3 D\u00f3ra<\/strong><\/span><\/h5>\n<ul style=\"list-style-type: disc\">\n<li style=\"text-align: justify\"><strong>T\u00e9ma:<\/strong><\/li>\n<\/ul>\n<p><span style=\"font-size: 14pt\">Antibiotikum rezisztencia\u00a0 vizsg\u00e1latok Gram-negat\u00edv bakt\u00e9riumokban<\/span><\/p>\n<p><span style=\"font-size: 14pt\">Rezisztens mikroorganizmusok szerepe nozokomi\u00e1lis fert\u0151z\u00e9sekben<\/span><\/p>\n<p><span style=\"font-size: 14pt\">A b\u00e9lmikrobiota szerepe k\u00fcl\u00f6nb\u00f6z\u0151 k\u00f3rk\u00e9pekben<\/span><\/p>\n<ul style=\"list-style-type: disc\">\n<li><strong>Jelenlegi PhD-hallgat\u00f3k<\/strong> (tervezett v\u00e9gz\u00e9s idej\u00e9vel):<\/li>\n<\/ul>\n<p>\u00a0 \u00a0 \u00a0 \u00a0 \u00a0 \u00a0 \u00a0 \u00a0 \u00a0 \u00a0 \u00a0 \u00a0 \u00a02025: <span style=\"color: #000080\"><strong>Hummel D\u00e1vid<\/strong><\/span><\/p>\n<p>\u00a0 \u00a0 \u00a0 \u00a0 \u00a0 \u00a0 \u00a0 \u00a0 \u00a0 \u00a0 \u00a0 \u00a0 \u00a02023: <strong><span style=\"color: #000080\">Stercz Bal\u00e1zs<\/span><\/strong><\/p>\n<ul style=\"list-style-type: disc\">\n<li><strong>Kor\u00e1bbi Fokozatszerz\u0151k:<\/strong><\/li>\n<\/ul>\n<p>\u00a0 \u00a0 \u00a0 \u00a0 \u00a0 \u00a0 \u00a0 \u00a0 \u00a0 \u00a0 \u00a0 \u00a0 \u00a02022: <span style=\"color: #000080\"><strong>T\u00f3th Kinga<\/strong><\/span><\/p>\n<p><span style=\"color: #000080\"><span style=\"color: #000000\">\u00a0 \u00a0 \u00a0 \u00a0 \u00a0 \u00a0 \u00a0 \u00a0 \u00a0 \u00a0 \u00a0 \u00a0 \u00a02021:<\/span><strong> Domokos Judit<\/strong><\/span><\/p>\n<p>\u00a0 \u00a0 \u00a0 \u00a0 \u00a0 \u00a0 \u00a0 \u00a0 \u00a0 \u00a0 \u00a0 \u00a0 \u00a02018: <span style=\"color: #000080\"><strong>K\u00e1d\u00e1r B\u00e9la<\/strong><\/span><\/p>\n<p>\u00a0 \u00a0 \u00a0 \u00a0 \u00a0 \u00a0 \u00a0 \u00a0 \u00a0 \u00a0 \u00a0 \u00a0 \u00a02017: <strong><span style=\"color: #000080\">Iv\u00e1dy Bal\u00e1zs\u00a0\u00a0<\/span><\/strong>\u00a0\u00a0\u00a0\u00a0\u00a0<\/p>\n<p>\u00a0 \u00a0 \u00a0 \u00a0 \u00a0 \u00a0 \u00a0 \u00a0 \u00a0 \u00a0 \u00a0 \u00a0 \u00a02016: <span style=\"color: #000080\"><strong>Sz\u00e1sz M\u00e1t\u00e9 S\u00e1ndor<\/strong><\/span><\/p>\n<p>\u00a0 \u00a0 \u00a0 \u00a0 \u00a0 \u00a0 \u00a0 \u00a0 \u00a0 \u00a0 \u00a0 \u00a0 \u00a02013: <span style=\"color: #000080\"><strong>Glatz Katalin<\/strong><\/span><\/p>\n<p>\u00a0 \u00a0 \u00a0 \u00a0 \u00a0 \u00a0 \u00a0 \u00a0 \u00a0 \u00a0 \u00a0 \u00a0 \u00a02010: <span style=\"color: #000080\"><strong>Krist\u00f3f Katalin<\/strong><span style=\"color: #000000\">,<\/span><strong> Mag T\u00fcnde\u00a0<\/strong><span style=\"color: #000000\">(50%)<\/span><\/span><\/p>\n<p>\u00a0 \u00a0 \u00a0 \u00a0 \u00a0 \u00a0 \u00a0 \u00a0 \u00a0 \u00a0 \u00a0 \u00a0 \u00a02008: <span style=\"color: #000080\"><strong>M\u00e1th\u00e9 Andr\u00e1s <\/strong><span style=\"color: #000000\">(50%)<\/span><\/span><\/p>\n\n<\/div><h2 class=\"tabtitle\">Dr. Dobay Orsolya<\/h2>\n<div class=\"tabcontent\">\n\n<h5>T\u00e9mavezet\u0151: <span style=\"color: #000080\"><strong>Dr. Dobay Orsolya<\/strong><\/span><\/h5>\n<ul style=\"list-style-type: disc\">\n<li><strong>T\u00e9ma:<\/strong><\/li>\n<\/ul>\n<p><span style=\"font-size: 14pt\">Gram-pozit\u00edv bakt\u00e9riumok virulenci\u00e1ja, antibiotikum rezisztenci\u00e1ja \u00e9s hordoz\u00e1suk<\/span><\/p>\n<ul style=\"list-style-type: disc\">\n<li><strong>Jelenlegi PhD-hallgat\u00f3k<\/strong> (tervezett v\u00e9gz\u00e9s idej\u00e9vel):<\/li>\n<\/ul>\n<p>\u00a0 \u00a0 \u00a0 \u00a0 \u00a0 \u00a0 \u00a0 \u00a0 \u00a0 \u00a0 \u00a0 \u00a0 \u00a02024: <strong><span style=\"color: #000080\">Huber Annam\u00e1ria<\/span><\/strong><\/p>\n<ul style=\"list-style-type: disc\">\n<li><strong>Kor\u00e1bbi Fokozatszerz\u0151k:<\/strong><\/li>\n<\/ul>\n<p>\u00a0 \u00a0 \u00a0 \u00a0 \u00a0 \u00a0 \u00a0 \u00a0 \u00a0 \u00a0 \u00a0 \u00a0 \u00a02022: <span style=\"color: #000080\"><b>Sahin-T\u00f3th Judit<\/b><\/span><\/p>\n<p>\u00a0 \u00a0 \u00a0 \u00a0 \u00a0 \u00a0 \u00a0 \u00a0 \u00a0 \u00a0 \u00a0 \u00a0 \u00a02022: <strong><span style=\"color: #000080\">Jaikumpun Pongsiri <\/span><\/strong><span style=\"color: #000080\"><span style=\"color: #000000\">(50%)<\/span><\/span><\/p>\n<p>\u00a0 \u00a0 \u00a0 \u00a0 \u00a0 \u00a0 \u00a0 \u00a0 \u00a0 \u00a0 \u00a0 \u00a0 \u00a02022: <span style=\"color: #000080\"><strong>Kov\u00e1cs Eszter Tamara<\/strong><\/span><\/p>\n<p>\u00a0 \u00a0 \u00a0 \u00a0 \u00a0 \u00a0 \u00a0 \u00a0 \u00a0 \u00a0 \u00a0 \u00a0 \u00a02021: <span style=\"color: #000080\"><strong>Horv\u00e1th Andrea<\/strong><\/span><\/p>\n<p>\u00a0 \u00a0 \u00a0 \u00a0 \u00a0 \u00a0 \u00a0 \u00a0 \u00a0 \u00a0 \u00a0 \u00a0 \u00a02018: <span style=\"color: #000080\"><strong>Menyh\u00e1rt-Laub Krisztina\u00a0\u00a0\u00a0\u00a0<\/strong><\/span>\u00a0\u00a0\u00a0<\/p>\n<p>\u00a0 \u00a0 \u00a0 \u00a0 \u00a0 \u00a0 \u00a0 \u00a0 \u00a0 \u00a0 \u00a0 \u00a0 \u00a02015: <span style=\"color: #000080\"><strong>T\u00f3thp\u00e1l Adrienn<\/strong><\/span><\/p>\n\n<\/div><h2 class=\"tabtitle\">Dr. Kis Zolt\u00e1n<\/h2>\n<div class=\"tabcontent\">\n\n<h5>T\u00e9mavezet\u0151: <span style=\"color: #000080\"><strong>Dr. Kis Zolt\u00e1n<\/strong><\/span><\/h5>\n<ul style=\"list-style-type: disc\">\n<li style=\"text-align: justify\"><strong>Kutat\u00e1si t\u00e9ma: <\/strong><\/li>\n<\/ul>\n<p>Vesz\u00e9lyes k\u00f3rokoz\u00f3k kimutat\u00e1s\u00e1nak \u00e9s differenci\u00e1l diagnosztik\u00e1j\u00e1nak fejleszt\u00e9se<\/p>\n<p>V\u00e9rz\u00e9ses l\u00e1zat okoz\u00f3 v\u00edrusok geno- \u00e9s fenot\u00edpusos \u00f6sszehasonl\u00edt\u00f3 jellemz\u00e9se molekul\u00e1ris \u00e9s szerol\u00f3giai m\u00f3dszerekkel<\/p>\n\n<\/div><h2 class=\"tabtitle\">Dr. Kocsis B\u00e9la<\/h2>\n<div class=\"tabcontent\">\n\n<h5>T\u00e9mavezet\u0151: <span style=\"color: #000080\"><strong>Dr. Kocsis B\u00e9la<\/strong><\/span><\/h5>\n<ul style=\"list-style-type: disc\">\n<li style=\"text-align: justify\"><strong>T\u00e9ma: <\/strong><\/li>\n<\/ul>\n<p><span style=\"font-size: 14pt\">A fluorokinolon \u00e9s a polymyxin antibiotikumokkal szembeni rezisztencia mechanizmusok vizsg\u00e1lata Gram-negat\u00edv bakt\u00e9riumokban<\/span><\/p>\n<ul style=\"list-style-type: disc\">\n<li><strong>Jelenlegi PhD-hallgat\u00f3k<\/strong> (tervezett v\u00e9gz\u00e9s idej\u00e9vel):<\/li>\n<\/ul>\n<p>\u00a0 \u00a0 \u00a0 \u00a0 \u00a0 \u00a0 \u00a0 \u00a0 \u00a0 \u00a0 \u00a0 \u00a0 \u00a02024: <span style=\"color: #000080\"><strong>Guly\u00e1s D\u00e1niel<\/strong><\/span><\/p>\n<ul style=\"list-style-type: disc\">\n<li><strong>Kor\u00e1bbi Fokozatszerz\u0151k:<\/strong><\/li>\n<\/ul>\n<p>\u00a0 \u00a0 \u00a0 \u00a0 \u00a0 \u00a0 \u00a0 \u00a0 \u00a0 \u00a0 \u00a0 \u00a0 \u00a02022: <span style=\"color: #000080\"><b>Szab\u00f3 Orsolya<\/b><\/span><\/p>\n\n<\/div><h2 class=\"tabtitle\">Dr. Ostorh\u00e1zi Eszter<\/h2>\n<div class=\"tabcontent\">\n\n<h5>T\u00e9mavezet\u0151: <span style=\"color: #000080\"><strong>Dr. Ostorh\u00e1zi Eszter<\/strong><\/span><\/h5>\n<ul style=\"list-style-type: disc\">\n<li style=\"text-align: justify\"><strong>T\u00e9ma:<\/strong><\/li>\n<\/ul>\n<p style=\"text-align: justify\"><span style=\"font-size: 14pt\">A b\u0151rgy\u00f3gy\u00e1szati \u00e9s venerol\u00f3giai infekci\u00f3k k\u00f3rokoz\u00f3inak mikrobiol\u00f3gi\u00e1ja \u00e9s ezek \u00faj ter\u00e1pi\u00e1s lehet\u0151s\u00e9gei<\/span><\/p>\n<p style=\"text-align: justify\"><span style=\"font-size: 14pt\">A b\u0151rfelsz\u00edn, sz\u00e9klet, v\u00e9r, vizelet \u00e9s sz\u00f6veti mikrobiom szerepe az infekci\u00f3s \u00e9s nem infekci\u00f3s eredet\u0171 k\u00f3rk\u00e9pek kialakul\u00e1s\u00e1ban \u00e9s progresszi\u00f3j\u00e1ban<\/span><\/p>\n<ul style=\"list-style-type: disc\">\n<li><b>Doktori Iskola:<span style=\"color: #000080\"> <a href=\"https:\/\/semmelweis.hu\/phd\/doktori-iskolak\/klinikai-orvostudomanyok\/\" target=\"_blank\" rel=\"noopener\">R\u00e1cz K\u00e1roly Konzervat\u00edv Orvostudom\u00e1nyi Tagozat<\/a><\/span><\/b><b><\/b><\/li>\n<\/ul>\n<p><b><span style=\"color: #000080\">\u00a0 \u00a0 \u00a0 \u00a0 \u00a0 \u00a0 \u00a0 \u00a0 \u00a0 \u00a0 \u00a0 \u00a0 \u00a0 \u00a0 \u00a0 \u00a0 \u00a0 <a href=\"https:\/\/semmelweis.hu\/phd\/doktori-iskolak\/patologiai-tudomanyok-multidiszciplinaris-orvostudomanyok\/\" target=\"_blank\" rel=\"noopener\">\u00a0Patol\u00f3giai \u00e9s Onkol\u00f3giai Tagozat<\/a><\/span><\/b><\/p>\n<ul style=\"list-style-type: disc\">\n<li><strong>Jelenlegi PhD-hallgat\u00f3k<\/strong> (tervezett v\u00e9gz\u00e9s idej\u00e9vel):<\/li>\n<\/ul>\n<p>\u00a0 \u00a0 \u00a0 \u00a0 \u00a0 \u00a0 \u00a0 \u00a0 \u00a0 \u00a0 \u00a0 \u00a0 \u00a02027: <strong><span style=\"color: #000080\">Gugolya M\u00e1t\u00e9<\/span><\/strong><\/p>\n<p>\u00a0 \u00a0 \u00a0 \u00a0 \u00a0 \u00a0 \u00a0 \u00a0 \u00a0 \u00a0 \u00a0 \u00a0 \u00a02025: <span style=\"color: #003366\"><strong>Mansour Bassel<\/strong><\/span><\/p>\n<p>\u00a0 \u00a0 \u00a0 \u00a0 \u00a0 \u00a0 \u00a0 \u00a0 \u00a0 \u00a0 \u00a0 \u00a0 \u00a02024: <strong><span style=\"color: #000080\">Joura Marie Isolde<\/span><\/strong><\/p>\n<ul style=\"list-style-type: disc\">\n<li><strong>Kor\u00e1bbi Fokozatszerz\u0151k:<\/strong><\/li>\n<\/ul>\n<p>\u00a0 \u00a0 \u00a0 \u00a0 \u00a0 \u00a0 \u00a0 \u00a0 \u00a0 \u00a0 \u00a0 \u00a0 \u00a02022: <strong><span style=\"color: #000080\">Szab\u00f3 B\u00e1lint Gergely<\/span><\/strong><\/p>\n<p><span style=\"color: #000000\">\u00a0 \u00a0 \u00a0 \u00a0 \u00a0 \u00a0 \u00a0 \u00a0 \u00a0 \u00a0 \u00a0 \u00a0 \u00a02018:<\/span><strong><span style=\"color: #000080\"> \u00a0Brunner Alexandra<\/span><\/strong><\/p>\n\n<\/div><h2 class=\"tabtitle\">Prof. Dr. Tak\u00e1cs M\u00e1ria<\/h2>\n<div class=\"tabcontent\">\n\n<h5>T\u00e9mavezet\u0151:<span style=\"color: #000080\"> Prof. <strong>Dr. Tak\u00e1cs M\u00e1ria<\/strong><\/span><\/h5>\n<ul>\n<li><strong>Kutat\u00e1si t\u00e9ma: <\/strong><\/li>\n<\/ul>\n<p>Hepatitis v\u00edrus hordoz\u00f3 egy\u00e9nek v\u00edrusainak (<em>HBV<\/em>, <em>HCV<\/em>, <em>HGV<\/em> \u00e9s <em>TTV<\/em>) molekul\u00e1ris vizsg\u00e1lata; a k\u00f3rokoz\u00f3 eredet\u00e9nek \u00e9s terjed\u00e9s\u00e9nek kimutat\u00e1sa c\u00e9lj\u00e1b\u00f3l<\/p>\n<p>Influenza v\u00edrusok replik\u00e1ci\u00f3j\u00e1t g\u00e1tl\u00f3, n\u00f6v\u00e9nyi eredet\u0171 k\u00e9sz\u00edtm\u00e9nyek vizsg\u00e1lata<\/p>\n<ul>\n<li><strong>Kor\u00e1bbi Fo<\/strong><strong>kozatszerz\u0151k:<\/strong>\n<p>\u00a0 \u00a0 \u00a0 \u00a0 \u00a0 \u00a0 \u00a0 \u00a0 2020: <span style=\"color: #000080\"><strong>Nagy Orsolya<\/strong><\/span><\/p>\n<p><span style=\"color: #000000\">\u00a0 \u00a0 \u00a0 \u00a0 \u00a0 \u00a0 \u00a0 \u00a0 2018:<\/span><strong><span style=\"color: #000080\"> \u00a0Kuti D\u00e1vid<\/span><\/strong><\/p>\n<\/li>\n<\/ul>\n<\/div><\/div>\n<p>&nbsp;<\/p>\n","protected":false},"excerpt":{"rendered":"<p>Az al\u00e1bbiakban t\u00e9mavezet\u0151ink \u00e9s PhD-hallgat\u00f3ink n\u00e9vsora l\u00e1that\u00f3 \u00f6sszefoglalva. Tov\u00e1bbi inform\u00e1ci\u00f3k el\u00e9rhet\u0151ek az <a href=\"https:\/\/doktori.hu\/index.php?menuid=189&amp;lang=HU&amp;tip=TV&amp;diID=132\" target=\"_blank\" rel=\"noopener\">Orsz\u00e1gos Doktori Tan\u00e1cs (ODT) hivatalos honlapj\u00e1n<\/a> . T\u00e9mavezet\u0151: Prof. Dr. Szab\u00f3 D\u00f3ra T\u00e9ma: Antibiotikum rezisztencia\u00a0 vizsg\u00e1latok Gram-negat\u00edv bakt\u00e9riumokban Rezisztens mikroorganizmusok szerepe nozokomi\u00e1lis fert\u0151z\u00e9sekben A b\u00e9lmikrobiota szerepe k\u00fcl\u00f6nb\u00f6z\u0151 k\u00f3rk\u00e9pekben Jelenlegi PhD-hallgat\u00f3k (tervezett v\u00e9gz\u00e9s idej\u00e9vel): \u00a0 \u00a0 \u00a0 \u00a0 \u00a0 \u00a0 \u00a0 \u00a0 \u00a0 \u00a0 \u00a0 \u00a0 \u00a02025: Hummel D\u00e1vid \u00a0 &hellip;<\/p>\n","protected":false},"author":182,"featured_media":0,"parent":1540,"menu_order":0,"comment_status":"closed","ping_status":"closed","template":"","meta":{"_acf_changed":false,"footnotes":""},"categories":[],"tags":[],"class_list":["post-2601","page","type-page","status-publish","hentry"],"acf":[],"_links":{"self":[{"href":"https:\/\/semmelweis.hu\/mikrobiologia\/wp-json\/wp\/v2\/pages\/2601","targetHints":{"allow":["GET"]}}],"collection":[{"href":"https:\/\/semmelweis.hu\/mikrobiologia\/wp-json\/wp\/v2\/pages"}],"about":[{"href":"https:\/\/semmelweis.hu\/mikrobiologia\/wp-json\/wp\/v2\/types\/page"}],"author":[{"embeddable":true,"href":"https:\/\/semmelweis.hu\/mikrobiologia\/wp-json\/wp\/v2\/users\/182"}],"replies":[{"embeddable":true,"href":"https:\/\/semmelweis.hu\/mikrobiologia\/wp-json\/wp\/v2\/comments?post=2601"}],"version-history":[{"count":10,"href":"https:\/\/semmelweis.hu\/mikrobiologia\/wp-json\/wp\/v2\/pages\/2601\/revisions"}],"predecessor-version":[{"id":3908,"href":"https:\/\/semmelweis.hu\/mikrobiologia\/wp-json\/wp\/v2\/pages\/2601\/revisions\/3908"}],"up":[{"embeddable":true,"href":"https:\/\/semmelweis.hu\/mikrobiologia\/wp-json\/wp\/v2\/pages\/1540"}],"wp:attachment":[{"href":"https:\/\/semmelweis.hu\/mikrobiologia\/wp-json\/wp\/v2\/media?parent=2601"}],"wp:term":[{"taxonomy":"category","embeddable":true,"href":"https:\/\/semmelweis.hu\/mikrobiologia\/wp-json\/wp\/v2\/categories?post=2601"},{"taxonomy":"post_tag","embeddable":true,"href":"https:\/\/semmelweis.hu\/mikrobiologia\/wp-json\/wp\/v2\/tags?post=2601"}],"curies":[{"name":"wp","href":"https:\/\/api.w.org\/{rel}","templated":true}]}}