{"id":2473,"date":"2022-05-20T14:43:23","date_gmt":"2022-05-20T12:43:23","guid":{"rendered":"https:\/\/semmelweis.hu\/mikrobiologia\/?page_id=2473"},"modified":"2023-09-27T22:09:13","modified_gmt":"2023-09-27T20:09:13","slug":"tdk-temak","status":"publish","type":"page","link":"https:\/\/semmelweis.hu\/mikrobiologia\/kutatas\/tdk-munka\/tdk-temak\/","title":{"rendered":"TDK-t\u00e9m\u00e1k"},"content":{"rendered":"<h4 style=\"text-align: justify\"><span style=\"font-size: 14pt;color: #000080\"><strong>Meghirdetett TDK t\u00e9m\u00e1k 2023\/2024-es tan\u00e9vre:<\/strong><\/span><\/h4>\n<ul style=\"list-style-type: disc\">\n<li style=\"text-align: justify\"><strong>Antibiotikum rezisztencia Gram-negat\u00edv bakt\u00e9riumokban<br \/>\n<\/strong>T\u00e9mavezet\u0151: <span style=\"color: #000080\"><strong>Prof. Dr. Szab\u00f3 D\u00f3ra<\/strong><\/span><\/li>\n<\/ul>\n<ul style=\"list-style-type: disc;text-align: justify\">\n<li><strong>Multirezisztens <em>Klebsiella pneumoniae<\/em> gastrointestinalis koloniz\u00e1ci\u00f3ja\u00a0 \u00a0 <\/strong>T\u00e9mavezet\u0151: <span style=\"font-size: 1rem;color: #000080\"><strong>Prof. Dr. Szab\u00f3 D\u00f3ra, Stercz Bal\u00e1zs<\/strong><\/span><\/li>\n<\/ul>\n<ul style=\"list-style-type: disc;text-align: justify\">\n<li><strong>A bakteri\u00e1lis mikrobiom \u00f6sszet\u00e9tel\u00e9nek jelent\u0151s\u00e9ge k\u00fcl\u00f6nb\u00f6z\u0151 klinikai k\u00f3rk\u00e9pekben<br \/>\n<\/strong>T\u00e9mavezet\u0151: <span style=\"color: #000080\"><strong>Dr. Ostorh\u00e1zi Eszter<\/strong><\/span><\/li>\n<\/ul>\n<ul style=\"text-align: justify\">\n<li><strong>\u00daj antibakteri\u00e1lis vegy\u00fcletek in vitro \u00e9s in vivo hat\u00e9konys\u00e1gi vizsg\u00e1lata<br \/>\n<\/strong>T\u00e9mavezet\u0151: <span style=\"color: #000080\"><strong>Dr. Ostorh\u00e1zi Eszter<\/strong><\/span><\/li>\n<\/ul>\n<ul style=\"text-align: justify\">\n<li><strong>Examination of <em>Staphylococci<\/em> and <em>Streptococci<\/em><br \/>\n<\/strong>T\u00e9mavezet\u0151: <span style=\"color: #000080\"><strong>Dr. Dobay Orsolya<\/strong><\/span><\/li>\n<\/ul>\n<ul style=\"text-align: justify\">\n<li><strong>Fluorokinolon rezisztencia kialakul\u00e1sa <em>Klebsiella pneumoniae<\/em> \u00e9s <em>Escherichia coli <\/em><\/strong><strong>t\u00f6rzsekben<br \/>\n<\/strong>T\u00e9mavezet\u0151: <span style=\"color: #000080\"><strong>Dr. Kocsis B\u00e9la<\/strong><\/span><\/li>\n<\/ul>\n<ul style=\"text-align: justify\">\n<li><strong>Sindbis-v\u00edrus \u00e1tfert\u0151z\u00f6tts\u00e9g meghat\u00e1roz\u00e1sa a v\u00e9rad\u00f3k \u00e9s az ismeretlen eredet\u0171 <\/strong><strong>ki\u00fct\u00e9ses megbeteged\u00e9sben szenved\u0151k k\u00f6z\u00f6tt <\/strong>\u00a0 \u00a0<br \/>\nT\u00e9mavezet\u0151: <span style=\"color: #000080\"><strong>Prof. Dr. Tak\u00e1cs M\u00e1ria<\/strong><\/span><\/li>\n<\/ul>\n<ul style=\"text-align: justify\">\n<li><strong>Zika-v\u00edrus fert\u0151z\u00e9s vizsg\u00e1lat\u00e1ra \u00e9rkezett mint\u00e1k szerol\u00f3giai vizsg\u00e1lata Dengue \u00e9s <\/strong><strong>Chikungunya v\u00edrus fert\u0151z\u00e9s ir\u00e1ny\u00e1ba<br \/>\n<\/strong>T\u00e9mavezet\u0151: <span style=\"color: #000080\"><strong>Dr. Nagy Orsolya<\/strong><\/span><\/li>\n<\/ul>\n<ul style=\"text-align: justify\">\n<li><strong><em>Staphylococcus aureus<\/em> terjed\u00e9se j\u00e1tsz\u00f3tereken \u00e9s k\u00fclt\u00e9ri edz\u0151g\u00e9peken<br \/>\n<\/strong>T\u00e9mavezet\u0151: <span style=\"color: #000080\"><strong>Dr. Horv\u00e1th Andrea<\/strong><\/span><\/li>\n<\/ul>\n<ul>\n<li style=\"text-align: justify\"><strong>Differences in cellwall structure of <em>Staphylococcus aureus<\/em> strains<\/strong> <br \/>\nT\u00e9mavezet\u0151: <span style=\"color: #000080\"><strong>Dr. Horv\u00e1th Andrea<\/strong><\/span><\/li>\n<\/ul>\n","protected":false},"excerpt":{"rendered":"<p>Meghirdetett TDK t\u00e9m\u00e1k 2023\/2024-es tan\u00e9vre: Antibiotikum rezisztencia Gram-negat\u00edv bakt\u00e9riumokban T\u00e9mavezet\u0151: Prof. Dr. Szab\u00f3 D\u00f3ra Multirezisztens Klebsiella pneumoniae gastrointestinalis koloniz\u00e1ci\u00f3ja\u00a0 \u00a0 T\u00e9mavezet\u0151: Prof. Dr. Szab\u00f3 D\u00f3ra, Stercz Bal\u00e1zs A bakteri\u00e1lis mikrobiom \u00f6sszet\u00e9tel\u00e9nek jelent\u0151s\u00e9ge k\u00fcl\u00f6nb\u00f6z\u0151 klinikai k\u00f3rk\u00e9pekben T\u00e9mavezet\u0151: Dr. Ostorh\u00e1zi Eszter \u00daj antibakteri\u00e1lis vegy\u00fcletek in vitro \u00e9s in vivo hat\u00e9konys\u00e1gi vizsg\u00e1lata T\u00e9mavezet\u0151: Dr. Ostorh\u00e1zi Eszter Examination of &hellip;<\/p>\n","protected":false},"author":182,"featured_media":0,"parent":1534,"menu_order":0,"comment_status":"closed","ping_status":"closed","template":"","meta":{"_acf_changed":false,"footnotes":""},"categories":[],"tags":[],"class_list":["post-2473","page","type-page","status-publish","hentry"],"acf":[],"_links":{"self":[{"href":"https:\/\/semmelweis.hu\/mikrobiologia\/wp-json\/wp\/v2\/pages\/2473","targetHints":{"allow":["GET"]}}],"collection":[{"href":"https:\/\/semmelweis.hu\/mikrobiologia\/wp-json\/wp\/v2\/pages"}],"about":[{"href":"https:\/\/semmelweis.hu\/mikrobiologia\/wp-json\/wp\/v2\/types\/page"}],"author":[{"embeddable":true,"href":"https:\/\/semmelweis.hu\/mikrobiologia\/wp-json\/wp\/v2\/users\/182"}],"replies":[{"embeddable":true,"href":"https:\/\/semmelweis.hu\/mikrobiologia\/wp-json\/wp\/v2\/comments?post=2473"}],"version-history":[{"count":10,"href":"https:\/\/semmelweis.hu\/mikrobiologia\/wp-json\/wp\/v2\/pages\/2473\/revisions"}],"predecessor-version":[{"id":3917,"href":"https:\/\/semmelweis.hu\/mikrobiologia\/wp-json\/wp\/v2\/pages\/2473\/revisions\/3917"}],"up":[{"embeddable":true,"href":"https:\/\/semmelweis.hu\/mikrobiologia\/wp-json\/wp\/v2\/pages\/1534"}],"wp:attachment":[{"href":"https:\/\/semmelweis.hu\/mikrobiologia\/wp-json\/wp\/v2\/media?parent=2473"}],"wp:term":[{"taxonomy":"category","embeddable":true,"href":"https:\/\/semmelweis.hu\/mikrobiologia\/wp-json\/wp\/v2\/categories?post=2473"},{"taxonomy":"post_tag","embeddable":true,"href":"https:\/\/semmelweis.hu\/mikrobiologia\/wp-json\/wp\/v2\/tags?post=2473"}],"curies":[{"name":"wp","href":"https:\/\/api.w.org\/{rel}","templated":true}]}}