{"id":1978,"date":"2022-05-09T23:48:54","date_gmt":"2022-05-09T21:48:54","guid":{"rendered":"https:\/\/semmelweis.hu\/mikrobiologia\/?page_id=1978"},"modified":"2025-11-05T11:44:07","modified_gmt":"2025-11-05T10:44:07","slug":"forschungsaktivitaet-unseres-institutes","status":"publish","type":"page","link":"https:\/\/semmelweis.hu\/mikrobiologia\/de\/forschungsaktivitaet-unseres-institutes\/","title":{"rendered":"Forschungsaktivit\u00e4t unseres Institutes"},"content":{"rendered":"<p>Die Forschungsaktivit\u00e4t des Instituts f\u00fcr Medizinische Mikrobiologie zurzeit enth\u00e4lt haupts\u00e4chlich Bakteriologie.\u00a0<\/p>\n<p>Unseres Institut hat verschiedene Forschungsgruppen:<\/p>\n<div class=\"responsive-tabs\">\n<h2 class=\"tabtitle\">Mikrobiom<\/h2>\n<div class=\"tabcontent\">\n\n<p style=\"text-align: justify\"><span style=\"color: #003366\"><strong>Mikrobiom Forschungsgruppe<\/strong><em> inkl. HUN-REN-SU\u00a0 Human Mikrobiota Forschungsgruppe:<\/em><\/span><\/p>\n<p><img loading=\"lazy\" decoding=\"async\" class=\"alignright wp-image-3554\" src=\"https:\/\/semmelweis.hu\/mikrobiologia\/files\/2023\/04\/Mikrobiom_1-400x269.jpg\" alt=\"\" width=\"336\" height=\"226\" srcset=\"https:\/\/semmelweis.hu\/mikrobiologia\/files\/2023\/04\/Mikrobiom_1-400x269.jpg 400w, https:\/\/semmelweis.hu\/mikrobiologia\/files\/2023\/04\/Mikrobiom_1-1024x688.jpg 1024w, https:\/\/semmelweis.hu\/mikrobiologia\/files\/2023\/04\/Mikrobiom_1-768x516.jpg 768w, https:\/\/semmelweis.hu\/mikrobiologia\/files\/2023\/04\/Mikrobiom_1-1536x1032.jpg 1536w, https:\/\/semmelweis.hu\/mikrobiologia\/files\/2023\/04\/Mikrobiom_1-2048x1376.jpg 2048w, https:\/\/semmelweis.hu\/mikrobiologia\/files\/2023\/04\/Mikrobiom_1-753x506.jpg 753w\" sizes=\"auto, (max-width: 336px) 100vw, 336px\" \/><\/p>\n<ul>\n<li style=\"list-style-type: none\">\n<ul style=\"list-style-type: square\">\n<li style=\"list-style-type: none\">\n<ul style=\"list-style-type: square\">\n<li style=\"text-align: justify\"><strong>Vorstellung:<\/strong> Diese Forschungsgruppe sucht Zusammenh\u00e4nge\u00a0 zwischen Ver\u00e4nderungen von Mikrobiom und Ausbreitung von Antibiotikumresistenz, sowie\u00a0 die Rolle des Mikrobioms in Entwicklung und Progression der Infekti\u00f6se und nichtinfekti\u00f6se Krankheiten.<\/li>\n<\/ul>\n<\/li>\n<\/ul>\n<ul>\n<li style=\"list-style-type: none\">\n<ul style=\"list-style-type: square\">\n<li style=\"text-align: justify\"><strong>Forschungsthemen: <\/strong>\n<ul style=\"list-style-type: disc\">\n<li style=\"text-align: justify\">Alternative Behandlungsm\u00f6glichkeiten der\u00a0 <em>C. difficile<\/em> Infektion<\/li>\n<li style=\"text-align: justify\">Relation zwischen Blasenkarzinom und Mikrobiom<\/li>\n<li style=\"text-align: justify\">Mikrobiomzusammensetzung der Gef\u00e4\u00dfwand<\/li>\n<li style=\"text-align: justify\">Zusammenhang zwischen <em>Streptococcus agalactiae<\/em> und human Mikrobiom<\/li>\n<li style=\"text-align: justify\">Acantholytische Genodermatose<\/li>\n<li style=\"text-align: justify\">Probiotiken, die das Fortschreiten von Lichen sclerosus beeinflussen<\/li>\n<\/ul>\n<\/li>\n<\/ul>\n<\/li>\n<\/ul>\n<ul>\n<li style=\"list-style-type: none\">\n<ul style=\"list-style-type: square\">\n<li style=\"text-align: justify\"><strong>Members: <\/strong>\n<ul style=\"list-style-type: disc\">\n<li style=\"text-align: justify\"><span style=\"font-size: 14pt\"><strong><span style=\"color: #000080\">Prof. Dr. D\u00f3ra Szab\u00f3 <\/span><\/strong><\/span><\/li>\n<li style=\"text-align: justify\"><span style=\"font-size: 14pt\"><strong><span style=\"color: #000080\">Dr. Eszter Ostorh\u00e1zi<\/span><\/strong><\/span><\/li>\n<li style=\"text-align: justify\"><span style=\"font-size: 14pt\"><strong><span style=\"color: #000080\">Dr. Judit Domokos<\/span><\/strong><\/span><\/li>\n<li style=\"text-align: justify\"><span style=\"font-size: 14pt\"><strong><span style=\"color: #000080\">Dr. Szabolcs Makai<\/span><\/strong><\/span><\/li>\n<li style=\"text-align: justify\"><span style=\"font-size: 14pt\"><strong><span style=\"color: #000080\">Dr. Zsuzsanna Dunai<\/span><\/strong><\/span><\/li>\n<li style=\"text-align: justify\"><span style=\"font-size: 14pt\"><strong><span style=\"color: #000080\">Dr. M\u00e1t\u00e9 Gugolya<\/span><\/strong><\/span><\/li>\n<li style=\"text-align: justify\"><span style=\"font-size: 14pt\"><strong><span style=\"color: #000080\">Dr. J\u00e1nos Juh\u00e1sz<\/span><\/strong><\/span><\/li>\n<li style=\"text-align: justify\"><span style=\"font-size: 14pt\"><strong><span style=\"color: #000080\">N\u00f3ra Makra<\/span><\/strong> <\/span><\/li>\n<li style=\"text-align: justify\"><span style=\"font-size: 14pt\"><strong><span style=\"color: #000080\">Ildik\u00f3 Ferenczn\u00e9 Paluska<\/span><\/strong> <\/span><\/li>\n<li style=\"text-align: justify\"><span style=\"font-size: 14pt\"><strong><span style=\"color: #000080\">Szilvia Kardos <\/span><\/strong><\/span><\/li>\n<li style=\"text-align: justify\"><span style=\"font-size: 14pt\"><strong><span style=\"color: #000080\">\u00c9va<\/span><span style=\"color: #000080\"> Nem<\/span><span style=\"color: #000080\">es-Nikod\u00e9m<\/span><span style=\"color: #000080\">\u00a0<\/span><\/strong><\/span><\/li>\n<li style=\"text-align: justify\"><span style=\"font-size: 14pt\"><strong><span style=\"color: #000080\">Dr. Bal\u00e1zs Stercz<\/span><\/strong><\/span><\/li>\n<li style=\"text-align: justify\"><span style=\"font-size: 14pt\"><strong><span style=\"color: #000080\">D\u00e1vid Hummel<\/span><\/strong><\/span><\/li>\n<li style=\"text-align: justify\"><span style=\"font-size: 14pt\"><strong><span style=\"color: #000080\">M\u00e1rton Frics<\/span><\/strong><\/span><\/li>\n<li style=\"text-align: justify\"><span style=\"font-size: 14pt\"><strong><span style=\"color: #000080\">G\u00e1bor Fekete<\/span><\/strong><\/span><\/li>\n<\/ul>\n<\/li>\n<\/ul>\n<\/li>\n<\/ul>\n\n<\/div><h2 class=\"tabtitle\">Gramnegative Resistenz<\/h2>\n<div class=\"tabcontent\">\n\n<p><span style=\"color: #003366\"><strong>Gramnegative Resistenz Forschungsgruppe<\/strong><\/span><\/p>\n<p><strong><img loading=\"lazy\" decoding=\"async\" class=\"wp-image-3642 aligncenter\" style=\"font-weight: 400\" src=\"https:\/\/semmelweis.hu\/mikrobiologia\/files\/2023\/04\/Gram-negativ_2-400x172.jpg\" alt=\"\" width=\"442\" height=\"190\" srcset=\"https:\/\/semmelweis.hu\/mikrobiologia\/files\/2023\/04\/Gram-negativ_2-400x172.jpg 400w, https:\/\/semmelweis.hu\/mikrobiologia\/files\/2023\/04\/Gram-negativ_2-1024x440.jpg 1024w, https:\/\/semmelweis.hu\/mikrobiologia\/files\/2023\/04\/Gram-negativ_2-768x330.jpg 768w, https:\/\/semmelweis.hu\/mikrobiologia\/files\/2023\/04\/Gram-negativ_2-1536x661.jpg 1536w, https:\/\/semmelweis.hu\/mikrobiologia\/files\/2023\/04\/Gram-negativ_2-2048x881.jpg 2048w, https:\/\/semmelweis.hu\/mikrobiologia\/files\/2023\/04\/Gram-negativ_2-753x324.jpg 753w\" sizes=\"auto, (max-width: 442px) 100vw, 442px\" \/><\/strong><\/p>\n<ul>\n<li style=\"list-style-type: none\">\n<ul style=\"list-style-type: square\">\n<li style=\"text-align: justify\"><strong>Vorstellung:<\/strong> Die Forschungsgruppe f\u00fchrt sowohl Grundlagenforschung als auch epidemiologische Studien \u00fcber Antibiotikumresistenz.<\/li>\n<\/ul>\n<\/li>\n<\/ul>\n<ul>\n<li style=\"list-style-type: none\">\n<ul style=\"list-style-type: square\">\n<li style=\"text-align: justify\"><strong>Forschungsthemen:<\/strong>\n<ul style=\"list-style-type: disc\">\n<li style=\"text-align: justify\">Fluorochinolon-, Beta-Laktam- und Colistin-Resistenz<\/li>\n<li style=\"text-align: justify\">Genexpressionanalyse<\/li>\n<li style=\"text-align: justify\">Genomsequenzierung<\/li>\n<\/ul>\n<\/li>\n<\/ul>\n<\/li>\n<\/ul>\n<ul>\n<li style=\"list-style-type: none\">\n<ul style=\"list-style-type: square\">\n<li style=\"text-align: justify\"><strong>Mitglieder:<\/strong>\n<ul style=\"list-style-type: disc\">\n<li style=\"text-align: justify\"><span style=\"color: #003366\"><strong>Prof. Dr. D\u00f3ra Szab\u00f3<\/strong><\/span><\/li>\n<li style=\"text-align: justify\"><span style=\"color: #003366\"><strong>Dr. B\u00e9la Kocsis<\/strong><\/span><\/li>\n<li style=\"text-align: justify\"><span style=\"color: #003366\"><strong>Dr. B\u00e9la K\u00e1d\u00e1r<\/strong><\/span><\/li>\n<li style=\"text-align: justify\"><span style=\"color: #003366\"><strong> Dr. Judit Domokos<\/strong><\/span><\/li>\n<li style=\"text-align: justify\"><span style=\"color: #003366\"><strong>Dr. M\u00e1t\u00e9 Gugolya<\/strong><\/span><\/li>\n<\/ul>\n<\/li>\n<\/ul>\n<\/li>\n<\/ul>\n\n<\/div><h2 class=\"tabtitle\">Grampositive Bakteriologie<\/h2>\n<div class=\"tabcontent\">\n\n<p><span style=\"color: #003366\"><strong>Grampositive Bakteriologie Forschunsgruppe<\/strong><\/span><\/p>\n<ul>\n<li style=\"list-style-type: none\">\n<ul style=\"list-style-type: square\">\n<li style=\"text-align: justify\"><strong>Vorstellung, Forschungsthemen:<\/strong> Die Hauptthemen sind\u00a0 <em>Staphylokokken<\/em> und <em style=\"font-size: 1rem\">Streptokokken<\/em><span style=\"font-size: 1rem\">, die Mitglieder f\u00fchren epidemiologische Studien \u00fcber Antibiotikumresistenz, asymptomatische Keimtragen,\u00a0<img loading=\"lazy\" decoding=\"async\" class=\"wp-image-3333 alignleft\" src=\"https:\/\/semmelweis.hu\/mikrobiologia\/files\/2023\/02\/Gram-pozitiv-kutatocsoport-202302-crop-400x240.jpg\" alt=\"\" width=\"320\" height=\"192\" srcset=\"https:\/\/semmelweis.hu\/mikrobiologia\/files\/2023\/02\/Gram-pozitiv-kutatocsoport-202302-crop-400x240.jpg 400w, https:\/\/semmelweis.hu\/mikrobiologia\/files\/2023\/02\/Gram-pozitiv-kutatocsoport-202302-crop-1024x615.jpg 1024w, https:\/\/semmelweis.hu\/mikrobiologia\/files\/2023\/02\/Gram-pozitiv-kutatocsoport-202302-crop-768x461.jpg 768w, https:\/\/semmelweis.hu\/mikrobiologia\/files\/2023\/02\/Gram-pozitiv-kutatocsoport-202302-crop-1536x923.jpg 1536w, https:\/\/semmelweis.hu\/mikrobiologia\/files\/2023\/02\/Gram-pozitiv-kutatocsoport-202302-crop-2048x1230.jpg 2048w, https:\/\/semmelweis.hu\/mikrobiologia\/files\/2023\/02\/Gram-pozitiv-kutatocsoport-202302-crop-753x452.jpg 753w\" sizes=\"auto, (max-width: 320px) 100vw, 320px\" \/>Klonalit\u00e4t und Serotypen.\u00a0 Asymptomatische Keimtr\u00e4ger von <\/span><em style=\"font-size: 1rem\">Haemophilus influenzae<\/em><span style=\"font-size: 1rem\">,\u00a0<\/span><em style=\"font-size: 1rem\">Moraxella catarrhalis<\/em><span style=\"font-size: 1rem\"> und <\/span><em style=\"font-size: 1rem\">Neisseria meningitidis <\/em><span style=\"font-size: 1rem\">sind auch gefolgt. Antibakterielle Wirkungen von\u00a0 synthetisierten Peptiden aus MTA-ELTE Peptidk\u00e9miai Kutat\u00f3csoport sind durch diese Forschungsgruppe getestet.<\/span><\/li>\n<\/ul>\n<\/li>\n<\/ul>\n<ul>\n<li style=\"list-style-type: none\">\n<ul style=\"list-style-type: square\">\n<li style=\"text-align: justify\"><strong>Mitglieder: <\/strong>\n<ul style=\"list-style-type: disc\">\n<li style=\"text-align: justify\"><strong><span style=\"color: #003366\">Dr. Orsolya Dobay<\/span><\/strong><\/li>\n<li style=\"text-align: justify\"><strong><span style=\"color: #003366\">Dr. Andrea Horv\u00e1th<\/span><\/strong><\/li>\n<li style=\"text-align: justify\"><strong><span style=\"color: #003366\">Dr. Judit Sahin-T\u00f3th<\/span><\/strong><\/li>\n<li style=\"text-align: justify\"><strong><span style=\"color: #003366\">Dr. Annam\u00e1ria Huber<\/span><\/strong><\/li>\n<\/ul>\n<\/li>\n<\/ul>\n<\/li>\n<\/ul>\n<\/div><\/div>\n<ul style=\"list-style-type: disc\">\n<li style=\"list-style-type: none\">\u00a0<\/li>\n<\/ul>\n<\/li>\n<\/ul>\n","protected":false},"excerpt":{"rendered":"<p>Die Forschungsaktivit\u00e4t des Instituts f\u00fcr Medizinische Mikrobiologie zurzeit enth\u00e4lt haupts\u00e4chlich Bakteriologie.\u00a0 Unseres Institut hat verschiedene Forschungsgruppen: Mikrobiom Forschungsgruppe inkl. HUN-REN-SU\u00a0 Human Mikrobiota Forschungsgruppe: Vorstellung: Diese Forschungsgruppe sucht Zusammenh\u00e4nge\u00a0 zwischen Ver\u00e4nderungen von Mikrobiom und Ausbreitung von Antibiotikumresistenz, sowie\u00a0 die Rolle des Mikrobioms in Entwicklung und Progression der Infekti\u00f6se und nichtinfekti\u00f6se Krankheiten. Forschungsthemen: Alternative Behandlungsm\u00f6glichkeiten der\u00a0 C. &hellip;<\/p>\n","protected":false},"author":182,"featured_media":0,"parent":0,"menu_order":2,"comment_status":"closed","ping_status":"closed","template":"","meta":{"_acf_changed":false,"footnotes":""},"categories":[],"tags":[],"class_list":["post-1978","page","type-page","status-publish","hentry"],"acf":[],"_links":{"self":[{"href":"https:\/\/semmelweis.hu\/mikrobiologia\/wp-json\/wp\/v2\/pages\/1978","targetHints":{"allow":["GET"]}}],"collection":[{"href":"https:\/\/semmelweis.hu\/mikrobiologia\/wp-json\/wp\/v2\/pages"}],"about":[{"href":"https:\/\/semmelweis.hu\/mikrobiologia\/wp-json\/wp\/v2\/types\/page"}],"author":[{"embeddable":true,"href":"https:\/\/semmelweis.hu\/mikrobiologia\/wp-json\/wp\/v2\/users\/182"}],"replies":[{"embeddable":true,"href":"https:\/\/semmelweis.hu\/mikrobiologia\/wp-json\/wp\/v2\/comments?post=1978"}],"version-history":[{"count":10,"href":"https:\/\/semmelweis.hu\/mikrobiologia\/wp-json\/wp\/v2\/pages\/1978\/revisions"}],"predecessor-version":[{"id":4088,"href":"https:\/\/semmelweis.hu\/mikrobiologia\/wp-json\/wp\/v2\/pages\/1978\/revisions\/4088"}],"wp:attachment":[{"href":"https:\/\/semmelweis.hu\/mikrobiologia\/wp-json\/wp\/v2\/media?parent=1978"}],"wp:term":[{"taxonomy":"category","embeddable":true,"href":"https:\/\/semmelweis.hu\/mikrobiologia\/wp-json\/wp\/v2\/categories?post=1978"},{"taxonomy":"post_tag","embeddable":true,"href":"https:\/\/semmelweis.hu\/mikrobiologia\/wp-json\/wp\/v2\/tags?post=1978"}],"curies":[{"name":"wp","href":"https:\/\/api.w.org\/{rel}","templated":true}]}}