{"id":1970,"date":"2022-05-09T23:44:13","date_gmt":"2022-05-09T21:44:13","guid":{"rendered":"https:\/\/semmelweis.hu\/mikrobiologia\/?page_id=1970"},"modified":"2022-11-03T20:58:01","modified_gmt":"2022-11-03T19:58:01","slug":"demonstratoraetigkeit","status":"publish","type":"page","link":"https:\/\/semmelweis.hu\/mikrobiologia\/de\/unterricht\/demonstratoraetigkeit\/","title":{"rendered":"Demonstrator\u00e4tigkeit (Hilfslehrer)"},"content":{"rendered":"<p style=\"text-align: justify\"><a href=\"https:\/\/semmelweis.hu\/mikrobiologia\/files\/2022\/05\/RS148736_C19A0428-scaled.jpg\"><img loading=\"lazy\" decoding=\"async\" class=\"wp-image-1826  alignright\" src=\"https:\/\/semmelweis.hu\/mikrobiologia\/files\/2022\/05\/RS148736_C19A0428-1024x683.jpg\" alt=\"\" width=\"320\" height=\"213\" srcset=\"https:\/\/semmelweis.hu\/mikrobiologia\/files\/2022\/05\/RS148736_C19A0428-1024x683.jpg 1024w, https:\/\/semmelweis.hu\/mikrobiologia\/files\/2022\/05\/RS148736_C19A0428-300x200.jpg 300w, https:\/\/semmelweis.hu\/mikrobiologia\/files\/2022\/05\/RS148736_C19A0428-768x512.jpg 768w, https:\/\/semmelweis.hu\/mikrobiologia\/files\/2022\/05\/RS148736_C19A0428-450x300.jpg 450w, https:\/\/semmelweis.hu\/mikrobiologia\/files\/2022\/05\/RS148736_C19A0428-1536x1024.jpg 1536w, https:\/\/semmelweis.hu\/mikrobiologia\/files\/2022\/05\/RS148736_C19A0428-2048x1365.jpg 2048w\" sizes=\"auto, (max-width: 320px) 100vw, 320px\" \/><\/a><span style=\"font-size: 14pt\">Unseres Institut begr\u00fc\u00dft Studenten, die sich f\u00fcr <span style=\"color: #000080\"><strong>Demonstrator\u00e4tigkeit<\/strong> <\/span>mit gut (4) oder hervorragend (5) Rigorosumsergebnis interessieren. In unserem Institut ist es m\u00f6glich, als Demonstrator an Praktiken teilzunehmen, die Arbeit des Praktikumleiters zu unterst\u00fctzen.<\/span><\/p>\n<div class=\"fontos_div\">\n<p style=\"text-align: justify\"><span style=\"font-size: 14pt\">Wenn Sie weitere Fragen haben, schreiben Sie bitte an den Tutor:<strong> <br \/>\n<span style=\"color: #000080\">Dr. B\u00e9la Kocsis <\/span><\/strong><span style=\"color: #000080\">\u00a0<\/span><\/span><br \/>\n<span style=\"font-size: 14pt\"><a href=\"mailto:kocsis.bela@med.semmelweis-univ.hu\">kocsis.bela@med.semmelweis-univ.hu<\/a><\/span><\/p>\n<\/div>\n<p><span style=\"font-size: 14pt\">Wenn Sie sich interessieren, freuen wir uns auf Ihre Bewerbung!<\/span><\/p>\n","protected":false},"excerpt":{"rendered":"<p><a href=\"https:\/\/semmelweis.hu\/mikrobiologia\/files\/2022\/05\/RS148736_C19A0428-scaled.jpg\"><\/a> Unseres Institut begr\u00fc\u00dft Studenten, die sich f\u00fcr Demonstrator\u00e4tigkeit mit gut (4) oder hervorragend (5) Rigorosumsergebnis interessieren. In unserem Institut ist es m\u00f6glich, als Demonstrator an Praktiken teilzunehmen, die Arbeit des Praktikumleiters zu unterst\u00fctzen. Wenn Sie weitere Fragen haben, schreiben Sie bitte an den Tutor: Dr. B\u00e9la Kocsis \u00a0 <a href=\"mailto:kocsis.bela@med.semmelweis-univ.hu\">kocsis.bela@med.semmelweis-univ.hu<\/a> Wenn Sie sich interessieren, freuen wir uns &hellip;<\/p>\n","protected":false},"author":182,"featured_media":0,"parent":3045,"menu_order":1,"comment_status":"closed","ping_status":"closed","template":"","meta":{"_acf_changed":false,"footnotes":""},"categories":[],"tags":[],"class_list":["post-1970","page","type-page","status-publish","hentry"],"acf":[],"_links":{"self":[{"href":"https:\/\/semmelweis.hu\/mikrobiologia\/wp-json\/wp\/v2\/pages\/1970","targetHints":{"allow":["GET"]}}],"collection":[{"href":"https:\/\/semmelweis.hu\/mikrobiologia\/wp-json\/wp\/v2\/pages"}],"about":[{"href":"https:\/\/semmelweis.hu\/mikrobiologia\/wp-json\/wp\/v2\/types\/page"}],"author":[{"embeddable":true,"href":"https:\/\/semmelweis.hu\/mikrobiologia\/wp-json\/wp\/v2\/users\/182"}],"replies":[{"embeddable":true,"href":"https:\/\/semmelweis.hu\/mikrobiologia\/wp-json\/wp\/v2\/comments?post=1970"}],"version-history":[{"count":11,"href":"https:\/\/semmelweis.hu\/mikrobiologia\/wp-json\/wp\/v2\/pages\/1970\/revisions"}],"predecessor-version":[{"id":3029,"href":"https:\/\/semmelweis.hu\/mikrobiologia\/wp-json\/wp\/v2\/pages\/1970\/revisions\/3029"}],"up":[{"embeddable":true,"href":"https:\/\/semmelweis.hu\/mikrobiologia\/wp-json\/wp\/v2\/pages\/3045"}],"wp:attachment":[{"href":"https:\/\/semmelweis.hu\/mikrobiologia\/wp-json\/wp\/v2\/media?parent=1970"}],"wp:term":[{"taxonomy":"category","embeddable":true,"href":"https:\/\/semmelweis.hu\/mikrobiologia\/wp-json\/wp\/v2\/categories?post=1970"},{"taxonomy":"post_tag","embeddable":true,"href":"https:\/\/semmelweis.hu\/mikrobiologia\/wp-json\/wp\/v2\/tags?post=1970"}],"curies":[{"name":"wp","href":"https:\/\/api.w.org\/{rel}","templated":true}]}}