{"id":1968,"date":"2022-05-09T23:42:14","date_gmt":"2022-05-09T21:42:14","guid":{"rendered":"https:\/\/semmelweis.hu\/mikrobiologia\/?page_id=1968"},"modified":"2022-11-03T20:58:48","modified_gmt":"2022-11-03T19:58:48","slug":"diplomarbeit","status":"publish","type":"page","link":"https:\/\/semmelweis.hu\/mikrobiologia\/de\/unterricht\/diplomarbeit\/","title":{"rendered":"Diplomarbeit"},"content":{"rendered":"<p style=\"text-align: justify\"><a href=\"https:\/\/semmelweis.hu\/mikrobiologia\/files\/2022\/05\/RS148762_C19A0538-scaled.jpg\"><img loading=\"lazy\" decoding=\"async\" class=\"alignright wp-image-1834 size-medium\" src=\"https:\/\/semmelweis.hu\/mikrobiologia\/files\/2022\/05\/RS148762_C19A0538-300x200.jpg\" alt=\"\" width=\"300\" height=\"200\" srcset=\"https:\/\/semmelweis.hu\/mikrobiologia\/files\/2022\/05\/RS148762_C19A0538-300x200.jpg 300w, https:\/\/semmelweis.hu\/mikrobiologia\/files\/2022\/05\/RS148762_C19A0538-1024x683.jpg 1024w, https:\/\/semmelweis.hu\/mikrobiologia\/files\/2022\/05\/RS148762_C19A0538-768x512.jpg 768w, https:\/\/semmelweis.hu\/mikrobiologia\/files\/2022\/05\/RS148762_C19A0538-450x300.jpg 450w, https:\/\/semmelweis.hu\/mikrobiologia\/files\/2022\/05\/RS148762_C19A0538-1536x1024.jpg 1536w, https:\/\/semmelweis.hu\/mikrobiologia\/files\/2022\/05\/RS148762_C19A0538-2048x1365.jpg 2048w\" sizes=\"auto, (max-width: 300px) 100vw, 300px\" \/><\/a><span style=\"font-size: 14pt\">Das Institut f\u00fcr Medizinische Mikrobiologie begr\u00fc\u00dft Studenten, die sich f\u00fcr Mikrobiologie interessieren. In unserem Institut k\u00f6nnen Sie ein Diplomarbeitsthema aufgrund von Grundlage Ihres individuellen Interesses w\u00e4hlen. Die Forschungsthemenleitern unterst\u00fctzen ihre Studenten bei Konsultationen und in Forschungsarbeiten.<\/span><\/p>\n<p style=\"text-align: justify\"><span style=\"font-size: 14pt\">\u00dcber die wichtige praktische Aspekte von Anfertigung der Diplomarbeit k\u00f6nnen Sie <a href=\"https:\/\/semmelweis.hu\/deutsch\/studium\/forschungs-und-diplomarbeit-pj\/\" target=\"_blank\" rel=\"noopener\">hier<\/a> Informationen finden.<\/span><\/p>\n<div class=\"fontos_div\">\n<p style=\"text-align: justify\"><span style=\"font-size: 14pt\">Wenn Sie weitere Fragen haben, schreiben Sie bitte an den Tutor:<strong>\u00a0<br \/>\n<\/strong><span style=\"color: #000080\"><strong>Dr. B\u00e9la Kocsis\u00a0<\/strong> <\/span><\/span><br \/>\n<span style=\"font-size: 14pt\"><a href=\"mailto:kocsis.bela@med.semmelweis-univ.hu\">kocsis.bela@med.semmelweis-univ.hu<\/a><\/span><\/p>\n<\/div>\n<p><span style=\"font-size: 14pt\">Wenn Sie sich interessieren, freuen wir uns auf Ihre Bewerbung!<\/span><\/p>\n","protected":false},"excerpt":{"rendered":"<p><a href=\"https:\/\/semmelweis.hu\/mikrobiologia\/files\/2022\/05\/RS148762_C19A0538-scaled.jpg\"><\/a> Das Institut f\u00fcr Medizinische Mikrobiologie begr\u00fc\u00dft Studenten, die sich f\u00fcr Mikrobiologie interessieren. In unserem Institut k\u00f6nnen Sie ein Diplomarbeitsthema aufgrund von Grundlage Ihres individuellen Interesses w\u00e4hlen. Die Forschungsthemenleitern unterst\u00fctzen ihre Studenten bei Konsultationen und in Forschungsarbeiten. \u00dcber die wichtige praktische Aspekte von Anfertigung der Diplomarbeit k\u00f6nnen Sie <a href=\"https:\/\/semmelweis.hu\/deutsch\/studium\/forschungs-und-diplomarbeit-pj\/\" target=\"_blank\" rel=\"noopener\">hier<\/a> Informationen finden. Wenn Sie weitere Fragen haben, schreiben &hellip;<\/p>\n","protected":false},"author":182,"featured_media":0,"parent":3045,"menu_order":3,"comment_status":"closed","ping_status":"closed","template":"","meta":{"_acf_changed":false,"footnotes":""},"categories":[],"tags":[],"class_list":["post-1968","page","type-page","status-publish","hentry"],"acf":[],"_links":{"self":[{"href":"https:\/\/semmelweis.hu\/mikrobiologia\/wp-json\/wp\/v2\/pages\/1968","targetHints":{"allow":["GET"]}}],"collection":[{"href":"https:\/\/semmelweis.hu\/mikrobiologia\/wp-json\/wp\/v2\/pages"}],"about":[{"href":"https:\/\/semmelweis.hu\/mikrobiologia\/wp-json\/wp\/v2\/types\/page"}],"author":[{"embeddable":true,"href":"https:\/\/semmelweis.hu\/mikrobiologia\/wp-json\/wp\/v2\/users\/182"}],"replies":[{"embeddable":true,"href":"https:\/\/semmelweis.hu\/mikrobiologia\/wp-json\/wp\/v2\/comments?post=1968"}],"version-history":[{"count":10,"href":"https:\/\/semmelweis.hu\/mikrobiologia\/wp-json\/wp\/v2\/pages\/1968\/revisions"}],"predecessor-version":[{"id":3031,"href":"https:\/\/semmelweis.hu\/mikrobiologia\/wp-json\/wp\/v2\/pages\/1968\/revisions\/3031"}],"up":[{"embeddable":true,"href":"https:\/\/semmelweis.hu\/mikrobiologia\/wp-json\/wp\/v2\/pages\/3045"}],"wp:attachment":[{"href":"https:\/\/semmelweis.hu\/mikrobiologia\/wp-json\/wp\/v2\/media?parent=1968"}],"wp:term":[{"taxonomy":"category","embeddable":true,"href":"https:\/\/semmelweis.hu\/mikrobiologia\/wp-json\/wp\/v2\/categories?post=1968"},{"taxonomy":"post_tag","embeddable":true,"href":"https:\/\/semmelweis.hu\/mikrobiologia\/wp-json\/wp\/v2\/tags?post=1968"}],"curies":[{"name":"wp","href":"https:\/\/api.w.org\/{rel}","templated":true}]}}