{"id":1889,"date":"2022-05-09T15:50:31","date_gmt":"2022-05-09T13:50:31","guid":{"rendered":"https:\/\/semmelweis.hu\/mikrobiologia\/?page_id=1889"},"modified":"2025-11-17T14:20:09","modified_gmt":"2025-11-17T13:20:09","slug":"dijakelismeresek","status":"publish","type":"page","link":"https:\/\/semmelweis.hu\/mikrobiologia\/bemutatkozas\/dijakelismeresek\/","title":{"rendered":"D\u00edjak, elismer\u00e9sek"},"content":{"rendered":"<div class=\"keretes w-100\"><span style=\"font-size: 14pt\"><strong>Magyar Tudom\u00e1nyos Akad\u00e9mia Akad\u00e9miai d\u00edj:<\/strong>\u00a0 \u00a0 \u00a0<\/span><\/div>\n<p><span style=\"font-size: 14pt\"><span style=\"color: #003366\"><strong>\u00a0 \u00a0 \u00a0 \u00a0Prof. Dr. Szab\u00f3 D\u00f3ra <\/strong><\/span>(b\u0151vebb inform\u00e1ci\u00f3 <strong><a href=\"https:\/\/semmelweis.hu\/hirek\/2020\/05\/05\/akademiai-dijban-reszesult-dr-szabo-dora-az-orvosi-mikrobiologiai-intezet-igazgatoja\/\" target=\"_blank\" rel=\"noopener\">ide kattintva<\/a><\/strong> el\u00e9rhet\u0151)<\/span><\/p>\n<p>&nbsp;<\/p>\n<div class=\"w-100 keretes\"><span style=\"font-size: 14pt\"><strong>Magyar Tudom\u00e1nyos Akad\u00e9mia Bolyai J\u00e1nos Kutat\u00e1si \u00d6szt\u00f6nd\u00edj:<\/strong>\u00a0 \u00a0<\/span><\/div>\n<p><span style=\"font-size: 14pt\"><span style=\"color: #003366\"><strong>\u00a0 \u00a0 \u00a0Dr. Kocsis B\u00e9la <\/strong><\/span>(b\u0151vebb inform\u00e1ci\u00f3 <strong><a href=\"https:\/\/mta.hu\/mta_hirei\/a-2022-ben-bolyai-janos-kutatasi-osztondijat-nyert-kutatok-112243\" target=\"_blank\" rel=\"noopener\">ide kattintva<\/a><\/strong> el\u00e9rhet\u0151)<\/span><\/p>\n<p>&nbsp;<\/p>\n<div class=\"w-100 keretes\"><strong>Magyar Zoon\u00f3zis T\u00e1rsas\u00e1g H\u0151gyes-Aujeszky eml\u00e9k\u00e9rem:<\/strong>\u00a0 \u00a0<\/div>\n<p><span style=\"font-size: 14pt\"><span style=\"color: #003366\"><strong>\u00a0 \u00a0 \u00a0Dr. Tak\u00e1cs M\u00e1ria <\/strong><\/span><\/span><\/p>\n<p>&nbsp;<\/p>\n<div class=\"keretes w-100\">\n<p><span style=\"font-size: 14pt\"><strong>Batthy\u00e1ny-Strattmann L\u00e1szl\u00f3-d\u00edj:<\/strong>\u00a0 \u00a0 \u00a0<\/span><\/p>\n<\/div>\n<p><span style=\"font-size: 14pt\"><span style=\"color: #003366\"><strong>\u00a0 \u00a0 \u00a0 Prof. Dr. \u00c1d\u00e1m \u00c9va \u00c1gnes <\/strong><\/span>(b\u0151vebb inform\u00e1ci\u00f3<strong> <a href=\"https:\/\/semmelweis.hu\/hirek\/2021\/06\/30\/batthyany-strattmann-laszlo-dijjal-tuntettek-ki-az-egyetem-ket-munkatarsat\/\" target=\"_blank\" rel=\"noopener\">ide kattintva<\/a> <\/strong>el\u00e9rhet\u0151)<\/span><\/p>\n<p>&nbsp;<\/p>\n<div class=\"keretes w-100\">\n<p><span style=\"font-size: 14pt\"><strong>Magyar \u00c9rdemrend K\u00f6z\u00e9pkeresztje \u00c1llami Kit\u00fcntet\u00e9s:\u00a0<\/strong><\/span><\/p>\n<\/div>\n<p><span style=\"color: #003366;font-size: 14pt\"><strong>\u00a0 \u00a0 \u00a0 Prof. Dr. N\u00e1sz Istv\u00e1n <\/strong><span style=\"color: #000000\">(b\u0151vebb inform\u00e1ci\u00f3 <\/span><strong><a href=\"https:\/\/semmelweis.hu\/hirek\/2017\/03\/14\/allami-kituntetesek-a-semmelweis-egyetem-munkatarsainak-a-nemzeti-unnepen\/\" target=\"_blank\" rel=\"noopener\">ide kattintva <\/a><\/strong>el\u00e9rhet\u0151)<\/span><\/p>\n<p>&nbsp;<\/p>\n<div class=\"keretes w-100\">\n<p><span style=\"font-size: 14pt\"><strong>Rektori dics\u00e9ret:<\/strong>\u00a0 \u00a0 \u00a0<\/span><\/p>\n<\/div>\n<p><span style=\"font-size: 14pt\"><strong><span style=\"color: #003366\">\u00a0 \u00a0 \u00a0 Dr. Ostorh\u00e1zi Eszter<\/span>\u00a0 <\/strong>(b\u0151vebb inform\u00e1ci\u00f3 <strong><a href=\"https:\/\/semmelweis.hu\/hirek\/2020\/03\/11\/kituntetesek-a-nemzeti-unnepen-rektori-dicseret-es-kivalo-konduktori-kituntetes\/\" target=\"_blank\" rel=\"noopener\">ide kattintva<\/a><\/strong> el\u00e9rhet\u0151)<\/span><\/p>\n<p>&nbsp;<\/p>\n<div class=\"keretes w-100\">\n<p><span style=\"font-size: 14pt\"><strong>D\u00e9k\u00e1ni dics\u00e9ret:<\/strong>\u00a0 \u00a0 \u00a0<\/span><\/p>\n<\/div>\n<p><span style=\"font-size: 14pt\"><span style=\"color: #003366\"><strong>\u00a0 \u00a0 \u00a0 Dr. Horv\u00e1th Andrea\u00a0 <\/strong><\/span>(b\u0151vebb inform\u00e1ci\u00f3 <a href=\"https:\/\/semmelweis.hu\/hirek\/2020\/03\/11\/kituntetesek-a-nemzeti-unnepen-dekani-dicseretek-a-karokon\/\" target=\"_blank\" rel=\"noopener\"><strong>ide kattintva<\/strong><\/a> el\u00e9rhet\u0151)<\/span><\/p>\n<p><span style=\"font-size: 14pt\"><span style=\"color: #003366\"><strong>\u00a0 \u00a0 \u00a0 Stercz Bal\u00e1zs<\/strong><\/span> (b\u0151vebb inform\u00e1ci\u00f3 <a href=\"https:\/\/semmelweis.hu\/hirek\/files\/2022\/03\/Dekani-dicseretek.pdf\" target=\"_blank\" rel=\"noopener\"><strong>ide kattintva<\/strong><\/a> el\u00e9rhet\u0151)<\/span><\/p>\n<p>&nbsp;<\/p>\n<div class=\"keretes w-100\">\n<p><span style=\"font-size: 14pt\"><strong>Kiv\u00e1l\u00f3 PhD Oktat\u00f3:\u00a0 \u00a0<\/strong> \u00a0<\/span><\/p>\n<\/div>\n<p><span style=\"font-size: 14pt\"><strong><span style=\"color: #003366\">\u00a0 \u00a0 \u00a0Prof. Dr. Szab\u00f3 D\u00f3ra<\/span>\u00a0<\/strong>(b\u0151vebb inform\u00e1ci\u00f3<strong> <a href=\"https:\/\/semmelweis.hu\/phd\/bemutatkozas\/kivalosagaink\/\" target=\"_blank\" rel=\"noopener\">ide kattintva<\/a> <\/strong>el\u00e9rhet\u0151)<\/span><\/p>\n<p>&nbsp;<\/p>\n<div class=\"keretes w-100\">\n<p><span style=\"font-size: 14pt\"><strong>Kiv\u00e1l\u00f3 PhD T\u00e9mavezet\u0151:\u00a0 \u00a0<\/strong> \u00a0<\/span><\/p>\n<\/div>\n<p><span style=\"font-size: 14pt\"><strong><span style=\"color: #003366\">\u00a0 \u00a0 \u00a0Dr. Dobay Orsolya <\/span><\/strong>(b\u0151vebb inform\u00e1ci\u00f3<strong> <a href=\"https:\/\/semmelweis.hu\/phd\/bemutatkozas\/kivalosagaink\/\" target=\"_blank\" rel=\"noopener\">ide kattintva<\/a> <\/strong>el\u00e9rhet\u0151)<\/span><\/p>\n<p>&nbsp;<\/p>\n<div class=\"keretes w-100\">\n<p><span style=\"font-size: 14pt\"><strong>Oktat\u00f3i Merit-d\u00edj: <\/strong>(b\u0151vebb inform\u00e1ci\u00f3<strong> <a href=\"https:\/\/semmelweis.hu\/aok\/oktatas\/a-kar-merit-dijat-elnyert-oktatoi\/\" target=\"_blank\" rel=\"noopener\">ide kattintva<\/a><\/strong> el\u00e9rhet\u0151)\u00a0 \u00a0 \u00a0<\/span><\/p>\n<\/div>\n<p><span style=\"font-size: 14pt\"><span style=\"color: #003366\"><strong>\u00a0 \u00a0 Dr. Ghid\u00e1n \u00c1goston <\/strong><\/span><em>(K\u00e9tszeres Oktat\u00f3i Merit-d\u00edjas gyakorlatvezet\u0151)<\/em><\/span><\/p>\n<p><span style=\"color: #003366;font-size: 14pt\"><strong>\u00a0 \u00a0 Dr. Ostorh\u00e1zi Eszter<\/strong><\/span><\/p>\n<p><span style=\"color: #003366;font-size: 14pt\"><strong>\u00a0 \u00a0 Dr. Kocsis B\u00e9la<\/strong><\/span><\/p>\n<p><span style=\"font-size: 14pt\"><strong><span style=\"color: #003366\">\u00a0 \u00a0 Dr. Guly\u00e1s D\u00e1niel<\/span> <\/strong><em>(H\u00e1romszoros Oktat\u00f3i Merit-d\u00edjas gyakorlatvezet\u0151)<\/em><\/span><\/p>\n<p>&nbsp;<\/p>\n<div class=\"keretes w-100\">\n<p><span style=\"font-size: 14pt\"><strong>Kutat\u00f3i (Tudom\u00e1nyos) Merit-d\u00edj: <\/strong>(b\u0151vebb inform\u00e1ci\u00f3\u00a0<strong><a href=\"https:\/\/semmelweis.hu\/aok\/files\/2017\/06\/Merit-n%C3%A9vsor-2016-2017.pdf\" target=\"_blank\" rel=\"noopener\">ide kattintva<\/a><\/strong> el\u00e9rhet\u0151)\u00a0 \u00a0 \u00a0<\/span><\/p>\n<\/div>\n<p><span style=\"font-size: 14pt\">\u00a0 \u00a0 \u00a0<span style=\"color: #003366\"><strong>Dr. Kocsis B\u00e9la<\/strong><\/span><\/span><\/p>\n<p>&nbsp;<\/p>\n<div class=\"keretes w-100\">\n<p><span style=\"font-size: 14pt\"><strong>Dr. Szalka Andr\u00e1s-\u00d6szt\u00f6nd\u00edj: <\/strong>\u00a0\u00a0<\/span><\/p>\n<\/div>\n<p><span style=\"font-size: 14pt\">\u00a0 \u00a0 \u00a0<span style=\"color: #003366\"><strong>Dr. Kocsis B\u00e9la<\/strong><span style=\"color: #000000\"> (b\u0151vebb inform\u00e1ci\u00f3<\/span><strong><a href=\"https:\/\/www.doki.net\/tarsasag\/infektologia\/hirek.aspx?nid=76166&amp;cid=312\" target=\"_blank\" rel=\"noopener\">ide kattintva <\/a><\/strong><span style=\"color: #000000\">el\u00e9rhet\u0151)\u00a0<\/span> <\/span><\/span><\/p>\n<p><span style=\"font-size: 14pt\">\u00a0 \u00a0 \u00a0<span style=\"color: #003366\"><strong>Dr. Guly\u00e1s D\u00e1niel<\/strong><\/span><\/span><\/p>\n<p>&nbsp;<\/p>\n<div class=\"keretes w-100\">\n<p><span style=\"font-size: 14pt\"><strong>Vezet\u0151 rezidens kinevez\u00e9s (Orvosi mikrobiol\u00f3gia, orsz\u00e1gos hat\u00e1sk\u00f6r):<\/strong>\u00a0<\/span><\/p>\n<\/div>\n<p><span style=\"font-size: 14pt\"><span style=\"color: #003366\"><strong>\u00a0 \u00a0 <\/strong><\/span><\/span><span style=\"font-size: 14pt\"><strong><span style=\"color: #003366\">\u00a0Dr. Guly\u00e1s D\u00e1niel<\/span> <\/strong>(tov\u00e1bbi inform\u00e1ci\u00f3<span style=\"color: #3366ff\"> <strong><a href=\"https:\/\/www.enkk.hu\/index.php\/hun\/szakkepzes-tamogatasi-foosztaly\/rezidens\/1045-vezeto-rezidensi-palyazat\" target=\"_blank\" rel=\"noopener\">ide kattintva<\/a><\/strong><\/span><strong>\u00a0<\/strong><\/span>el\u00e9rhet\u0151)<\/p>\n<p>&nbsp;<\/p>\n<div class=\"keretes w-100\">\n<p><span style=\"font-size: 14pt\"><strong>PhD Fokozatszerz\u00e9si \u00d6szt\u00f6nd\u00edj:<\/strong>\u00a0 \u00a0<\/span><\/p>\n<\/div>\n<p><span style=\"color: #003366;font-size: 14pt\">\u00a0 \u00a0 \u00a0 <strong>Dr. Sahin-T\u00f3th Judit<\/strong><\/span><\/p>\n<p>&nbsp;<\/p>\n<div class=\"keretes w-100\">\n<p><span style=\"font-size: 14pt\"><strong>\u00a0Semmelweis 250+ Kiv\u00e1l\u00f3s\u00e1gi PhD \u00d6szt\u00f6nd\u00edj:\u00a0<\/strong><\/span><\/p>\n<\/div>\n<p><span style=\"font-size: 14pt\">\u00a0<span style=\"color: #003366\">\u00a0 \u00a0 \u00a0<strong>Dr. Huber Annam\u00e1ria<\/strong><\/span><\/span><\/p>\n<p>&nbsp;<\/p>\n<div class=\"keretes w-100\">\n<p><span style=\"font-size: 14pt\"><strong>Semmelweis Egyetem Publik\u00e1ci\u00f3s D\u00edj \u201ekiemelked\u0151 preszt\u00edzs\u0171 foly\u00f3iratban megjelent k\u00f6zlem\u00e9ny\u201d kateg\u00f3ri\u00e1ban\u00a0<\/strong>(b\u0151vebb inform\u00e1ci\u00f3 <strong><a href=\"https:\/\/lib.semmelweis.hu\/publikaciok\/topSEPubs\" target=\"_blank\" rel=\"noopener\">ide kattintva<\/a> <\/strong>el\u00e9rhet\u0151)\u00a0<\/span><\/p>\n<\/div>\n<p><span style=\"font-size: 14pt\"><strong><span style=\"color: #003366\">\u00a0 \u00a0 \u00a0Dr. Horv\u00e1th Andrea<\/span> <\/strong>\u00e9s<span style=\"color: #003366\"><strong> Dr. Huber Annam\u00e1ria<\/strong><\/span><\/span><\/p>\n<p><span style=\"font-size: 14pt\"><span style=\"color: #003366\"><strong>\u00a0 \u00a0 \u00a0Dr. Dobay Orsolya <\/strong><\/span>\u00e9s<span style=\"color: #003366\"><strong> Dr.<\/strong> <strong>Kov\u00e1cs Eszter Tamara<\/strong><\/span><\/span><\/p>\n<p><span style=\"font-size: 14pt\"><span style=\"color: #003366\"><strong>\u00a0 \u00a0 \u00a0Prof. Dr. Tak\u00e1cs M\u00e1ria<\/strong><\/span> \u00e9s <span style=\"color: #003366\"><strong>Dr. Nagy Orsolya<\/strong><\/span><\/span><\/p>\n<p>&nbsp;<\/p>\n<div class=\"keretes w-100\">\n<p><span style=\"font-size: 14pt\"><strong>Magyar Mikrobiol\u00f3giai T\u00e1rsas\u00e1g \u201eLegjobb fiatal el\u0151ad\u00f3\u201d d\u00edja:\u00a0<\/strong><\/span><\/p>\n<\/div>\n<p><span style=\"font-size: 14pt\"><strong><span style=\"color: #003366\">\u00a0 \u00a0 Dr. Sahin-T\u00f3th Judit<\/span><\/strong><\/span><\/p>\n<p><span style=\"font-size: 14pt\"><strong><span style=\"color: #003366\">\u00a0 \u00a0 Kardos Szilvia<\/span><\/strong><\/span><\/p>\n<p>&nbsp;<\/p>\n<div class=\"keretes w-100\">\n<p><span style=\"font-size: 14pt\"><strong>L\u2019Or\u00e9al Magyarorsz\u00e1g \u00e9s a Magyar UNESCO Bizotts\u00e1g 40 \u00e9vesn\u00e9l fiatalabb kutat\u00f3nak j\u00e1r\u00f3 k\u00f6z\u00f6s \u00f6szt\u00f6nd\u00edja: <\/strong>(b\u0151vebb inform\u00e1ci\u00f3\u00a0<strong><a href=\"https:\/\/semmelweis.hu\/hirek\/2012\/10\/31\/dr-szabo-dora-nyerte-el-loreal-magyarorszag-es-a-magyar-unesco-bizottsag-kozos-osztondijat\/\" target=\"_blank\" rel=\"noopener\">ide kattintva<\/a><\/strong> el\u00e9rhet\u0151)\u00a0 \u00a0 \u00a0<\/span><\/p>\n<\/div>\n<p><span style=\"font-size: 14pt\">\u00a0 \u00a0 <span style=\"color: #003366\"><strong>\u00a0Prof.<\/strong> <strong>Dr. Szab\u00f3 D\u00f3ra<\/strong><\/span><\/span><\/p>\n<p>&nbsp;<\/p>\n<div class=\"keretes w-100\">\n<p><span style=\"font-size: 14pt\"><strong>Semmelweis Egyetem Kiv\u00e1l\u00f3 dolgoz\u00f3ja-kit\u00fcntet\u00e9s:\u00a0<\/strong><\/span><\/p>\n<\/div>\n<p><span style=\"font-size: 14pt\"><span style=\"color: #003366\"><strong>\u00a0 \u00a0 Uzsonyik No\u00e9mi\u00a0 <\/strong><\/span>(b\u0151vebb inform\u00e1ci\u00f3 <strong><a href=\"https:\/\/semmelweis.hu\/hirek\/2020\/03\/11\/kituntetesek-a-nemzeti-unnepen-a-semmelweis-egyetem-kivalo-dolgozoja-rektor-rektor-es-kancellar\/\" target=\"_blank\" rel=\"noopener\">ide kattintva<\/a> <\/strong>el\u00e9rhet\u0151)\u00a0 \u00a0 \u00a0<\/span><\/p>\n<p><span style=\"font-size: 14pt\"><strong><span style=\"color: #003366\">\u00a0 \u00a0 Fekete G\u00e1bor<\/span>\u00a0<\/strong>(b\u0151vebb inform\u00e1ci\u00f3 <strong><a href=\"https:\/\/semmelweis.hu\/hirek\/files\/2022\/03\/Kivalo-dolgozo-es-kivalo-konduktor-kituntetesek.pdf\" target=\"_blank\" rel=\"noopener\">ide kattintva <\/a><\/strong>el\u00e9rhet\u0151)\u00a0 \u00a0<\/span><\/p>\n<p style=\"text-align: justify\">\u00a0<\/p>\n<p><strong>\u00a0 \u00a0 \u00a0 \u00a0 \u00a0 \u00a0 \u00a0 \u00a0 \u00a0 \u00a0 \u00a0 \u00a0 \u00a0 \u00a0 \u00a0 \u00a0 \u00a0 \u00a0 \u00a0 \u00a0 \u00a0 \u00a0 \u00a0 \u00a0 \u00a0 \u00a0 \u00a0 \u00a0 \u00a0 \u00a0 \u00a0 \u00a0 \u00a0 \u00a0 \u00a0 \u00a0 \u00a0<\/strong><\/p>\n","protected":false},"excerpt":{"rendered":"<p>Magyar Tudom\u00e1nyos Akad\u00e9mia Akad\u00e9miai d\u00edj:\u00a0 \u00a0 \u00a0 \u00a0 \u00a0 \u00a0 \u00a0Prof. Dr. Szab\u00f3 D\u00f3ra (b\u0151vebb inform\u00e1ci\u00f3 <a href=\"https:\/\/semmelweis.hu\/hirek\/2020\/05\/05\/akademiai-dijban-reszesult-dr-szabo-dora-az-orvosi-mikrobiologiai-intezet-igazgatoja\/\" target=\"_blank\" rel=\"noopener\">ide kattintva<\/a> el\u00e9rhet\u0151) &nbsp; Magyar Tudom\u00e1nyos Akad\u00e9mia Bolyai J\u00e1nos Kutat\u00e1si \u00d6szt\u00f6nd\u00edj:\u00a0 \u00a0 \u00a0 \u00a0 \u00a0Dr. Kocsis B\u00e9la (b\u0151vebb inform\u00e1ci\u00f3 <a href=\"https:\/\/mta.hu\/mta_hirei\/a-2022-ben-bolyai-janos-kutatasi-osztondijat-nyert-kutatok-112243\" target=\"_blank\" rel=\"noopener\">ide kattintva<\/a> el\u00e9rhet\u0151) &nbsp; Magyar Zoon\u00f3zis T\u00e1rsas\u00e1g H\u0151gyes-Aujeszky eml\u00e9k\u00e9rem:\u00a0 \u00a0 \u00a0 \u00a0 \u00a0Dr. Tak\u00e1cs M\u00e1ria &nbsp; Batthy\u00e1ny-Strattmann L\u00e1szl\u00f3-d\u00edj:\u00a0 \u00a0 \u00a0 \u00a0 \u00a0 \u00a0 Prof. &hellip;<\/p>\n","protected":false},"author":182,"featured_media":0,"parent":1521,"menu_order":4,"comment_status":"closed","ping_status":"closed","template":"","meta":{"_acf_changed":false,"footnotes":""},"categories":[],"tags":[],"class_list":["post-1889","page","type-page","status-publish","hentry"],"acf":[],"_links":{"self":[{"href":"https:\/\/semmelweis.hu\/mikrobiologia\/wp-json\/wp\/v2\/pages\/1889","targetHints":{"allow":["GET"]}}],"collection":[{"href":"https:\/\/semmelweis.hu\/mikrobiologia\/wp-json\/wp\/v2\/pages"}],"about":[{"href":"https:\/\/semmelweis.hu\/mikrobiologia\/wp-json\/wp\/v2\/types\/page"}],"author":[{"embeddable":true,"href":"https:\/\/semmelweis.hu\/mikrobiologia\/wp-json\/wp\/v2\/users\/182"}],"replies":[{"embeddable":true,"href":"https:\/\/semmelweis.hu\/mikrobiologia\/wp-json\/wp\/v2\/comments?post=1889"}],"version-history":[{"count":10,"href":"https:\/\/semmelweis.hu\/mikrobiologia\/wp-json\/wp\/v2\/pages\/1889\/revisions"}],"predecessor-version":[{"id":4090,"href":"https:\/\/semmelweis.hu\/mikrobiologia\/wp-json\/wp\/v2\/pages\/1889\/revisions\/4090"}],"up":[{"embeddable":true,"href":"https:\/\/semmelweis.hu\/mikrobiologia\/wp-json\/wp\/v2\/pages\/1521"}],"wp:attachment":[{"href":"https:\/\/semmelweis.hu\/mikrobiologia\/wp-json\/wp\/v2\/media?parent=1889"}],"wp:term":[{"taxonomy":"category","embeddable":true,"href":"https:\/\/semmelweis.hu\/mikrobiologia\/wp-json\/wp\/v2\/categories?post=1889"},{"taxonomy":"post_tag","embeddable":true,"href":"https:\/\/semmelweis.hu\/mikrobiologia\/wp-json\/wp\/v2\/tags?post=1889"}],"curies":[{"name":"wp","href":"https:\/\/api.w.org\/{rel}","templated":true}]}}