{"id":1665,"date":"2022-05-02T22:26:38","date_gmt":"2022-05-02T20:26:38","guid":{"rendered":"https:\/\/semmelweis.hu\/mikrobiologia\/?page_id=1665"},"modified":"2023-03-13T07:43:28","modified_gmt":"2023-03-13T06:43:28","slug":"anderlik-piroska-kiserletes-allathaz","status":"publish","type":"page","link":"https:\/\/semmelweis.hu\/mikrobiologia\/kutatas\/anderlik-piroska-kiserletes-allathaz\/","title":{"rendered":"Anderlik Piroska K\u00eds\u00e9rletes \u00c1llath\u00e1z"},"content":{"rendered":"<p style=\"text-align: justify\">Int\u00e9zet\u00fcnk \u00c1llath\u00e1za a <span style=\"color: #000080\"><strong>Nagyv\u00e1rad T\u00e9ri Elm\u00e9leti T\u00f6mb (NET) XXII. emelet\u00e9n<\/strong><\/span> tal\u00e1lhat\u00f3, elk\u00fcl\u00f6n\u00fclve az azonos emeleten elhelyezked<span style=\"font-size: 1rem\">\u0151 Labor\u00e1llat-tudom\u00e1nyi Koordin\u00e1ci\u00f3s K\u00f6zpontt\u00f3l.\u00a0<\/span><\/p>\n<div class=\"fontos_div\">\n<p style=\"text-align: justify\"><span style=\"font-size: 1rem\"> Int\u00e9zet\u00fcnkben a k\u00f6zelm\u00faltban elhunyt kor\u00e1bbi igazgat\u00f3nk, <\/span><span style=\"color: #000080\"><strong style=\"font-size: 1rem\">Prof. Dr. Anderlik Piroska<\/strong><\/span><span style=\"font-size: 1rem\"> ind\u00edtotta el a mikrobiol\u00f3giai \u00e1llatvizsg\u00e1latokat, t\u00f6bb \u00e9vtizedes \u00e1llatk\u00eds\u00e9rletes munk\u00e1ja ir\u00e1nti tiszteletb\u0151l \u00e1llath\u00e1zunk az \u0151 nev\u00e9t viseli.\u00a0 Az \u00e1llath\u00e1z 50 eg\u00e9r elhelyez\u00e9s\u00e9re alkalmas IVC \u00e1llv\u00e1nnyal van felszerelve, mely alkalmass\u00e1 teszi <span style=\"color: #000080\"><strong>BSL-2 szint\u0171 mikrobiol\u00f3giai \u00e1llatk\u00eds\u00e9rletek<\/strong><\/span> elv\u00e9gz\u00e9s\u00e9re.<\/span><\/p>\n<\/div>\n<p><img loading=\"lazy\" decoding=\"async\" class=\"alignnone wp-image-2833 \" src=\"https:\/\/semmelweis.hu\/mikrobiologia\/files\/2022\/06\/IMG-7424-1-400x301.jpg\" alt=\"\" width=\"345\" height=\"260\" srcset=\"https:\/\/semmelweis.hu\/mikrobiologia\/files\/2022\/06\/IMG-7424-1-400x301.jpg 400w, https:\/\/semmelweis.hu\/mikrobiologia\/files\/2022\/06\/IMG-7424-1-1024x770.jpg 1024w, https:\/\/semmelweis.hu\/mikrobiologia\/files\/2022\/06\/IMG-7424-1-768x578.jpg 768w, https:\/\/semmelweis.hu\/mikrobiologia\/files\/2022\/06\/IMG-7424-1-1536x1155.jpg 1536w, https:\/\/semmelweis.hu\/mikrobiologia\/files\/2022\/06\/IMG-7424-1-2048x1540.jpg 2048w, https:\/\/semmelweis.hu\/mikrobiologia\/files\/2022\/06\/IMG-7424-1-753x566.jpg 753w\" sizes=\"auto, (max-width: 345px) 100vw, 345px\" \/> <img loading=\"lazy\" decoding=\"async\" class=\"alignnone wp-image-2832 \" src=\"https:\/\/semmelweis.hu\/mikrobiologia\/files\/2022\/06\/IMG-7416-1-400x301.jpg\" alt=\"\" width=\"346\" height=\"260\" srcset=\"https:\/\/semmelweis.hu\/mikrobiologia\/files\/2022\/06\/IMG-7416-1-400x301.jpg 400w, https:\/\/semmelweis.hu\/mikrobiologia\/files\/2022\/06\/IMG-7416-1-1024x770.jpg 1024w, https:\/\/semmelweis.hu\/mikrobiologia\/files\/2022\/06\/IMG-7416-1-768x578.jpg 768w, https:\/\/semmelweis.hu\/mikrobiologia\/files\/2022\/06\/IMG-7416-1-1536x1155.jpg 1536w, https:\/\/semmelweis.hu\/mikrobiologia\/files\/2022\/06\/IMG-7416-1-2048x1540.jpg 2048w, https:\/\/semmelweis.hu\/mikrobiologia\/files\/2022\/06\/IMG-7416-1-753x566.jpg 753w\" sizes=\"auto, (max-width: 346px) 100vw, 346px\" \/><\/p>\n","protected":false},"excerpt":{"rendered":"<p>Int\u00e9zet\u00fcnk \u00c1llath\u00e1za a Nagyv\u00e1rad T\u00e9ri Elm\u00e9leti T\u00f6mb (NET) XXII. emelet\u00e9n tal\u00e1lhat\u00f3, elk\u00fcl\u00f6n\u00fclve az azonos emeleten elhelyezked\u0151 Labor\u00e1llat-tudom\u00e1nyi Koordin\u00e1ci\u00f3s K\u00f6zpontt\u00f3l.\u00a0 Int\u00e9zet\u00fcnkben a k\u00f6zelm\u00faltban elhunyt kor\u00e1bbi igazgat\u00f3nk, Prof. Dr. Anderlik Piroska ind\u00edtotta el a mikrobiol\u00f3giai \u00e1llatvizsg\u00e1latokat, t\u00f6bb \u00e9vtizedes \u00e1llatk\u00eds\u00e9rletes munk\u00e1ja ir\u00e1nti tiszteletb\u0151l \u00e1llath\u00e1zunk az \u0151 nev\u00e9t viseli.\u00a0 Az \u00e1llath\u00e1z 50 eg\u00e9r elhelyez\u00e9s\u00e9re alkalmas IVC \u00e1llv\u00e1nnyal van felszerelve, &hellip;<\/p>\n","protected":false},"author":182,"featured_media":0,"parent":16,"menu_order":5,"comment_status":"closed","ping_status":"closed","template":"","meta":{"_acf_changed":false,"footnotes":""},"categories":[],"tags":[],"class_list":["post-1665","page","type-page","status-publish","hentry"],"acf":[],"_links":{"self":[{"href":"https:\/\/semmelweis.hu\/mikrobiologia\/wp-json\/wp\/v2\/pages\/1665","targetHints":{"allow":["GET"]}}],"collection":[{"href":"https:\/\/semmelweis.hu\/mikrobiologia\/wp-json\/wp\/v2\/pages"}],"about":[{"href":"https:\/\/semmelweis.hu\/mikrobiologia\/wp-json\/wp\/v2\/types\/page"}],"author":[{"embeddable":true,"href":"https:\/\/semmelweis.hu\/mikrobiologia\/wp-json\/wp\/v2\/users\/182"}],"replies":[{"embeddable":true,"href":"https:\/\/semmelweis.hu\/mikrobiologia\/wp-json\/wp\/v2\/comments?post=1665"}],"version-history":[{"count":10,"href":"https:\/\/semmelweis.hu\/mikrobiologia\/wp-json\/wp\/v2\/pages\/1665\/revisions"}],"predecessor-version":[{"id":3232,"href":"https:\/\/semmelweis.hu\/mikrobiologia\/wp-json\/wp\/v2\/pages\/1665\/revisions\/3232"}],"up":[{"embeddable":true,"href":"https:\/\/semmelweis.hu\/mikrobiologia\/wp-json\/wp\/v2\/pages\/16"}],"wp:attachment":[{"href":"https:\/\/semmelweis.hu\/mikrobiologia\/wp-json\/wp\/v2\/media?parent=1665"}],"wp:term":[{"taxonomy":"category","embeddable":true,"href":"https:\/\/semmelweis.hu\/mikrobiologia\/wp-json\/wp\/v2\/categories?post=1665"},{"taxonomy":"post_tag","embeddable":true,"href":"https:\/\/semmelweis.hu\/mikrobiologia\/wp-json\/wp\/v2\/tags?post=1665"}],"curies":[{"name":"wp","href":"https:\/\/api.w.org\/{rel}","templated":true}]}}

Anderlik Piroska Kísérletes Állatház

<p style="text-align: justify">Intézetünk Állatháza a <span style="color: #000080"><strong>Nagyvárad Téri Elméleti Tömb (NET) XXII. emeletén</strong></span> található, elkülönülve az azonos emeleten elhelyezked<span style="font-size: 1rem">ő Laborállat-tudományi Koordinációs Központtól. </span></p>
<div class="fontos_div">
<p style="text-align: justify"><span style="font-size: 1rem"> Intézetünkben a közelmúltban elhunyt korábbi igazgatónk, </span><span style="color: #000080"><strong style="font-size: 1rem">Prof. Dr. Anderlik Piroska</strong></span><span style="font-size: 1rem"> indította el a mikrobiológiai állatvizsgálatokat, több évtizedes állatkísérletes munkája iránti tiszteletből állatházunk az ő nevét viseli.  Az állatház 50 egér elhelyezésére alkalmas IVC állvánnyal van felszerelve, mely alkalmassá teszi <span style="color: #000080"><strong>BSL-2 szintű mikrobiológiai állatkísérletek</strong></span> elvégzésére.</span></p>
</div>
<p><img loading="lazy" decoding="async" class="alignnone wp-image-2833 " src="https://semmelweis.hu/mikrobiologia/files/2022/06/IMG-7424-1-400x301.jpg" alt="" width="345" height="260" srcset="https://semmelweis.hu/mikrobiologia/files/2022/06/IMG-7424-1-400x301.jpg 400w, https://semmelweis.hu/mikrobiologia/files/2022/06/IMG-7424-1-1024x770.jpg 1024w, https://semmelweis.hu/mikrobiologia/files/2022/06/IMG-7424-1-768x578.jpg 768w, https://semmelweis.hu/mikrobiologia/files/2022/06/IMG-7424-1-1536x1155.jpg 1536w, https://semmelweis.hu/mikrobiologia/files/2022/06/IMG-7424-1-2048x1540.jpg 2048w, https://semmelweis.hu/mikrobiologia/files/2022/06/IMG-7424-1-753x566.jpg 753w" sizes="auto, (max-width: 345px) 100vw, 345px" /> <img loading="lazy" decoding="async" class="alignnone wp-image-2832 " src="https://semmelweis.hu/mikrobiologia/files/2022/06/IMG-7416-1-400x301.jpg" alt="" width="346" height="260" srcset="https://semmelweis.hu/mikrobiologia/files/2022/06/IMG-7416-1-400x301.jpg 400w, https://semmelweis.hu/mikrobiologia/files/2022/06/IMG-7416-1-1024x770.jpg 1024w, https://semmelweis.hu/mikrobiologia/files/2022/06/IMG-7416-1-768x578.jpg 768w, https://semmelweis.hu/mikrobiologia/files/2022/06/IMG-7416-1-1536x1155.jpg 1536w, https://semmelweis.hu/mikrobiologia/files/2022/06/IMG-7416-1-2048x1540.jpg 2048w, https://semmelweis.hu/mikrobiologia/files/2022/06/IMG-7416-1-753x566.jpg 753w" sizes="auto, (max-width: 346px) 100vw, 346px" /></p>

<p>Intézetünk Állatháza a Nagyvárad Téri Elméleti Tömb (NET) XXII. emeletén található, elkülönülve az azonos emeleten elhelyezkedő Laborállat-tudományi Koordinációs Központtól.  Intézetünkben a közelmúltban elhunyt korábbi igazgatónk, Prof. Dr. Anderlik Piroska indította el a mikrobiológiai állatvizsgálatokat, több évtizedes állatkísérletes munkája iránti tiszteletből állatházunk az ő nevét viseli.  Az állatház 50 egér elhelyezésére alkalmas IVC állvánnyal van felszerelve, &hellip;</p>
