{"id":1664,"date":"2022-05-02T22:27:51","date_gmt":"2022-05-02T20:27:51","guid":{"rendered":"https:\/\/semmelweis.hu\/mikrobiologia\/?page_id=1664"},"modified":"2023-06-26T13:32:37","modified_gmt":"2023-06-26T11:32:37","slug":"intezetunk-publikacioi","status":"publish","type":"page","link":"https:\/\/semmelweis.hu\/mikrobiologia\/kutatas\/intezetunk-publikacioi\/","title":{"rendered":"Int\u00e9zet\u00fcnk publik\u00e1ci\u00f3i"},"content":{"rendered":"<div class=\"responsive-tabs\">\n<h2 class=\"tabtitle\">Tudom\u00e1nymetriai adatok<\/h2>\n<div class=\"tabcontent\">\n\n<p style=\"text-align: justify\">Int\u00e9zet\u00fcnk aktu\u00e1lis tudom\u00e1nymetriai adatai az al\u00e1bbi grafikonon l\u00e1that\u00f3ak \u00f6sszefoglalva.<\/p>\n<p style=\"text-align: center\"><img loading=\"lazy\" decoding=\"async\" class=\"alignnone wp-image-3773 \" src=\"https:\/\/semmelweis.hu\/mikrobiologia\/files\/2023\/06\/Tudomanymetriai-400x253.png\" alt=\"\" width=\"492\" height=\"311\" srcset=\"https:\/\/semmelweis.hu\/mikrobiologia\/files\/2023\/06\/Tudomanymetriai-400x253.png 400w, https:\/\/semmelweis.hu\/mikrobiologia\/files\/2023\/06\/Tudomanymetriai-768x486.png 768w, https:\/\/semmelweis.hu\/mikrobiologia\/files\/2023\/06\/Tudomanymetriai-753x477.png 753w, https:\/\/semmelweis.hu\/mikrobiologia\/files\/2023\/06\/Tudomanymetriai.png 957w\" sizes=\"auto, (max-width: 492px) 100vw, 492px\" \/><\/p>\n<div class=\"fontos_div\">\n<p style=\"text-align: justify\"><span style=\"font-size: 14pt\">Tov\u00e1bbi inform\u00e1ci\u00f3k a <a href=\"https:\/\/m2.mtmt.hu\/gui2\/?type=institutes&amp;mode=browse&amp;sel=10394\" target=\"_blank\" rel=\"noopener\">Magyar Tudom\u00e1nyos M\u0171vek T\u00e1ra (MTMT) honlapj\u00e1n <\/a>\u00e9rhet\u0151ek el.<\/span><\/p>\n<\/div>\n\n<\/div><h2 class=\"tabtitle\">Publik\u00e1ci\u00f3k<\/h2>\n<div class=\"tabcontent\">\n\n<p><a href=\"https:\/\/semmelweis.hu\/mikrobiologia\/files\/2023\/06\/Publikaciok-2022.pdf\" target=\"_blank\" rel=\"noopener\">2022<\/a><\/p>\n<p><a href=\"https:\/\/semmelweis.hu\/mikrobiologia\/files\/2023\/03\/Publikaciok-2021-1.pdf\" target=\"_blank\" rel=\"noopener\"> 2021<\/a><\/p>\n<p><a href=\"https:\/\/semmelweis.hu\/mikrobiologia\/files\/2023\/03\/Publikaciok-2020.pdf\" target=\"_blank\" rel=\"noopener\">2020<\/a><\/p>\n<p><a href=\"https:\/\/semmelweis.hu\/mikrobiologia\/files\/2023\/03\/Publikaciok-2019.pdf\" target=\"_blank\" rel=\"noopener\">2019<\/a><\/p>\n<\/div><\/div>\n","protected":false},"excerpt":{"rendered":"<p>Int\u00e9zet\u00fcnk aktu\u00e1lis tudom\u00e1nymetriai adatai az al\u00e1bbi grafikonon l\u00e1that\u00f3ak \u00f6sszefoglalva.<\/p>\n<p>Tov\u00e1bbi inform\u00e1ci\u00f3k a <a href=\"https:\/\/m2.mtmt.hu\/gui2\/?type=institutes&amp;mode=browse&amp;sel=10394\" target=\"_blank\" rel=\"noopener\">Magyar Tudom\u00e1nyos M\u0171vek T\u00e1ra (MTMT) honlapj\u00e1n <\/a>\u00e9rhet\u0151ek el.<\/p>\n<p><a href=\"https:\/\/semmelweis.hu\/mikrobiologia\/files\/2023\/06\/Publikaciok-2022.pdf\" target=\"_blank\" rel=\"noopener\">2022<\/a><br \/>\n<a href=\"https:\/\/semmelweis.hu\/mikrobiologia\/files\/2023\/03\/Publikaciok-2021-1.pdf\" target=\"_blank\" rel=\"noopener\"> 2021<\/a><br \/>\n<a href=\"https:\/\/semmelweis.hu\/mikrobiologia\/files\/2023\/03\/Publikaciok-2020.pdf\" target=\"_blank\" rel=\"noopener\">2020<\/a><br \/>\n<a href=\"https:\/\/semmelweis.hu\/mikrobiologia\/files\/2023\/03\/Publikaciok-2019.pdf\" target=\"_blank\" rel=\"noopener\">2019<\/a><\/p>\n","protected":false},"author":182,"featured_media":0,"parent":16,"menu_order":6,"comment_status":"closed","ping_status":"closed","template":"","meta":{"_acf_changed":false,"footnotes":""},"categories":[],"tags":[],"class_list":["post-1664","page","type-page","status-publish","hentry"],"acf":[],"_links":{"self":[{"href":"https:\/\/semmelweis.hu\/mikrobiologia\/wp-json\/wp\/v2\/pages\/1664","targetHints":{"allow":["GET"]}}],"collection":[{"href":"https:\/\/semmelweis.hu\/mikrobiologia\/wp-json\/wp\/v2\/pages"}],"about":[{"href":"https:\/\/semmelweis.hu\/mikrobiologia\/wp-json\/wp\/v2\/types\/page"}],"author":[{"embeddable":true,"href":"https:\/\/semmelweis.hu\/mikrobiologia\/wp-json\/wp\/v2\/users\/182"}],"replies":[{"embeddable":true,"href":"https:\/\/semmelweis.hu\/mikrobiologia\/wp-json\/wp\/v2\/comments?post=1664"}],"version-history":[{"count":10,"href":"https:\/\/semmelweis.hu\/mikrobiologia\/wp-json\/wp\/v2\/pages\/1664\/revisions"}],"predecessor-version":[{"id":3776,"href":"https:\/\/semmelweis.hu\/mikrobiologia\/wp-json\/wp\/v2\/pages\/1664\/revisions\/3776"}],"up":[{"embeddable":true,"href":"https:\/\/semmelweis.hu\/mikrobiologia\/wp-json\/wp\/v2\/pages\/16"}],"wp:attachment":[{"href":"https:\/\/semmelweis.hu\/mikrobiologia\/wp-json\/wp\/v2\/media?parent=1664"}],"wp:term":[{"taxonomy":"category","embeddable":true,"href":"https:\/\/semmelweis.hu\/mikrobiologia\/wp-json\/wp\/v2\/categories?post=1664"},{"taxonomy":"post_tag","embeddable":true,"href":"https:\/\/semmelweis.hu\/mikrobiologia\/wp-json\/wp\/v2\/tags?post=1664"}],"curies":[{"name":"wp","href":"https:\/\/api.w.org\/{rel}","templated":true}]}}