{"id":1639,"date":"2022-04-28T11:33:40","date_gmt":"2022-04-28T09:33:40","guid":{"rendered":"https:\/\/semmelweis.hu\/mikrobiologia\/?page_id=1639"},"modified":"2022-11-01T10:50:12","modified_gmt":"2022-11-01T09:50:12","slug":"short-history-of-our-institute","status":"publish","type":"page","link":"https:\/\/semmelweis.hu\/mikrobiologia\/en\/about-us\/short-history-of-our-institute\/","title":{"rendered":"Short history of our Institute"},"content":{"rendered":"<div class=\"fontos_div\">\n<p style=\"text-align: justify\"><span style=\"font-size: 14pt\">Institute of Medical Microbiology has a long history, <span style=\"color: #000080\"><strong>in 2018 we celebrated the 70th anniversary of its existence<\/strong><\/span>. Brief overview of the Jubilee celebration is available <a href=\"https:\/\/semmelweis.hu\/english\/2018\/11\/institute-of-medical-microbiology-celebrates-its-70th-anniversary\/\" target=\"_blank\" rel=\"noopener\">here<\/a>.<\/span><\/p>\n<\/div>\n<p style=\"text-align: justify\">Led by <span style=\"color: #000080\"><strong>Endre H\u0151gyes<\/strong><\/span>, education of microbiology originally started in <span style=\"color: #000080\"><strong>1883<\/strong><\/span> at the General Institute of Pathology and Bacteriology It operated in <a href=\"https:\/\/semmelweis.hu\/mikrobiologia\/files\/2022\/05\/image_6483441.jpg\"><img loading=\"lazy\" decoding=\"async\" class=\" wp-image-1648 alignleft\" src=\"https:\/\/semmelweis.hu\/mikrobiologia\/files\/2022\/05\/image_6483441-300x225.jpg\" alt=\"\" width=\"244\" height=\"183\" srcset=\"https:\/\/semmelweis.hu\/mikrobiologia\/files\/2022\/05\/image_6483441-300x225.jpg 300w, https:\/\/semmelweis.hu\/mikrobiologia\/files\/2022\/05\/image_6483441-1024x768.jpg 1024w, https:\/\/semmelweis.hu\/mikrobiologia\/files\/2022\/05\/image_6483441-768x576.jpg 768w, https:\/\/semmelweis.hu\/mikrobiologia\/files\/2022\/05\/image_6483441-400x300.jpg 400w, https:\/\/semmelweis.hu\/mikrobiologia\/files\/2022\/05\/image_6483441-1536x1151.jpg 1536w, https:\/\/semmelweis.hu\/mikrobiologia\/files\/2022\/05\/image_6483441.jpg 2025w\" sizes=\"auto, (max-width: 244px) 100vw, 244px\" \/><\/a>the <span style=\"color: #000080\"><strong>former Pasteur Institute in Budapest<\/strong>.<\/span> Microbiology as an independent subject was educated for the first time in <span style=\"color: #000080\"><strong>1948<\/strong><\/span> at Semmelweis University by a separated organizational unit called <span style=\"color: #000080\"><strong>Institute of Bacteriology and Immunology<\/strong>.<\/span> It was renamed by its first director, <span style=\"color: #000080\"><strong>Ferenc Farag\u00f3<\/strong><\/span> as Microbiology Insitute in 1950, then from <span style=\"color: #000080\"><strong>1999<\/strong><\/span> it became known as Institute of Medical Microbiology. From <span style=\"color: #000080\"><strong>1978 <\/strong><\/span>our Institute is found on the<span style=\"color: #000080\"><strong> 9-11th floor of Semmelweis University Nagyv\u00e1rad t\u00e9ri Elm\u00e9leti T\u00f6mb (NET)<\/strong><\/span> and we also have <span style=\"color: #000080\"><strong>Piroska Anderlik Experimental Animalhouse <\/strong><\/span>on the 22nd floor.<\/p>\n<figure id=\"attachment_1649\" aria-describedby=\"caption-attachment-1649\" style=\"width: 346px\" class=\"wp-caption alignleft\"><a href=\"https:\/\/semmelweis.hu\/mikrobiologia\/files\/2022\/05\/RS68766_KA-20171109-IMG_0673-scr.jpg\"><img loading=\"lazy\" decoding=\"async\" class=\"wp-image-1649\" src=\"https:\/\/semmelweis.hu\/mikrobiologia\/files\/2022\/05\/RS68766_KA-20171109-IMG_0673-scr-300x200.jpg\" alt=\"\" width=\"346\" height=\"231\" srcset=\"https:\/\/semmelweis.hu\/mikrobiologia\/files\/2022\/05\/RS68766_KA-20171109-IMG_0673-scr-300x200.jpg 300w, https:\/\/semmelweis.hu\/mikrobiologia\/files\/2022\/05\/RS68766_KA-20171109-IMG_0673-scr-768x512.jpg 768w, https:\/\/semmelweis.hu\/mikrobiologia\/files\/2022\/05\/RS68766_KA-20171109-IMG_0673-scr-450x300.jpg 450w, https:\/\/semmelweis.hu\/mikrobiologia\/files\/2022\/05\/RS68766_KA-20171109-IMG_0673-scr.jpg 950w\" sizes=\"auto, (max-width: 346px) 100vw, 346px\" \/><\/a><figcaption id=\"caption-attachment-1649\" class=\"wp-caption-text\"><strong>Prof. Dr. D\u00f3ra Szab\u00f3 and Prof. Dr. Istv\u00e1n N\u00e1sz by 26th Semmelweis Symposium<\/strong><\/figcaption><\/figure>\n<p style=\"text-align: justify\"><span style=\"color: #000080\"><strong>In 2017 <\/strong><\/span>we won the opportunity to organise<strong><span style=\"color: #000080\"> 26th Semmelweis Symposium<\/span>. <\/strong>The two-day event \u00a0was organized under the title &#8222;<em>New challenges in microbiology<\/em>&#8222;, where more than 30 lectures were performed. 10 foreign lecturers accepted our invitation to the symposium, our guests came from famous institutes, such as<strong>\u00a0<span style=\"color: #000080\">Institut Pasteur<\/span><\/strong> (Paris) and <span style=\"color: #000080\"><strong>Institute<\/strong> <strong>Karolinska <\/strong><\/span>(Stockholm). Brief overview of the event is found <a href=\"https:\/\/semmelweis.hu\/english\/2017\/11\/26th-semmelweis-symposium-new-challenges-in-microbiology\/\" target=\"_blank\" rel=\"noopener\">here<\/a>. In the same year we celebrated the <span style=\"color: #000080\"><strong>90th birthday of Sz\u00e9chenyi Prize Winner Dr. Istv\u00e1n N\u00e1sz Professor emeritus<\/strong><\/span>, the founder and former director of our Institute.\u00a0<\/p>\n<p style=\"text-align: justify\"><span style=\"color: #000080\"><strong>Former Directors of our Institute:<\/strong><\/span><\/p>\n<ul style=\"list-style-type: disc\">\n<li style=\"text-align: justify\"><span style=\"color: #000080\"><strong>Endre H\u0151gyes:<\/strong><\/span> 1883\u20131906<\/li>\n<li style=\"text-align: justify\"><span style=\"color: #000080\"><strong>Hug\u00f3 Preisz:<\/strong><\/span> 1907\u20131931<\/li>\n<li style=\"text-align: justify\"><span style=\"color: #000080\"><strong>S\u00e1ndor Bel\u00e1k:<\/strong><\/span> 1932\u20131947<\/li>\n<li style=\"text-align: justify\"><span style=\"color: #000080\"><strong>Ferenc Farag\u00f3:<\/strong><\/span> 1948\u20131950<\/li>\n<li style=\"text-align: justify\"><span style=\"color: #000080\"><strong>Zolt\u00e1n Alf\u00f6ldy:<\/strong><\/span> 1950\u20131974<\/li>\n<li style=\"text-align: justify\"><span style=\"color: #000080\"><strong>Istv\u00e1n N\u00e1sz:<\/strong><\/span> 1974\u20131994<\/li>\n<li style=\"text-align: justify\"><span style=\"color: #000080\"><strong>\u00c9va \u00c1gnes \u00c1d\u00e1m:<\/strong><\/span> 1994\u20131995<\/li>\n<li style=\"text-align: justify\"><span style=\"color: #000080\"><strong>Piroska Anderlik:<\/strong> <\/span>1995\u20131996<\/li>\n<li style=\"text-align: justify\"><span style=\"color: #000080\"><strong>Ferenc Rozgonyi:<\/strong> <\/span>1996\u2013 2003<\/li>\n<li style=\"text-align: justify\"><span style=\"color: #000080\"><strong>Zsuzsanna F\u00fcrst:<\/strong> <\/span>2003\u20132004<\/li>\n<li style=\"text-align: justify\"><span style=\"color: #000080\"><strong>K\u00e1roly Nagy<\/strong>:<\/span> 2004-2014<\/li>\n<li style=\"text-align: justify\"><span style=\"color: #000080\"><strong>D\u00f3ra Szab\u00f3: <\/strong><\/span>from 2014-<\/li>\n<\/ul>\n<div class=\"fontos_div\">\n<p style=\"text-align: justify\"><span style=\"font-size: 14pt\">Relics, archives and yearbooks can be found from different periods of our Institute at the <span style=\"color: #000080\"><strong>Museum of Microbiology<\/strong><\/span> on the 9th floor of NET- &#8222;<em>Ad perpetuam rei memoriam<\/em>&#8222;.<\/span><\/p>\n<\/div>\n","protected":false},"excerpt":{"rendered":"<p>Institute of Medical Microbiology has a long history, in 2018 we celebrated the 70th anniversary of its existence. Brief overview of the Jubilee celebration is available <a href=\"https:\/\/semmelweis.hu\/english\/2018\/11\/institute-of-medical-microbiology-celebrates-its-70th-anniversary\/\" target=\"_blank\" rel=\"noopener\">here<\/a> . Led by Endre H\u0151gyes, education of microbiology originally started in 1883 at the General Institute of Pathology and Bacteriology It operated in <a href=\"https:\/\/semmelweis.hu\/mikrobiologia\/files\/2022\/05\/image_6483441.jpg\"><\/a> the former Pasteur Institute in Budapest. &hellip;<\/p>\n","protected":false},"author":182,"featured_media":0,"parent":1637,"menu_order":0,"comment_status":"closed","ping_status":"closed","template":"","meta":{"_acf_changed":false,"footnotes":""},"categories":[],"tags":[],"class_list":["post-1639","page","type-page","status-publish","hentry"],"acf":[],"_links":{"self":[{"href":"https:\/\/semmelweis.hu\/mikrobiologia\/wp-json\/wp\/v2\/pages\/1639","targetHints":{"allow":["GET"]}}],"collection":[{"href":"https:\/\/semmelweis.hu\/mikrobiologia\/wp-json\/wp\/v2\/pages"}],"about":[{"href":"https:\/\/semmelweis.hu\/mikrobiologia\/wp-json\/wp\/v2\/types\/page"}],"author":[{"embeddable":true,"href":"https:\/\/semmelweis.hu\/mikrobiologia\/wp-json\/wp\/v2\/users\/182"}],"replies":[{"embeddable":true,"href":"https:\/\/semmelweis.hu\/mikrobiologia\/wp-json\/wp\/v2\/comments?post=1639"}],"version-history":[{"count":10,"href":"https:\/\/semmelweis.hu\/mikrobiologia\/wp-json\/wp\/v2\/pages\/1639\/revisions"}],"predecessor-version":[{"id":3004,"href":"https:\/\/semmelweis.hu\/mikrobiologia\/wp-json\/wp\/v2\/pages\/1639\/revisions\/3004"}],"up":[{"embeddable":true,"href":"https:\/\/semmelweis.hu\/mikrobiologia\/wp-json\/wp\/v2\/pages\/1637"}],"wp:attachment":[{"href":"https:\/\/semmelweis.hu\/mikrobiologia\/wp-json\/wp\/v2\/media?parent=1639"}],"wp:term":[{"taxonomy":"category","embeddable":true,"href":"https:\/\/semmelweis.hu\/mikrobiologia\/wp-json\/wp\/v2\/categories?post=1639"},{"taxonomy":"post_tag","embeddable":true,"href":"https:\/\/semmelweis.hu\/mikrobiologia\/wp-json\/wp\/v2\/tags?post=1639"}],"curies":[{"name":"wp","href":"https:\/\/api.w.org\/{rel}","templated":true}]}}