{"id":1534,"date":"2022-04-28T11:57:23","date_gmt":"2022-04-28T09:57:23","guid":{"rendered":"https:\/\/semmelweis.hu\/mikrobiologia\/?page_id=1534"},"modified":"2022-12-30T13:23:40","modified_gmt":"2022-12-30T12:23:40","slug":"tdk-munka","status":"publish","type":"page","link":"https:\/\/semmelweis.hu\/mikrobiologia\/kutatas\/tdk-munka\/","title":{"rendered":"TDK munka"},"content":{"rendered":"<p style=\"text-align: justify\">Az Orvosi Mikrobiol\u00f3giai Int\u00e9zet szeretettel v\u00e1rja a <strong><img loading=\"lazy\" decoding=\"async\" class=\"wp-image-1605 alignright\" src=\"https:\/\/semmelweis.hu\/mikrobiologia\/files\/2022\/04\/tdk-logo-110.png\" alt=\"\" width=\"147\" height=\"147\" srcset=\"https:\/\/semmelweis.hu\/mikrobiologia\/files\/2022\/04\/tdk-logo-110.png 110w, https:\/\/semmelweis.hu\/mikrobiologia\/files\/2022\/04\/tdk-logo-110-90x90.png 90w\" sizes=\"auto, (max-width: 147px) 100vw, 147px\" \/><span style=\"color: #000080\">mikrobiol\u00f3gia ir\u00e1nt \u00e9rdekl\u0151d\u0151 hallgat\u00f3kat<\/span><\/strong><span style=\"color: #000080\">.<\/span> Int\u00e9zet\u00fcnkben sz\u00e1mos el\u0151remutat\u00f3 kutat\u00e1si t\u00e9m\u00e1ban zajl\u00f3 munkafolyamatba van lehet\u0151s\u00e9g bekapcsol\u00f3dni. T\u00e9mavezet\u0151ink a kutat\u00f3i tev\u00e9kenys\u00e9g koordin\u00e1l\u00e1sa mellett az eredm\u00e9nyek interpret\u00e1l\u00e1s\u00e1ban (tudom\u00e1nyos cikkek, szakdolgozat \u00f6ssze\u00e1ll\u00edt\u00e1sa, r\u00e9szv\u00e9teli lehet\u0151s\u00e9g k\u00fcl\u00f6nb\u00f6z\u0151 tudom\u00e1nyos f\u00f3rumokon- TDK, OTDK) is seg\u00edtik hallgat\u00f3ik munk\u00e1j\u00e1t.<\/p>\n<div class=\"fontos_div\">\n<p style=\"text-align: justify\"><span style=\"font-size: 14pt\">Int\u00e9zet\u00fcnk TDK-felel\u0151se: <\/span><\/p>\n<p style=\"text-align: justify\"><span style=\"font-size: 14pt;color: #000080\"><strong>Dr. Kocsis B\u00e9la<\/strong><\/span><br \/>\n<span style=\"font-size: 14pt\"><a href=\"mailto:kocsis.bela@med.semmelweis-univ.hu\">kocsis.bela@med.semmelweis-univ.hu<\/a><\/span><\/p>\n<\/div>\n<p>A TDK-val kapcsolatban tov\u00e1bbi inform\u00e1ci\u00f3k <a href=\"https:\/\/semmelweis.hu\/tdk\/\" target=\"_blank\" rel=\"noopener\">a TDK saj\u00e1t honlapj\u00e1n<\/a> \u00e9rhet\u0151k el.<\/p>\n<p style=\"text-align: justify\">V\u00e1rjuk szeretettel a jelentkez\u0151ket!<\/p>\n","protected":false},"excerpt":{"rendered":"<p>Az Orvosi Mikrobiol\u00f3giai Int\u00e9zet szeretettel v\u00e1rja a mikrobiol\u00f3gia ir\u00e1nt \u00e9rdekl\u0151d\u0151 hallgat\u00f3kat. Int\u00e9zet\u00fcnkben sz\u00e1mos el\u0151remutat\u00f3 kutat\u00e1si t\u00e9m\u00e1ban zajl\u00f3 munkafolyamatba van lehet\u0151s\u00e9g bekapcsol\u00f3dni. T\u00e9mavezet\u0151ink a kutat\u00f3i tev\u00e9kenys\u00e9g koordin\u00e1l\u00e1sa mellett az eredm\u00e9nyek interpret\u00e1l\u00e1s\u00e1ban (tudom\u00e1nyos cikkek, szakdolgozat \u00f6ssze\u00e1ll\u00edt\u00e1sa, r\u00e9szv\u00e9teli lehet\u0151s\u00e9g k\u00fcl\u00f6nb\u00f6z\u0151 tudom\u00e1nyos f\u00f3rumokon- TDK, OTDK) is seg\u00edtik hallgat\u00f3ik munk\u00e1j\u00e1t. Int\u00e9zet\u00fcnk TDK-felel\u0151se: Dr. Kocsis B\u00e9la <a href=\"mailto:kocsis.bela@med.semmelweis-univ.hu\">kocsis.bela@med.semmelweis-univ.hu<\/a> A TDK-val kapcsolatban tov\u00e1bbi inform\u00e1ci\u00f3k &hellip;<\/p>\n","protected":false},"author":182,"featured_media":0,"parent":16,"menu_order":1,"comment_status":"closed","ping_status":"closed","template":"","meta":{"_acf_changed":false,"footnotes":""},"categories":[],"tags":[],"class_list":["post-1534","page","type-page","status-publish","hentry"],"acf":[],"_links":{"self":[{"href":"https:\/\/semmelweis.hu\/mikrobiologia\/wp-json\/wp\/v2\/pages\/1534","targetHints":{"allow":["GET"]}}],"collection":[{"href":"https:\/\/semmelweis.hu\/mikrobiologia\/wp-json\/wp\/v2\/pages"}],"about":[{"href":"https:\/\/semmelweis.hu\/mikrobiologia\/wp-json\/wp\/v2\/types\/page"}],"author":[{"embeddable":true,"href":"https:\/\/semmelweis.hu\/mikrobiologia\/wp-json\/wp\/v2\/users\/182"}],"replies":[{"embeddable":true,"href":"https:\/\/semmelweis.hu\/mikrobiologia\/wp-json\/wp\/v2\/comments?post=1534"}],"version-history":[{"count":10,"href":"https:\/\/semmelweis.hu\/mikrobiologia\/wp-json\/wp\/v2\/pages\/1534\/revisions"}],"predecessor-version":[{"id":3019,"href":"https:\/\/semmelweis.hu\/mikrobiologia\/wp-json\/wp\/v2\/pages\/1534\/revisions\/3019"}],"up":[{"embeddable":true,"href":"https:\/\/semmelweis.hu\/mikrobiologia\/wp-json\/wp\/v2\/pages\/16"}],"wp:attachment":[{"href":"https:\/\/semmelweis.hu\/mikrobiologia\/wp-json\/wp\/v2\/media?parent=1534"}],"wp:term":[{"taxonomy":"category","embeddable":true,"href":"https:\/\/semmelweis.hu\/mikrobiologia\/wp-json\/wp\/v2\/categories?post=1534"},{"taxonomy":"post_tag","embeddable":true,"href":"https:\/\/semmelweis.hu\/mikrobiologia\/wp-json\/wp\/v2\/tags?post=1534"}],"curies":[{"name":"wp","href":"https:\/\/api.w.org\/{rel}","templated":true}]}}