{"id":1457,"date":"2022-01-06T10:02:31","date_gmt":"2022-01-06T09:02:31","guid":{"rendered":"https:\/\/semmelweis.hu\/mikrobiologia\/?page_id=1457"},"modified":"2022-11-03T20:10:54","modified_gmt":"2022-11-03T19:10:54","slug":"demonstratori-palyazat","status":"publish","type":"page","link":"https:\/\/semmelweis.hu\/mikrobiologia\/oktatas\/demonstratori-palyazat\/","title":{"rendered":"Demonstr\u00e1tori p\u00e1ly\u00e1zat"},"content":{"rendered":"<p style=\"text-align: justify\"><a href=\"https:\/\/semmelweis.hu\/mikrobiologia\/files\/2022\/05\/RS148736_C19A0428-scaled.jpg\"><img loading=\"lazy\" decoding=\"async\" class=\"wp-image-1826  alignright\" src=\"https:\/\/semmelweis.hu\/mikrobiologia\/files\/2022\/05\/RS148736_C19A0428-1024x683.jpg\" alt=\"\" width=\"320\" height=\"213\" srcset=\"https:\/\/semmelweis.hu\/mikrobiologia\/files\/2022\/05\/RS148736_C19A0428-1024x683.jpg 1024w, https:\/\/semmelweis.hu\/mikrobiologia\/files\/2022\/05\/RS148736_C19A0428-300x200.jpg 300w, https:\/\/semmelweis.hu\/mikrobiologia\/files\/2022\/05\/RS148736_C19A0428-768x512.jpg 768w, https:\/\/semmelweis.hu\/mikrobiologia\/files\/2022\/05\/RS148736_C19A0428-450x300.jpg 450w, https:\/\/semmelweis.hu\/mikrobiologia\/files\/2022\/05\/RS148736_C19A0428-1536x1024.jpg 1536w, https:\/\/semmelweis.hu\/mikrobiologia\/files\/2022\/05\/RS148736_C19A0428-2048x1365.jpg 2048w\" sizes=\"auto, (max-width: 320px) 100vw, 320px\" \/><\/a><span style=\"font-size: 14pt\">Az Orvosi Mikrobiol\u00f3giai Int\u00e9zet szeretettel v\u00e1rja a demonstr\u00e1tori <span style=\"color: #000080\"><strong>oktat\u00e1si feladatok ir\u00e1nt<\/strong><\/span>\u00a0 \u00e9rdekl\u0151d\u0151, j\u00f3 vagy jeles szigorlati vizsgaeredm\u00e9nnyel rendelkez\u0151 hallgat\u00f3kat. Int\u00e9zet\u00fcnkben lehet\u0151s\u00e9g ny\u00edlik demonstr\u00e1tork\u00e9nt gyakorlatokon r\u00e9szt venni, a gyakorlatvezet\u0151 munk\u00e1j\u00e1t seg\u00edteni valamint ig\u00e9ny eset\u00e9n fel\u00fcgyelet melletti oktat\u00e1sra is van lehet\u0151s\u00e9g.<\/span><\/p>\n<p><span style=\"font-size: 14pt\">Tov\u00e1bbi inform\u00e1ci\u00f3k <a href=\"https:\/\/semmelweis.hu\/aok\/oktatas\/osztondij-palyazat\/\" target=\"_blank\" rel=\"noopener\">az \u00c1OK D\u00e9k\u00e1ni Hivatal\u00e1nak honlapj\u00e1n<\/a> \u00e9rhet\u0151ek el.<\/span><\/p>\n<div class=\"fontos_div\">\n<p style=\"text-align: left\"><span style=\"font-size: 14pt\">Int\u00e9zet\u00fcnk Demonstr\u00e1tor-koordin\u00e1tora:<\/span><\/p>\n<p style=\"text-align: left\"><span style=\"font-size: 14pt\"><span style=\"color: #000080\"><strong> Dr. Ghid\u00e1n \u00c1goston<\/strong><\/span>\u00a0 (<a href=\"mailto:ghidan.agoston@semmelweis.hu\">ghidan.agoston@semmelweis.hu<\/a>).<\/span><\/p>\n<\/div>\n<p>V\u00e1rjuk szeretettel a jelentkez\u0151ket!<\/p>\n","protected":false},"excerpt":{"rendered":"<p><a href=\"https:\/\/semmelweis.hu\/mikrobiologia\/files\/2022\/05\/RS148736_C19A0428-scaled.jpg\"><\/a> Az Orvosi Mikrobiol\u00f3giai Int\u00e9zet szeretettel v\u00e1rja a demonstr\u00e1tori oktat\u00e1si feladatok ir\u00e1nt\u00a0 \u00e9rdekl\u0151d\u0151, j\u00f3 vagy jeles szigorlati vizsgaeredm\u00e9nnyel rendelkez\u0151 hallgat\u00f3kat. Int\u00e9zet\u00fcnkben lehet\u0151s\u00e9g ny\u00edlik demonstr\u00e1tork\u00e9nt gyakorlatokon r\u00e9szt venni, a gyakorlatvezet\u0151 munk\u00e1j\u00e1t seg\u00edteni valamint ig\u00e9ny eset\u00e9n fel\u00fcgyelet melletti oktat\u00e1sra is van lehet\u0151s\u00e9g. Tov\u00e1bbi inform\u00e1ci\u00f3k <a href=\"https:\/\/semmelweis.hu\/aok\/oktatas\/osztondij-palyazat\/\" target=\"_blank\" rel=\"noopener\">az \u00c1OK D\u00e9k\u00e1ni Hivatal\u00e1nak honlapj\u00e1n<\/a> \u00e9rhet\u0151ek el. Int\u00e9zet\u00fcnk Demonstr\u00e1tor-koordin\u00e1tora: Dr. Ghid\u00e1n \u00c1goston\u00a0 ( <a href=\"mailto:ghidan.agoston@semmelweis.hu\">ghidan.agoston@semmelweis.hu<\/a> ). V\u00e1rjuk szeretettel a &hellip;<\/p>\n","protected":false},"author":182,"featured_media":0,"parent":11,"menu_order":2,"comment_status":"closed","ping_status":"closed","template":"","meta":{"_acf_changed":false,"footnotes":""},"categories":[],"tags":[],"class_list":["post-1457","page","type-page","status-publish","hentry"],"acf":[],"_links":{"self":[{"href":"https:\/\/semmelweis.hu\/mikrobiologia\/wp-json\/wp\/v2\/pages\/1457","targetHints":{"allow":["GET"]}}],"collection":[{"href":"https:\/\/semmelweis.hu\/mikrobiologia\/wp-json\/wp\/v2\/pages"}],"about":[{"href":"https:\/\/semmelweis.hu\/mikrobiologia\/wp-json\/wp\/v2\/types\/page"}],"author":[{"embeddable":true,"href":"https:\/\/semmelweis.hu\/mikrobiologia\/wp-json\/wp\/v2\/users\/182"}],"replies":[{"embeddable":true,"href":"https:\/\/semmelweis.hu\/mikrobiologia\/wp-json\/wp\/v2\/comments?post=1457"}],"version-history":[{"count":9,"href":"https:\/\/semmelweis.hu\/mikrobiologia\/wp-json\/wp\/v2\/pages\/1457\/revisions"}],"predecessor-version":[{"id":3018,"href":"https:\/\/semmelweis.hu\/mikrobiologia\/wp-json\/wp\/v2\/pages\/1457\/revisions\/3018"}],"up":[{"embeddable":true,"href":"https:\/\/semmelweis.hu\/mikrobiologia\/wp-json\/wp\/v2\/pages\/11"}],"wp:attachment":[{"href":"https:\/\/semmelweis.hu\/mikrobiologia\/wp-json\/wp\/v2\/media?parent=1457"}],"wp:term":[{"taxonomy":"category","embeddable":true,"href":"https:\/\/semmelweis.hu\/mikrobiologia\/wp-json\/wp\/v2\/categories?post=1457"},{"taxonomy":"post_tag","embeddable":true,"href":"https:\/\/semmelweis.hu\/mikrobiologia\/wp-json\/wp\/v2\/tags?post=1457"}],"curies":[{"name":"wp","href":"https:\/\/api.w.org\/{rel}","templated":true}]}}