{"id":91253,"date":"2022-09-27T13:36:46","date_gmt":"2022-09-27T11:36:46","guid":{"rendered":"https:\/\/semmelweis.hu\/mfi\/?page_id=91253"},"modified":"2026-02-04T13:21:31","modified_gmt":"2026-02-04T12:21:31","slug":"adatvedelem","status":"publish","type":"page","link":"https:\/\/semmelweis.hu\/mfi\/adatvedelem\/","title":{"rendered":"Adatv\u00e9delem"},"content":{"rendered":"<p><a href=\"https:\/\/semmelweis.hu\/mfi\/files\/2026\/02\/Adatkezelesi-nyilvantartas-MFI-212_4__KMFI_2026.xlsx\">Adatkezelesi-nyilvantartas-MFI-212_4__KMFI_2026<\/a><\/p>\n<p><a href=\"https:\/\/semmelweis.hu\/mfi\/files\/2026\/02\/212-4-adatkezelesi-tajekoztato.pdf\">212-4 &#8211; adatkezel\u00e9si t\u00e1j\u00e9koztat\u00f3<\/a><\/p>\n<p><a href=\"https:\/\/semmelweis.hu\/mfi\/files\/2026\/02\/erdekmerlegelesi-teszt.pdf\">\u00e9rdekm\u00e9rlegel\u00e9si teszt<\/a><\/p>\n<p><a href=\"https:\/\/semmelweis.hu\/mfi\/files\/2022\/09\/adatkezelesi-nyilvantartasok-felfektetese-alairt.pdf\" target=\"_blank\" rel=\"noopener\">Adatkezel\u00e9si nyilv\u00e1ntart\u00e1sok felfektet\u00e9se al\u00e1\u00edrt<\/a><\/p>\n","protected":false},"excerpt":{"rendered":"<p><a href=\"https:\/\/semmelweis.hu\/mfi\/files\/2026\/02\/Adatkezelesi-nyilvantartas-MFI-212_4__KMFI_2026.xlsx\">Adatkezelesi-nyilvantartas-MFI-212_4__KMFI_2026<\/a><br \/>\n<a href=\"https:\/\/semmelweis.hu\/mfi\/files\/2026\/02\/212-4-adatkezelesi-tajekoztato.pdf\">212-4 &#8211; adatkezel\u00e9si t\u00e1j\u00e9koztat\u00f3<\/a><br \/>\n<a href=\"https:\/\/semmelweis.hu\/mfi\/files\/2026\/02\/erdekmerlegelesi-teszt.pdf\">\u00e9rdekm\u00e9rlegel\u00e9si teszt<\/a><br \/>\n<a href=\"https:\/\/semmelweis.hu\/mfi\/files\/2022\/09\/adatkezelesi-nyilvantartasok-felfektetese-alairt.pdf\" target=\"_blank\" rel=\"noopener\">Adatkezel\u00e9si nyilv\u00e1ntart\u00e1sok felfektet\u00e9se al\u00e1\u00edrt<\/a><\/p>\n","protected":false},"author":286,"featured_media":0,"parent":0,"menu_order":0,"comment_status":"closed","ping_status":"closed","template":"","meta":{"_acf_changed":false,"footnotes":""},"categories":[],"tags":[],"class_list":["post-91253","page","type-page","status-publish","hentry"],"acf":[],"_links":{"self":[{"href":"https:\/\/semmelweis.hu\/mfi\/wp-json\/wp\/v2\/pages\/91253","targetHints":{"allow":["GET"]}}],"collection":[{"href":"https:\/\/semmelweis.hu\/mfi\/wp-json\/wp\/v2\/pages"}],"about":[{"href":"https:\/\/semmelweis.hu\/mfi\/wp-json\/wp\/v2\/types\/page"}],"author":[{"embeddable":true,"href":"https:\/\/semmelweis.hu\/mfi\/wp-json\/wp\/v2\/users\/286"}],"replies":[{"embeddable":true,"href":"https:\/\/semmelweis.hu\/mfi\/wp-json\/wp\/v2\/comments?post=91253"}],"version-history":[{"count":7,"href":"https:\/\/semmelweis.hu\/mfi\/wp-json\/wp\/v2\/pages\/91253\/revisions"}],"predecessor-version":[{"id":91840,"href":"https:\/\/semmelweis.hu\/mfi\/wp-json\/wp\/v2\/pages\/91253\/revisions\/91840"}],"wp:attachment":[{"href":"https:\/\/semmelweis.hu\/mfi\/wp-json\/wp\/v2\/media?parent=91253"}],"wp:term":[{"taxonomy":"category","embeddable":true,"href":"https:\/\/semmelweis.hu\/mfi\/wp-json\/wp\/v2\/categories?post=91253"},{"taxonomy":"post_tag","embeddable":true,"href":"https:\/\/semmelweis.hu\/mfi\/wp-json\/wp\/v2\/tags?post=91253"}],"curies":[{"name":"wp","href":"https:\/\/api.w.org\/{rel}","templated":true}]}}