{"id":49,"date":"2023-10-12T10:56:10","date_gmt":"2023-10-12T08:56:10","guid":{"rendered":"https:\/\/semmelweis.hu\/mentorprogram\/?page_id=49"},"modified":"2023-11-20T13:18:07","modified_gmt":"2023-11-20T12:18:07","slug":"kutatas","status":"publish","type":"page","link":"https:\/\/semmelweis.hu\/mentorprogram\/kutatas\/","title":{"rendered":"Kutat\u00e1s"},"content":{"rendered":"<p>Az aktu\u00e1lisan zajl\u00f3 kutat\u00e1sunk keret\u00e9ben longitudin\u00e1lis \u00e9s kontrollcsoportos vizsg\u00e1latot v\u00e9gz\u00fcnk. A vizsg\u00e1lat sor\u00e1n a Mentorprogram rezilienci\u00e1ra, \u00e9szlelt stresszre, j\u00f3l-l\u00e9tre, ki\u00e9g\u00e9sre, t\u00e1rsas t\u00e1mogat\u00e1sra \u00e9s tanulm\u00e1nyi motiv\u00e1ci\u00f3ra kifejtett hossz\u00fa t\u00e1v\u00fa hat\u00e1s\u00e1t t\u00e9rk\u00e9pezz\u00fck fel. Tov\u00e1bb\u00e1 ezen t\u00e9nyez\u0151k ment\u00e9n hasonl\u00edtjuk \u00f6ssze a programban r\u00e9szt vett \u00e9s nem r\u00e9sztvev\u0151 hallgat\u00f3kat, mentorokat \u00e9s mentor\u00e1ltakat egyar\u00e1nt. A n\u00e9gyf\u00e1zisos adatgy\u0171jt\u00e9s 2022 szeptember\u00e9ben kezd\u0151d\u00f6tt meg \u00e9s 2023 szeptemberig tartott. Jelenleg a publik\u00e1c\u00f3k el\u0151k\u00e9sz\u00edt\u00e9se \u00e9s a cikkek \u00edr\u00e1sa zajlik. Az SE RKEB enged\u00e9ly sz\u00e1ma: 37\/2022.<\/p>\n<p>A kutat\u00e1sainknak gyakorlati haszna van, az eredm\u00e9nyeket a program folyamatos fejleszt\u00e9s\u00e9re ford\u00edtjuk, ezzel az orvosk\u00e9pz\u00e9s \u00e9s a hallgat\u00f3i j\u00f3l-l\u00e9t sz\u00ednvonal\u00e1nak emel\u00e9se a c\u00e9lunk.<\/p>\n","protected":false},"excerpt":{"rendered":"<p>Az aktu\u00e1lisan zajl\u00f3 kutat\u00e1sunk keret\u00e9ben longitudin\u00e1lis \u00e9s kontrollcsoportos vizsg\u00e1latot v\u00e9gz\u00fcnk. A vizsg\u00e1lat sor\u00e1n a Mentorprogram rezilienci\u00e1ra, \u00e9szlelt stresszre, j\u00f3l-l\u00e9tre, ki\u00e9g\u00e9sre, t\u00e1rsas t\u00e1mogat\u00e1sra \u00e9s tanulm\u00e1nyi motiv\u00e1ci\u00f3ra kifejtett hossz\u00fa t\u00e1v\u00fa hat\u00e1s\u00e1t t\u00e9rk\u00e9pezz\u00fck fel. Tov\u00e1bb\u00e1 ezen t\u00e9nyez\u0151k ment\u00e9n hasonl\u00edtjuk \u00f6ssze a programban r\u00e9szt vett \u00e9s nem r\u00e9sztvev\u0151 hallgat\u00f3kat, mentorokat \u00e9s mentor\u00e1ltakat egyar\u00e1nt. A n\u00e9gyf\u00e1zisos adatgy\u0171jt\u00e9s 2022 szeptember\u00e9ben kezd\u0151d\u00f6tt &hellip;<\/p>\n","protected":false},"author":101724,"featured_media":0,"parent":0,"menu_order":3,"comment_status":"closed","ping_status":"closed","template":"","meta":{"_acf_changed":false,"footnotes":""},"categories":[],"tags":[],"class_list":["post-49","page","type-page","status-publish","hentry"],"acf":[],"_links":{"self":[{"href":"https:\/\/semmelweis.hu\/mentorprogram\/wp-json\/wp\/v2\/pages\/49","targetHints":{"allow":["GET"]}}],"collection":[{"href":"https:\/\/semmelweis.hu\/mentorprogram\/wp-json\/wp\/v2\/pages"}],"about":[{"href":"https:\/\/semmelweis.hu\/mentorprogram\/wp-json\/wp\/v2\/types\/page"}],"author":[{"embeddable":true,"href":"https:\/\/semmelweis.hu\/mentorprogram\/wp-json\/wp\/v2\/users\/101724"}],"replies":[{"embeddable":true,"href":"https:\/\/semmelweis.hu\/mentorprogram\/wp-json\/wp\/v2\/comments?post=49"}],"version-history":[{"count":1,"href":"https:\/\/semmelweis.hu\/mentorprogram\/wp-json\/wp\/v2\/pages\/49\/revisions"}],"predecessor-version":[{"id":50,"href":"https:\/\/semmelweis.hu\/mentorprogram\/wp-json\/wp\/v2\/pages\/49\/revisions\/50"}],"wp:attachment":[{"href":"https:\/\/semmelweis.hu\/mentorprogram\/wp-json\/wp\/v2\/media?parent=49"}],"wp:term":[{"taxonomy":"category","embeddable":true,"href":"https:\/\/semmelweis.hu\/mentorprogram\/wp-json\/wp\/v2\/categories?post=49"},{"taxonomy":"post_tag","embeddable":true,"href":"https:\/\/semmelweis.hu\/mentorprogram\/wp-json\/wp\/v2\/tags?post=49"}],"curies":[{"name":"wp","href":"https:\/\/api.w.org\/{rel}","templated":true}]}}