{"id":41,"date":"2023-10-12T10:37:19","date_gmt":"2023-10-12T08:37:19","guid":{"rendered":"https:\/\/semmelweis.hu\/mentorprogram\/?page_id=41"},"modified":"2023-11-20T13:19:08","modified_gmt":"2023-11-20T12:19:08","slug":"hallgatoi-visszajelzesek","status":"publish","type":"page","link":"https:\/\/semmelweis.hu\/mentorprogram\/a-programrol-2\/hallgatoi-visszajelzesek\/","title":{"rendered":"Hallgat\u00f3i visszajelz\u00e9sek"},"content":{"rendered":"<p><strong>Mentorokt\u00f3l:<\/strong><\/p>\n<p><i>\u201cA program sor\u00e1n \u00e9n az <\/i><b><i>emp\u00e1ti\u00e1mat fejlesztettem,<\/i><\/b><i> ezt szerintem k\u00e9s\u0151bb is <\/i><b><i>tudom majd kamatoztatni, hogyha majd az eg\u00e9szs\u00e9g\u00fcgyben dolgozom <\/i><\/b><i>(&#8230;) Szerintem ez \u00edgy az egyik legpozit\u00edvabb dolog az eg\u00e9szben.&#8221;<\/i><\/p>\n<p style=\"text-align: right\"><b><i>\u201cSzerintem amivel \u00e9n fejl\u0151dtem a mentorkod\u00e1s sor\u00e1n, az a m\u00e1sikra val\u00f3 odafigyel\u00e9s. Az, hogy \u00edgy t\u00e9nylegesen meghalljam azt, amit a m\u00e1sik mond<\/i><\/b><b>.\u201d<\/b><\/p>\n<p><b><i>\u201cSz\u00f3val, hogy szerintem ez a mentor kapcsolat<\/i><\/b> <b><i>olyan kapcsolat, ami b\u00e1rmilyen emberek k\u00f6z\u00f6tt kialakulhat, f\u00fcggetlen\u00fcl att\u00f3l, hogy kinek milyen a szem\u00e9lyis\u00e9ge. <\/i><\/b><i>(&#8230;) \u00edgy <\/i><b><i>egy nagyon j\u00f3 tapasztalat, miut\u00e1n rengeteg munkat\u00e1rsunk lesz, rengeteg emberrel fogunk dolgozni, ak\u00e1r p\u00e1ciensekkel. <\/i><\/b><i>Sz\u00f3val, hogy ezt \u00edgy <\/i><b><i>el kell rakni magunkban<\/i><\/b><i>, hogy igen, itt b\u00e1rkivel ki tudunk j\u00f6nni \u00e9s <\/i><b><i>b\u00e1rkinek tudunk lenni t\u00e1masza<\/i><\/b><i>. <\/i><b><i>Nyilv\u00e1n a m\u00e1sik f\u00e9l is kell hozz\u00e1, de meg tudjuk pr\u00f3b\u00e1lni minden egyes esetben \u00e9s nyitottak tudunk lenni mindenki fel\u00e9<\/i><\/b>.\u201d\u00a0<\/p>\n<p style=\"text-align: right\"><i>\u201c<\/i><b><i>Legnagyobb plusz egy\u00e9bk\u00e9nt, hogy \u00edgy tudtam neki seg\u00edteni,<\/i><\/b><i> \u00e9s ez adta a legt\u00f6bb pluszt az eg\u00e9sz programb\u00f3l, <\/i><b><i>hogy l\u00e1ttam, hogy amit mondok, annak nyoma van, vagy az gy\u00f6keret ereszt \u00e9s \u00e9p\u00fcl bel\u0151le a m\u00e1sik. Sz\u00f3val t\u00f6k j\u00f3 \u00e9rz\u00e9s volt.<\/i><\/b><i>\u201d<\/i><\/p>\n<p><i>\u201c<\/i><b><i>Sz\u00f3val nekem a program nagyon pozit\u00edv, meg szeretek seg\u00edteni. Nyilv\u00e1n az\u00e9rt v\u00e1lasztottam ilyen szakm\u00e1t is<\/i><\/b><i>, legyen sz\u00f3 b\u00e1rmilyen seg\u00edts\u00e9gr\u0151l: ment\u00e1lis, lelki, fizikai.\u201d<\/i>\u00a0<\/p>\n<p style=\"text-align: right\"><i>\u201d<\/i><b><i>Nekem picit az\u00e9rt g\u00f6rbe t\u00fckr\u00f6t is mutat a mentor\u00e1ltam. Hogy \u0151 bizonyos szitu\u00e1ci\u00f3kban, hogy viselkedik.<\/i><\/b><i> Sz\u00f3val, <\/i><b><i>r\u00e1d\u00f6bbenek, hogy \u00e9n is ugyan\u00edgy viselkedek ebben a szitu\u00e1ci\u00f3ban \u00e9s, hogy ez mennyire nem j\u00f3<\/i><\/b><i> (&#8230;)<\/i><b><i> \u00dagyhogy abszol\u00fat szerintem oda-vissza hasznos ez a mi kapcsolatunk<\/i><\/b><i>.\u201d<\/i><\/p>\n<p>&nbsp;<\/p>\n<p><strong>G\u00f3ly\u00e1kt\u00f3l:<\/strong><\/p>\n<p><i>\u201cA mentorom <\/i><b><i>nagyon kitart\u00f3 \u00e9s nagyon sokat tanulok t\u0151le,<\/i><\/b> <b><i>hogy valaki mennyire\u00a0 c\u00e9ltudatos meg kitart\u00f3 tud lenni (&#8230;) nagyon<\/i><\/b><i> \u00edgy<\/i><b><i> kedvelem is meg fel is n\u00e9zek r\u00e1<\/i><\/b>.<\/p>\n","protected":false},"excerpt":{"rendered":"<p>Mentorokt\u00f3l: \u201cA program sor\u00e1n \u00e9n az emp\u00e1ti\u00e1mat fejlesztettem, ezt szerintem k\u00e9s\u0151bb is tudom majd kamatoztatni, hogyha majd az eg\u00e9szs\u00e9g\u00fcgyben dolgozom (&#8230;) Szerintem ez \u00edgy az egyik legpozit\u00edvabb dolog az eg\u00e9szben.&#8221; \u201cSzerintem amivel \u00e9n fejl\u0151dtem a mentorkod\u00e1s sor\u00e1n, az a m\u00e1sikra val\u00f3 odafigyel\u00e9s. Az, hogy \u00edgy t\u00e9nylegesen meghalljam azt, amit a m\u00e1sik mond.\u201d \u201cSz\u00f3val, hogy szerintem &hellip;<\/p>\n","protected":false},"author":101724,"featured_media":0,"parent":117,"menu_order":3,"comment_status":"closed","ping_status":"closed","template":"","meta":{"_acf_changed":false,"footnotes":""},"categories":[],"tags":[],"class_list":["post-41","page","type-page","status-publish","hentry"],"acf":[],"_links":{"self":[{"href":"https:\/\/semmelweis.hu\/mentorprogram\/wp-json\/wp\/v2\/pages\/41","targetHints":{"allow":["GET"]}}],"collection":[{"href":"https:\/\/semmelweis.hu\/mentorprogram\/wp-json\/wp\/v2\/pages"}],"about":[{"href":"https:\/\/semmelweis.hu\/mentorprogram\/wp-json\/wp\/v2\/types\/page"}],"author":[{"embeddable":true,"href":"https:\/\/semmelweis.hu\/mentorprogram\/wp-json\/wp\/v2\/users\/101724"}],"replies":[{"embeddable":true,"href":"https:\/\/semmelweis.hu\/mentorprogram\/wp-json\/wp\/v2\/comments?post=41"}],"version-history":[{"count":1,"href":"https:\/\/semmelweis.hu\/mentorprogram\/wp-json\/wp\/v2\/pages\/41\/revisions"}],"predecessor-version":[{"id":42,"href":"https:\/\/semmelweis.hu\/mentorprogram\/wp-json\/wp\/v2\/pages\/41\/revisions\/42"}],"up":[{"embeddable":true,"href":"https:\/\/semmelweis.hu\/mentorprogram\/wp-json\/wp\/v2\/pages\/117"}],"wp:attachment":[{"href":"https:\/\/semmelweis.hu\/mentorprogram\/wp-json\/wp\/v2\/media?parent=41"}],"wp:term":[{"taxonomy":"category","embeddable":true,"href":"https:\/\/semmelweis.hu\/mentorprogram\/wp-json\/wp\/v2\/categories?post=41"},{"taxonomy":"post_tag","embeddable":true,"href":"https:\/\/semmelweis.hu\/mentorprogram\/wp-json\/wp\/v2\/tags?post=41"}],"curies":[{"name":"wp","href":"https:\/\/api.w.org\/{rel}","templated":true}]}}