{"id":30,"date":"2023-10-11T16:44:40","date_gmt":"2023-10-11T14:44:40","guid":{"rendered":"https:\/\/semmelweis.hu\/mentorprogram\/?page_id=30"},"modified":"2025-11-23T19:49:30","modified_gmt":"2025-11-23T18:49:30","slug":"munkatarsak","status":"publish","type":"page","link":"https:\/\/semmelweis.hu\/mentorprogram\/a-programrol-2\/munkatarsak\/","title":{"rendered":"Munkat\u00e1rsak"},"content":{"rendered":"<div class=\"exp-col-content-holder\"><a class=\"expand-cnt-link\" href=\"#\"><b>Koll\u00e1r Krist\u00f3f\u00a0<\/b> &#8211; operat\u00edv vezet\u0151<\/a><\/p>\n<div class=\"hidden-content\">\n<div>\u00e1ltal\u00e1nos orvos, pszichi\u00e1ter rezidens<\/div>\n<p>kollar.kristof@semmelweis.hu<\/p>\n<p><i><img loading=\"lazy\" decoding=\"async\" class=\"alignleft wp-image-579\" src=\"https:\/\/semmelweis.hu\/mentorprogram\/files\/2025\/11\/kollar_k-400x400.png\" alt=\"\" width=\"253\" height=\"253\" srcset=\"https:\/\/semmelweis.hu\/mentorprogram\/files\/2025\/11\/kollar_k-400x400.png 400w, https:\/\/semmelweis.hu\/mentorprogram\/files\/2025\/11\/kollar_k-1024x1024.png 1024w, https:\/\/semmelweis.hu\/mentorprogram\/files\/2025\/11\/kollar_k-150x150.png 150w, https:\/\/semmelweis.hu\/mentorprogram\/files\/2025\/11\/kollar_k-768x768.png 768w, https:\/\/semmelweis.hu\/mentorprogram\/files\/2025\/11\/kollar_k-753x753.png 753w, https:\/\/semmelweis.hu\/mentorprogram\/files\/2025\/11\/kollar_k.png 1080w\" sizes=\"auto, (max-width: 253px) 100vw, 253px\" \/>2019-ben m\u00e9g mentor\u00e1ltk\u00e9nt csatlakoztam a programhoz, majd amint lehetett mentork\u00e9nt is bekapcsol\u00f3dtam a munk\u00e1ba. Mindig \u00f6r\u00f6m \u00e9s megtiszteltet\u00e9s volt v\u00e9gigk\u00eds\u00e9rni egy-egy g\u00f3ly\u00e1t az egyetemi \u00e9veinek kezdet\u00e9n, vagy azon t\u00fal is. Az inspir\u00e1ci\u00f3, amit a mentor\u00e1l\u00e1sban \u00e1t\u00e9ltem \u00f6szt\u00f6nz\u00f6tt arra, hogy 2023-t\u00f3l bekapcsol\u00f3djak a program szervez\u00e9s\u00e9be \u00e9s seg\u00edthessem a munk\u00e1t, hogy \u00e9vr\u0151l \u00e9vre egyre t\u00f6bbet tudjunk adni a g\u00f3ly\u00e1knak \u00e9s a mentoroknak egyar\u00e1nt. Ekkor m\u00e9g hallgat\u00f3i referensk\u00e9nt, k\u00e9s\u0151bb kommunik\u00e1ci\u00f3s- \u00e9s logisztikai koordin\u00e1tork\u00e9nt, az idei \u00e9vt\u0151l kezdve a program operat\u00edv vezet\u0151jek\u00e9nt dolgozom. Emellett a program oktat\u00e1s\u00e1ban is r\u00e9szt veszek: k\u00e9pz\u00e9seket, szuperv\u00edzi\u00f3kat, workshopokat \u00e9s g\u00f3lyacsoportokat tartok \u00c1OK-on \u00e9s GYTK-n, alkalmank\u00e9nt a nemzetk\u00f6zi programban is.<\/i><\/p>\n<p><i>Nagyon b\u00fcszke vagyok arra, hogy egy olyan program \u00e9l\u00e9n dolgozom koll\u00e9g\u00e1immal, mely \u00e9vr\u0151l \u00e9vre orvostanhallgat\u00f3k sz\u00e1zainak seg\u00edt beilleszked\u00e9s\u00fckben, k\u00e9szs\u00e9gfejleszt\u00e9s\u00fckben \u00e9s ment\u00e1lis eg\u00e9szs\u00e9g\u00fck meg\u0151rz\u00e9s\u00e9ben. Mindezt egy olyan csapattal m\u00f6g\u00f6ttem, akik egyt\u0151l egyig fantasztikus emberek, kiemelked\u0151 egy\u00e9nis\u00e9gek \u00e9s b\u00e1rmikor t\u00e1maszkodhatok r\u00e1juk. Nagyon h\u00e1l\u00e1s vagyok nekik \u00e9s mindazoknak, akikt\u0151l oly sokat tanultam az elm\u00falt \u00e9vekben a program keretein bel\u00fcl.<\/i><\/p>\n<\/div>\n<\/div>\n<div class=\"exp-col-content-holder\"><a class=\"expand-cnt-link\" href=\"#\"><b>Gy\u0151rffy Zsuzsa<\/b>\u00a0&#8211; szakmai f\u0151tan\u00e1csad\u00f3<\/a><\/p>\n<div class=\"hidden-content\">\n<div>egyetemi docens, az Orvosi szociol\u00f3gia \u00e9s a Digit\u00e1lis eg\u00e9szs\u00e9g munkacsoport vezet\u0151je. PhD fokozat\u00e1t pszichol\u00f3gi\u00e1b\u00f3l, habilit\u00e1ci\u00f3j\u00e1t eg\u00e9szs\u00e9gtudom\u00e1nyokb\u00f3l szerezte.<\/div>\n<div>gyorffy.zsuzsanna@med.semmelweis-univ.hu; gyorffy.zsuzsa.mail[kukac]gmail.com<\/div>\n<div>\u00a0<\/div>\n<p><i>Els\u0151\u00e9veseket tan\u00edtva \u00e9vek \u00f3ta foglalkoztat, hogy hogyan lehet hat\u00e9konyan seg\u00edteni az els\u0151 hetek, h\u00f3napok \u201e\u00e1t\u00e1ll\u00e1s\u00e1t\u201d a hallgat\u00f3k sz\u00e1m\u00e1ra. Ez\u00e9rt nem is volt sz\u00e1momra k\u00e9rd\u00e9s, hogy bekapcsol\u00f3djak a Mentorprogram munk\u00e1j\u00e1ba, m\u00e1r a kezdeti l\u00e9p\u00e9sek megt\u00e9tel\u00e9t\u0151l. K\u00fcl\u00f6n\u00f6sen j\u00f3 \u00e9rz\u00e9s, hogy kor\u00e1bbi hallgat\u00f3immal dolgozhatok egy\u00fctt a programban &#8211; ez nagyon fontos visszajelz\u00e9s sz\u00e1momra.<\/i><\/p>\n<p><i>A programban szakmai tan\u00e1csad\u00f3k\u00e9nt igyekszem mind az oktat\u00e1si, szuperv\u00edzi\u00f3s, mind a szervez\u00e9si, adminisztr\u00e1ci\u00f3s munk\u00e1kat menedzselni, koordin\u00e1lva a szervez\u0151csapat munk\u00e1j\u00e1t. R\u00e9szt veszek a tananyagfejleszt\u00e9sben, a k\u00e9pz\u00e9sek\/szuperv\u00edzi\u00f3k m\u00f3dszertan\u00e1nak kidolgoz\u00e1s\u00e1ban. Ezen fel\u00fcl speci\u00e1lis k\u00e9pz\u00e9sekkel (ki\u00e9g\u00e9smegel\u0151z\u00e9s) seg\u00edtem a mentorok munk\u00e1j\u00e1t \u00e9s igyekszem folyamatosan a program tov\u00e1bbi fejleszt\u00e9s\u00e9t el\u0151k\u00e9sz\u00edteni<\/i>.<\/p>\n<\/div>\n<\/div>\n<div class=\"exp-col-content-holder\"><a class=\"expand-cnt-link\" href=\"#\"><b>Purebl Gy\u00f6rgy<\/b>\u00a0&#8211; szakmai tan\u00e1csad\u00f3<\/a><\/p>\n<div class=\"hidden-content\">\n<div>pszichi\u00e1ter, pszichoterapeuta, int\u00e9zetigazgat\u00f3<\/div>\n<div>\u00a0<\/div>\n<div><em><img loading=\"lazy\" decoding=\"async\" class=\"alignleft wp-image-496\" src=\"https:\/\/semmelweis.hu\/mentorprogram\/files\/2025\/09\/1-400x400.png\" alt=\"\" width=\"253\" height=\"253\" srcset=\"https:\/\/semmelweis.hu\/mentorprogram\/files\/2025\/09\/1-400x400.png 400w, https:\/\/semmelweis.hu\/mentorprogram\/files\/2025\/09\/1-1024x1024.png 1024w, https:\/\/semmelweis.hu\/mentorprogram\/files\/2025\/09\/1-150x150.png 150w, https:\/\/semmelweis.hu\/mentorprogram\/files\/2025\/09\/1-768x768.png 768w, https:\/\/semmelweis.hu\/mentorprogram\/files\/2025\/09\/1-753x753.png 753w, https:\/\/semmelweis.hu\/mentorprogram\/files\/2025\/09\/1.png 1080w\" sizes=\"auto, (max-width: 253px) 100vw, 253px\" \/>Nagyon fontosnak tartom a Mentorprogramot a Magatart\u00e1studom\u00e1nyi Int\u00e9zet tev\u00e9kenys\u00e9gei k\u00f6z\u00f6tt, a hallgat\u00f3i j\u00f3l-l\u00e9t portf\u00f3li\u00f3nkban ez a Hallgat\u00f3i Pszichol\u00f3giai Konzult\u00e1ci\u00f3s Szolg\u00e1lat melletti legfontosabb elem. A Semmelweis Egyetem k\u00f6z\u00f6ss\u00e9g\u00e9ben \u00f3ri\u00e1si t\u00e1mogat\u00f3 er\u0151 van, a hallgat\u00f3kban pedig rengeteg a seg\u00edteni akar\u00e1s (legt\u00f6bben tal\u00e1n emiatt j\u00f6ttek orvosi egyetemre). Mindez az egyik leghasznosabb m\u00f3don a Mentorprogramban tal\u00e1l utat &#8211; hasonl\u00f3 ez, mint egy \u00f6r\u00f6kmozg\u00f3: a mentor\u00e1lt hallgat\u00f3k k\u00f6z\u00fcl sokan maguk is mentorok lesznek fels\u0151bb \u00e9vesen, a t\u00e1mogat\u00e1s mellett tov\u00e1bbadj\u00e1k a motiv\u00e1ci\u00f3t \u00e9s a seg\u00edteni akar\u00e1st is a \u00fajonnan \u00e9rkez\u0151knek.<\/em><\/div>\n<div><em><em><em>A programban a pszich\u00e9s t\u00e1mogat\u00e1s k\u00f6nnyen \u00e9s gyorsan alkalmazhat\u00f3 m\u00f3dszereir\u0151l, valamint a figyelmet ig\u00e9nyl\u0151 pszichol\u00f3giai t\u00fcnetek felismer\u00e9se t\u00e9m\u00e1kban tartok minden tan\u00e9vben k\u00e9pz\u00e9st, ezen fel\u00fcl szuperv\u00edzi\u00f3s csoportot tartok a mentoroknak, valamint biztos\u00edtom a szakmai h\u00e1tt\u00e9r h\u00e1tteret a Magatart\u00e1studom\u00e1nyi Int\u00e9zet r\u00e9sz\u00e9r\u0151l.<\/em><\/em><\/em><\/div>\n<\/div>\n<\/div>\n<div class=\"exp-col-content-holder\"><a class=\"expand-cnt-link\" href=\"#\"><strong>V\u00e9gh Andr\u00e1s<\/strong>\u00a0&#8211; programalap\u00edt\u00f3<\/a><\/p>\n<div class=\"hidden-content\">\n<div>szem\u00e9sz klinikai szakorvos<\/div>\n<p>vegh.andras@semmelweis.hu<\/p>\n<p><i><img loading=\"lazy\" decoding=\"async\" class=\"alignleft wp-image-494\" src=\"https:\/\/semmelweis.hu\/mentorprogram\/files\/2025\/09\/3-400x400.png\" alt=\"\" width=\"253\" height=\"253\" srcset=\"https:\/\/semmelweis.hu\/mentorprogram\/files\/2025\/09\/3-400x400.png 400w, https:\/\/semmelweis.hu\/mentorprogram\/files\/2025\/09\/3-1024x1024.png 1024w, https:\/\/semmelweis.hu\/mentorprogram\/files\/2025\/09\/3-150x150.png 150w, https:\/\/semmelweis.hu\/mentorprogram\/files\/2025\/09\/3-768x768.png 768w, https:\/\/semmelweis.hu\/mentorprogram\/files\/2025\/09\/3-753x753.png 753w, https:\/\/semmelweis.hu\/mentorprogram\/files\/2025\/09\/3.png 1080w\" sizes=\"auto, (max-width: 253px) 100vw, 253px\" \/>A Mentorprogramot a 2018\/19-es tan\u00e9v \u0151sz\u00e9n szerveztem meg a Budapesti Orvostanhallgat\u00f3k Egyes\u00fclet\u00e9nek (BOE) keretein bel\u00fcl hatod\u00e9ves orvostanhallgat\u00f3 koromban. Harmed\u00e9ves koromt\u00f3l demonstr\u00e1tor gyakorlatvezet\u0151k\u00e9nt oktattam anat\u00f3mi\u00e1t, sz\u00f6vettant, biok\u00e9mi\u00e1t \u00e9s molekul\u00e1ris biol\u00f3gi\u00e1t els\u0151- \u00e9s m\u00e1sod\u00e9ves hallgat\u00f3knak. Oktat\u00f3i munk\u00e1m sor\u00e1n rengeteg tapasztalatot szereztem mind szakmailag, mind emberk\u00e9nt; kev\u00e9s dologb\u00f3l tanultam annyit, mint ebb\u0151l a tev\u00e9kenys\u00e9gb\u0151l. V\u00e9lem\u00e9nyem szerint egy j\u00f3 oktat\u00f3 nem kiz\u00e1r\u00f3lag tan\u00edtja a hallgat\u00f3kat, hanem mentor\u00e1lja is \u0151ket. Ennek f\u00e9ny\u00e9ben igyekeztem v\u00e9gezni a munk\u00e1mat \u00e9s ez a gondolat inspir\u00e1lt arra, hogy neki\u00e1lljak a Program megval\u00f3s\u00edt\u00e1s\u00e1nak \u00c1rva Dorottya el\u0151z\u0151 \u00e9vi \u00f6tlet\u00e9nek ment\u00e9n.<\/i><\/p>\n<p><i>Mindennapjaimban az Egyetem Szem\u00e9szeti Klinik\u00e1j\u00e1nak szakorvosa vagyok, ahol a gy\u00f3gy\u00edt\u00e1s mellett az oktat\u00e1sban \u00e9s az \u00f6r\u00f6kl\u0151d\u0151 idegh\u00e1rtya disztr\u00f3fi\u00e1kkal kapcsolatos kutat\u00e1sban veszek r\u00e9szt. Gyakorl\u00f3 orvosi p\u00e1ly\u00e1m mellett mindenk\u00e9pp szerettem volna folytatni a Mentorprogram szervez\u00e9s\u00e9t, amelyet imm\u00e1ron a Magatart\u00e1studom\u00e1nyi Int\u00e9zet \u00e1ltal biztos\u00edtott h\u00e1tt\u00e9r seg\u00edts\u00e9g\u00e9vel v\u00e9gzek. Mindemellett a Szaknyelvi Int\u00e9zet tudom\u00e1nyos szakmai konzulense vagyok \u00e9s munk\u00e1mmal seg\u00edtem fejleszteni a medikusok oktat\u00e1s\u00e1val \u00e9s az orvosi nyelvhaszn\u00e1latot vizsg\u00e1l\u00f3 kutat\u00e1sokkal kapcsolatos szakmai anyagokat.<\/i><\/p>\n<\/div>\n<\/div>\n<div class=\"exp-col-content-holder\"><a class=\"expand-cnt-link\" href=\"#\"><b>\u00c1rva Dorottya\u00a0<\/b> &#8211; oktat\u00e1sszervez\u00e9si koordin\u00e1tor<\/a><\/p>\n<div class=\"hidden-content\">\n<div>\u00e1ltal\u00e1nos orvos, megel\u0151z\u0151 orvostan \u00e9s n\u00e9peg\u00e9szs\u00e9gtan szakorvosjel\u00f6lt, PhD hallgat\u00f3<\/div>\n<p>arva.dorottya@semmelweis.hu<\/p>\n<p><i>2017-ben, hatod\u00e9ves koromban a szigorlatokra k\u00e9sz\u00fclve \u00f6tl\u00f6tt fel bennem az az \u00f6tlet, hogy milyen j\u00f3 lenne az egyetemmel kapcsolatos tapasztalatokat hasznos\u00edtani \u00fagy, hogy azzal a frissen kezd\u0151 orvostanhallgat\u00f3kat tudjuk t\u00e1mogatni. Az \u00f6tlettel Gy\u0151rffy Zsuzs\u00e1t kerestem fel, mert tudtam, hogy kutat\u00e1si ter\u00fcletk\u00e9nt \u0151 foglalkozik az orvostanhallgat\u00f3k j\u00f3l-l\u00e9t\u00e9vel a Magatart\u00e1studom\u00e1nyi Int\u00e9zetb\u0151l. A kezdeti l\u00e9p\u00e9sek ut\u00e1n nagy \u00f6r\u00f6mmel tapasztaltam, hogy V\u00e9gh Andr\u00e1snak siker\u00fclt a gyakorlatban is elind\u00edtania a programot \u00e9s a kezdetekt\u0151l nagy \u00f6r\u00f6mmel veszek r\u00e9szt benne. Kutat\u00e1si t\u00e9m\u00e1m az eg\u00e9szs\u00e9gfejleszt\u00e9s, \u00e9s azt gondolom, hogy ez a program ilyen szempontb\u00f3l is fontos. <\/i><\/p>\n<p><i>K\u00e9pz\u00e9seket \u00e9s szuperv\u00edzi\u00f3kat tartok \u00e9s szervezek a programban, illetve ezek koncepci\u00f3j\u00e1nak fejleszt\u00e9s\u00e9ben is r\u00e9szt veszek. Ezen fel\u00fcl a k\u00f6z\u00f6ss\u00e9g\u00e9p\u00edt\u0151 programok szervez\u00e9s\u00e9vel \u00e9s a honlap szerkeszt\u00e9s\u00e9vel, a szervez\u0151i csapat menedzsmentj\u00e9vel foglalkozom.<\/i><\/p>\n<\/div>\n<\/div>\n<div class=\"exp-col-content-holder\"><a class=\"expand-cnt-link\" href=\"#\"><b>Sus\u00e1nszky Anna\u00a0<\/b> &#8211; megb\u00edzott oktat\u00f3<\/a><\/p>\n<div class=\"hidden-content\">\u00a0<\/div>\n<\/div>\n<div class=\"exp-col-content-holder\"><a class=\"expand-cnt-link\" href=\"#\"><b>Krist\u00f3f Gerg\u0151<\/b>\u00a0&#8211; megb\u00edzott oktat\u00f3<\/a><\/p>\n<div class=\"hidden-content\">\n<div>\u00e1ltal\u00e1nos orvos<\/div>\n<p>capreolus07@gmail.com<\/p>\n<p><i><img loading=\"lazy\" decoding=\"async\" class=\"alignleft wp-image-493\" src=\"https:\/\/semmelweis.hu\/mentorprogram\/files\/2025\/09\/4-400x400.png\" alt=\"\" width=\"253\" height=\"253\" srcset=\"https:\/\/semmelweis.hu\/mentorprogram\/files\/2025\/09\/4-400x400.png 400w, https:\/\/semmelweis.hu\/mentorprogram\/files\/2025\/09\/4-1024x1024.png 1024w, https:\/\/semmelweis.hu\/mentorprogram\/files\/2025\/09\/4-150x150.png 150w, https:\/\/semmelweis.hu\/mentorprogram\/files\/2025\/09\/4-768x768.png 768w, https:\/\/semmelweis.hu\/mentorprogram\/files\/2025\/09\/4-753x753.png 753w, https:\/\/semmelweis.hu\/mentorprogram\/files\/2025\/09\/4.png 1080w\" sizes=\"auto, (max-width: 253px) 100vw, 253px\" \/>Hallgat\u00f3k\u00e9nt k\u00e9t \u00e9vig mentorkodtam a programban, szervez\u0151k\u00e9nt pedig a diploma megszerz\u00e9se &#8211; 2021. \u0151sze &#8211; \u00f3ta seg\u00edtem a csapatot. \u00c1ltal\u00e1nos orvosk\u00e9nt sok helyen dolgoztam m\u00e1r, de az egyetlen, amit igaz\u00e1n szerettem, az az \u00c1OK mentorprogram volt, abszol\u00fat hi\u00e1nyp\u00f3tl\u00f3nak \u00e9rzem a jelenl\u00e9t\u00e9t az egyetemen. Megnyugtat\u00f3 \u00e9rz\u00e9s l\u00e1tni, hogy az egyre ink\u00e1bb csapatmunk\u00e1t ig\u00e9nyl\u0151 eg\u00e9szs\u00e9g\u00fcgyi vil\u00e1gban igazi kollegi\u00e1lis teamk\u00e9nt dolgozhatunk a mentorokkal, szakmai tan\u00e1csad\u00f3kkal egy\u00fctt, egyfajta primer prevenci\u00f3k\u00e9nt a mindenkit fenyeget\u0151 ki\u00e9g\u00e9s ellen\u00e9ben. Az orvosi munka mellett elektronikus zen\u00e9vel foglalkozom, \u00e9s nagyon szeretek k\u00e1v\u00e9t f\u0151zni.<\/i><\/p>\n<\/div>\n<\/div>\n<div class=\"exp-col-content-holder\"><a class=\"expand-cnt-link\" href=\"#\"><b>Samu Zs\u00f3fia\u00a0<\/b> &#8211; megb\u00edzott oktat\u00f3<\/a><\/p>\n<div class=\"hidden-content\">\n<div>\u00e1ltal\u00e1nos orvos, klinikai orvos (SE Rehabilit\u00e1ci\u00f3s Klinika)<\/div>\n<p>samu.zsofia@semmelweis.hu<\/p>\n<p><i><img loading=\"lazy\" decoding=\"async\" class=\"alignleft wp-image-491\" src=\"https:\/\/semmelweis.hu\/mentorprogram\/files\/2025\/09\/6-400x400.png\" alt=\"\" width=\"253\" height=\"253\" srcset=\"https:\/\/semmelweis.hu\/mentorprogram\/files\/2025\/09\/6-400x400.png 400w, https:\/\/semmelweis.hu\/mentorprogram\/files\/2025\/09\/6-1024x1024.png 1024w, https:\/\/semmelweis.hu\/mentorprogram\/files\/2025\/09\/6-150x150.png 150w, https:\/\/semmelweis.hu\/mentorprogram\/files\/2025\/09\/6-768x768.png 768w, https:\/\/semmelweis.hu\/mentorprogram\/files\/2025\/09\/6-753x753.png 753w, https:\/\/semmelweis.hu\/mentorprogram\/files\/2025\/09\/6.png 1080w\" sizes=\"auto, (max-width: 253px) 100vw, 253px\" \/>A Mentorprogrammal el\u0151sz\u00f6r 2019-ben tal\u00e1lkoztam, ekkor frissen felvett hallgat\u00f3k\u00e9nt jelentkeztem mentor\u00e1ltnak. Az els\u0151 egyetemi \u00e9vem sor\u00e1n nagyon sok seg\u00edts\u00e9get kaptam a mentoromt\u00f3l, \u00e9s ez mindig \u00f6szt\u00f6nz\u00f6tt, hogy mentork\u00e9nt csatlakozzak a k\u00e9s\u0151bbiekben. Harmad\u00e9vt\u0151l kezdve minden egyetemi \u00e9vben mentor voltam, \u00e9s nagyon sokat jelent, hogy t\u00e1mogattam, \u00e9s seg\u00edthettem a hallgat\u00f3t\u00e1rsaimat. Gy\u0151rffy Zsuzsa, J\u00e1mbor M\u00e1rk \u00e9s a csapat t\u00f6bbi tagj\u00e1nak seg\u00edts\u00e9g\u00e9vel k\u00e9sz\u00edtettem el a szakdolgozatomat, melynek k\u00f6zponti t\u00e9m\u00e1ja a Mentorprogramban mentori munk\u00e1t v\u00e9gz\u0151 orvostanhallgat\u00f3k rezilienci\u00e1ja, \u00e9s a ki\u00e9g\u00e9s jelens\u00e9ge a vizsg\u00e1lt hallgat\u00f3k k\u00f6r\u00e9ben. \u00dagy v\u00e9lem a kort\u00e1rs seg\u00edt\u00e9s az egyik leghat\u00e9konyabb m\u00f3dja a t\u00e1rsas t\u00e1mogat\u00e1s kialak\u00edt\u00e1s\u00e1nak az egyetemen, emiatt tartom nagy \u00e9rt\u00e9knek a mentorok munk\u00e1j\u00e1t, \u00e9s a Program k\u00f6z\u00f6ss\u00e9gteremt\u0151 erej\u00e9t. <\/i><\/p>\n<p><i>A 2025\/26-os tan\u00e9v szeptember\u00e9t\u0151l a Rehabilit\u00e1ci\u00f3s Klinika munkat\u00e1rsak\u00e9nt kezdem meg orvosi p\u00e1ly\u00e1mat, emellett a kor\u00e1bbi \u00e9vek j\u00f3 tapasztalatai miatt a Mentorprogramhoz csatlakozva, szuperv\u00edzi\u00f3k tart\u00e1s\u00e1ban, valamint a mentorokkal, g\u00f3ly\u00e1kkal val\u00f3 kapcsolattart\u00e1ssal j\u00e1rulok hozz\u00e1 a Program m\u0171k\u00f6d\u00e9s\u00e9hez. <\/i><\/p>\n<\/div>\n<\/div>\n<div class=\"exp-col-content-holder\"><a class=\"expand-cnt-link\" href=\"#\"><b>Kiss B\u00e1lint Adri\u00e1n\u00a0<\/b> &#8211; megb\u00edzott oktat\u00f3<\/a><\/p>\n<div class=\"hidden-content\">\n<div>\u00e1ltal\u00e1nos orvos, belgy\u00f3gy\u00e1sz rezidens<\/div>\n<p>kiss.b.adrian@gmail.com<\/p>\n<p><i><em><img loading=\"lazy\" decoding=\"async\" class=\"alignleft wp-image-490\" src=\"https:\/\/semmelweis.hu\/mentorprogram\/files\/2025\/09\/7-400x400.png\" alt=\"\" width=\"253\" height=\"253\" srcset=\"https:\/\/semmelweis.hu\/mentorprogram\/files\/2025\/09\/7-400x400.png 400w, https:\/\/semmelweis.hu\/mentorprogram\/files\/2025\/09\/7-1024x1024.png 1024w, https:\/\/semmelweis.hu\/mentorprogram\/files\/2025\/09\/7-150x150.png 150w, https:\/\/semmelweis.hu\/mentorprogram\/files\/2025\/09\/7-768x768.png 768w, https:\/\/semmelweis.hu\/mentorprogram\/files\/2025\/09\/7-753x753.png 753w, https:\/\/semmelweis.hu\/mentorprogram\/files\/2025\/09\/7.png 1080w\" sizes=\"auto, (max-width: 253px) 100vw, 253px\" \/><\/em>Az egyetemi \u00e9vek sor\u00e1n mindig fontosnak tartottam, hogy seg\u00edtsem a k\u00f6r\u00fcl\u00f6ttem l\u00e9v\u0151ket, legyen sz\u00f3 ak\u00e1r tanul\u00e1sr\u00f3l, eligazod\u00e1sr\u00f3l vagy csak p\u00e1r b\u00e1tor\u00edt\u00f3 sz\u00f3r\u00f3l. Negyed\u00e9ves koromt\u00f3l a mentorprogram keret\u00e9ben is folytattam ezt a tev\u00e9kenys\u00e9get, \u00e9s megtapasztaltam, mennyire inspir\u00e1l\u00f3 m\u00e1sok fejl\u0151d\u00e9s\u00e9nek r\u00e9szese lenni. \u00d6r\u00f6mmel t\u00f6lt el, ha hozz\u00e1j\u00e1rulhatok ahhoz, hogy valaki magabiztosabb\u00e1 v\u00e1ljon, el\u00e9rje a c\u00e9ljait, vagy egyszer\u0171en jobban \u00e9rezze mag\u00e1t az egyetemi k\u00f6zegben. Hiszek abban, hogy minden apr\u00f3 t\u00e1mogat\u00e1s sz\u00e1m\u00edt, \u00e9s egy\u00fctt k\u00f6nnyebb megtal\u00e1lni a megold\u00e1sokat. <\/i><\/p>\n<\/div>\n<\/div>\n<div class=\"exp-col-content-holder\"><a class=\"expand-cnt-link\" href=\"#\"><b>J\u00e1mbor M\u00e1rk\u00a0<\/b> &#8211; kutat\u00e1si munkat\u00e1rs<\/a><\/p>\n<div class=\"hidden-content\">\n<div>\u00e1ltal\u00e1nos orvos<\/div>\n<p>j.mark@windowslive.com<\/p>\n<p><i>A mentorprogramhoz a legels\u0151 \u00e9vben, 2018-ban csatlakoztam mentork\u00e9nt. Nagyon tetszett az \u00f6tlet, \u00e9s nagyon nagy tov\u00e1bbi potenci\u00e1lt l\u00e1ttam benne. Ez\u00e9rt megkerestem Andr\u00e1st a b\u0151v\u00edt\u00e9s \u00f6tlet\u00e9vel, \u00e9s innent\u0151l kezdve mint szervez\u0151 is r\u00e9szt veszek a programban. A tanulm\u00e1nyaim sor\u00e1n hamar vil\u00e1goss\u00e1 v\u00e1lt sz\u00e1momra a ment\u00e1lis eg\u00e9szs\u00e9g fontoss\u00e1ga, ez\u00e9rt is szerettem volna egy nyitott seg\u00edt\u0151-\u00f6sszek\u00f6t\u0151 programot l\u00e9trehozni az egyetemen. Hallgat\u00f3k\u00e9nt mentor\u00e1ltam k\u00fclf\u00f6ldieket is, illetve k\u00e9s\u0151bb a vezet\u0151je lettem az egyetemi Stipendium Hungaricum mentorprogramnak. <\/i><\/p>\n<\/div>\n<\/div>\n<div class=\"exp-col-content-holder\"><a class=\"expand-cnt-link\" href=\"#\"><b>Juh\u00e1sz Albert Attila\u00a0<\/b> &#8211; \u00c1OK hallgat\u00f3i referens<\/a><\/p>\n<div class=\"hidden-content\">\n<div>orvostanhallgat\u00f3<\/div>\n<p>juhasz.albert.attila@gmail.com<\/p>\n<p><i>Hallgat\u00f3i p\u00e1lyafut\u00e1som kezdete \u00f3ta fontosnak tartottam, hogy mindazt, amit az egyetemi \u00e9veim sor\u00e1n megtapasztaltam \u00e9s megtanultam, tov\u00e1bbadhassam a fiatalabb koroszt\u00e1lynak. C\u00e9lom seg\u00edts\u00e9get ny\u00fajtani, megk\u00f6nny\u00edtve a beilleszked\u00e9st, illetve el\u0151seg\u00edteni a g\u00f6rd\u00fcl\u00e9keny \u00e1t\u00e1ll\u00e1st az orvostanhallgat\u00f3i \u00e9letform\u00e1ra, amely sokszor teljes embert k\u00edv\u00e1n. Ennek \u00e9rdek\u00e9ben amint lehet\u0151s\u00e9gem ny\u00edlt r\u00e1, 2023.szeptember\u00e9ben mentori feladatot v\u00e1llaltam a Programban. A 2025\/26-os tan\u00e9vben imm\u00e1r harmadik \u00e9ve t\u00e1mogatom az els\u0151\u00e9ves hallgat\u00f3kat mentork\u00e9nt, ezen fel\u00fcl a Mentorprogram szervez\u0151i csapat\u00e1hoz is csatlakoztam. Mentorcsoport vezet\u00e9s\u00e9ben, illetve szuperv\u00edzi\u00f3s alkalmak koordin\u00e1l\u00e1s\u00e1ban ny\u00fajtott seg\u00edts\u00e9g mellett feladataim k\u00f6z\u00e9 tartozik a Programban r\u00e9szt vev\u0151 mentorokkal \u00e9s mentor\u00e1ltakkal val\u00f3 folyamatos kapcsolattart\u00e1s \u00e9s kommunik\u00e1ci\u00f3. Fontos sz\u00e1momra, hogy munk\u00e1mmal t\u00e1mogathatom a Mentorprogram m\u0171k\u00f6d\u00e9s\u00e9t, \u00e9s ez\u00e1ltal seg\u00edthetem a hallgat\u00f3kat c\u00e9ljaik el\u00e9r\u00e9s\u00e9ben. <\/i><\/p>\n<\/div>\n<\/div>\n<div class=\"exp-col-content-holder\"><a class=\"expand-cnt-link\" href=\"#\"><b>Polg\u00e1rdi R\u00e9ka\u00a0<\/b> &#8211; adminisztr\u00e1tor<\/a><\/p>\n<div class=\"hidden-content\">\u00a0<\/div>\n<\/div>\n<div class=\"exp-col-content-holder\"><a class=\"expand-cnt-link\" href=\"#\"><b>P\u00f6lczman Lea<\/b>\u00a0&#8211; \u00f6nk\u00e9ntes seg\u00edt\u0151<\/a><\/p>\n<div class=\"hidden-content\">\n<div>pszichol\u00f3gus, doktorandusz \u00e9s s\u00e9mater\u00e1pi\u00e1s konzult\u00e1ns jel\u00f6lt<\/div>\n<p>polczman.lea@phd.semmelweis.hu<\/p>\n<p><i>Hallgat\u00f3k\u00e9nt \u00f6nismereti szemin\u00e1riumokon t\u00f6bbsz\u00f6r elhangzott, hogy seg\u00edt\u0151k\u00e9nt nagy hangs\u00falyt kell fektetn\u00fcnk arra, hogy ment\u00e1lisan \u00e9s pszich\u00e9sen mi is j\u00f3l legy\u00fcnk, hiszen csak \u00edgy tudunk majd m\u00e1soknak seg\u00edt\u0151 kezet ny\u00fajtani. Ma m\u00e1r pszichol\u00f3gusk\u00e9nt is rendk\u00edv\u00fcl fontosnak tartom a ment\u00e1lis eg\u00e9szs\u00e9g meg\u0151rz\u00e9s\u00e9t. \u00cdgy, amikor 2020 december\u00e9ben Gy\u0151rffy Zsuzsa mes\u00e9lt a prevenci\u00f3ra hangs\u00falyt fektet\u0151 Mentorprogramr\u00f3l, az azonnal felkeltette a k\u00edv\u00e1ncsis\u00e1gomat, \u00e9s az\u00f3ta munkat\u00e1rsk\u00e9nt veszek r\u00e9szt a programban.<\/i><\/p>\n<p><i>\u201cBeing empathetic is seeing the world through the eyes of the other, not seeing your world reflected in their eyes.\u201d \u2013 Carl Rogers<\/i><\/p>\n<\/div>\n<\/div>\n","protected":false},"excerpt":{"rendered":"<p><a class=\"expand-cnt-link\" href=\"#\">Koll\u00e1r Krist\u00f3f\u00a0 &#8211; operat\u00edv vezet\u0151<\/a> \u00e1ltal\u00e1nos orvos, pszichi\u00e1ter rezidens kollar.kristof@semmelweis.hu 2019-ben m\u00e9g mentor\u00e1ltk\u00e9nt csatlakoztam a programhoz, majd amint lehetett mentork\u00e9nt is bekapcsol\u00f3dtam a munk\u00e1ba. Mindig \u00f6r\u00f6m \u00e9s megtiszteltet\u00e9s volt v\u00e9gigk\u00eds\u00e9rni egy-egy g\u00f3ly\u00e1t az egyetemi \u00e9veinek kezdet\u00e9n, vagy azon t\u00fal is. Az inspir\u00e1ci\u00f3, amit a mentor\u00e1l\u00e1sban \u00e1t\u00e9ltem \u00f6szt\u00f6nz\u00f6tt arra, hogy 2023-t\u00f3l bekapcsol\u00f3djak a program szervez\u00e9s\u00e9be \u00e9s seg\u00edthessem a munk\u00e1t, hogy \u00e9vr\u0151l &hellip;<\/p>\n","protected":false},"author":101724,"featured_media":0,"parent":117,"menu_order":2,"comment_status":"closed","ping_status":"closed","template":"","meta":{"_acf_changed":false,"footnotes":""},"categories":[],"tags":[],"class_list":["post-30","page","type-page","status-publish","hentry"],"acf":[],"_links":{"self":[{"href":"https:\/\/semmelweis.hu\/mentorprogram\/wp-json\/wp\/v2\/pages\/30","targetHints":{"allow":["GET"]}}],"collection":[{"href":"https:\/\/semmelweis.hu\/mentorprogram\/wp-json\/wp\/v2\/pages"}],"about":[{"href":"https:\/\/semmelweis.hu\/mentorprogram\/wp-json\/wp\/v2\/types\/page"}],"author":[{"embeddable":true,"href":"https:\/\/semmelweis.hu\/mentorprogram\/wp-json\/wp\/v2\/users\/101724"}],"replies":[{"embeddable":true,"href":"https:\/\/semmelweis.hu\/mentorprogram\/wp-json\/wp\/v2\/comments?post=30"}],"version-history":[{"count":11,"href":"https:\/\/semmelweis.hu\/mentorprogram\/wp-json\/wp\/v2\/pages\/30\/revisions"}],"predecessor-version":[{"id":581,"href":"https:\/\/semmelweis.hu\/mentorprogram\/wp-json\/wp\/v2\/pages\/30\/revisions\/581"}],"up":[{"embeddable":true,"href":"https:\/\/semmelweis.hu\/mentorprogram\/wp-json\/wp\/v2\/pages\/117"}],"wp:attachment":[{"href":"https:\/\/semmelweis.hu\/mentorprogram\/wp-json\/wp\/v2\/media?parent=30"}],"wp:term":[{"taxonomy":"category","embeddable":true,"href":"https:\/\/semmelweis.hu\/mentorprogram\/wp-json\/wp\/v2\/categories?post=30"},{"taxonomy":"post_tag","embeddable":true,"href":"https:\/\/semmelweis.hu\/mentorprogram\/wp-json\/wp\/v2\/tags?post=30"}],"curies":[{"name":"wp","href":"https:\/\/api.w.org\/{rel}","templated":true}]}}