{"id":213,"date":"2023-11-21T15:24:46","date_gmt":"2023-11-21T14:24:46","guid":{"rendered":"https:\/\/semmelweis.hu\/mentorprogram\/?page_id=213"},"modified":"2023-11-21T15:27:28","modified_gmt":"2023-11-21T14:27:28","slug":"gyik","status":"publish","type":"page","link":"https:\/\/semmelweis.hu\/mentorprogram\/gyik\/","title":{"rendered":"GYIK"},"content":{"rendered":"            <div class=\"qae-faqs-container qae-faqs-toggle-container\">\n\t\t\t\t<h3 class=\"qe-faqs-group-title\">Mentoroknak<\/h3>\t\t<div id=\"qaef-212\" class=\"qe-faq-toggle mentoroknak\">\n\t\t\t<div class=\"qe-toggle-title\">\n\t\t\t\t<h4>\n\t\t\t\t\t<i class=\"fa fa-minus-circle\"><\/i> R\u00e9szt vehetek-e a programban, ha a tan\u00e9v sor\u00e1n f\u00e9l \u00e9vig k\u00fclf\u00f6ld\u00f6n leszek?\t\t\t\t<\/h4>\n\t\t\t<\/div>\n\t\t\t<div class=\"qe-toggle-content\">\n\t\t\t\t<p>A program t\u00f6bb eleme, els\u0151sorban a g\u00f3ly\u00e1val val\u00f3 kapcsolattart\u00e1s, de a szuperv\u00edzi\u00f3k \u00e9s a k\u00e9pz\u00e9si alkalmak egy r\u00e9sze is szem\u00e9lyes jelenl\u00e9tet ig\u00e9nyel. Amennyiben a k\u00fclf\u00f6ldi t\u00e1voll\u00e9t az ezeken val\u00f3 r\u00e9szv\u00e9telt nem teszi lehet\u0151v\u00e9, \u00fagy egy k\u00e9s\u0151bbi tan\u00e9vben tudsz bel\u00e9pni a programba. V\u00e1runk!<\/p>\n\t\t\t<\/div>\n\t\t<\/div>\n\t\t\t\t<div id=\"qaef-211\" class=\"qe-faq-toggle mentoroknak\">\n\t\t\t<div class=\"qe-toggle-title\">\n\t\t\t\t<h4>\n\t\t\t\t\t<i class=\"fa fa-minus-circle\"><\/i> Mit tegyek, ha nem tudok r\u00e9sztvenni a szuperv\u00edzi\u00f3s alkalmon?\t\t\t\t<\/h4>\n\t\t\t<\/div>\n\t\t\t<div class=\"qe-toggle-content\">\n\t\t\t\t<p>Els\u0151 l\u00e9p\u00e9sben jelezd ezt min\u00e9l el\u0151bb a szervez\u0151i csapat fel\u00e9 (els\u0151 sorban a mentorcsoportod vezet\u0151j\u00e9nek, vagy ak\u00e1r a <a href=\"https:\/\/semmelweis.hu\/mentorprogram\/elerhetosegek\/\">Kapcsolat<\/a> f\u00fcl alatti email c\u00edmen), igyeksz\u00fcnk minden ilyen probl\u00e9m\u00e1ra megold\u00e1st tal\u00e1lni.<\/p>\n\t\t\t<\/div>\n\t\t<\/div>\n\t\t\t\t<div id=\"qaef-210\" class=\"qe-faq-toggle golyaknak mentoroknak\">\n\t\t\t<div class=\"qe-toggle-title\">\n\t\t\t\t<h4>\n\t\t\t\t\t<i class=\"fa fa-minus-circle\"><\/i> Mi alapj\u00e1n ker\u00fclnek beoszt\u00e1sra a p\u00e1rok?\t\t\t\t<\/h4>\n\t\t\t<\/div>\n\t\t\t<div class=\"qe-toggle-content\">\n\t\t\t\t<p>A g\u00f3lya-mentor p\u00e1rok alapvet\u0151en v\u00e9letlenszer\u0171en ker\u00fclnek kialak\u00edt\u00e1sra. A mentoroknak van lehet\u0151s\u00e9g\u00fck jelezni, ha van k\u00e9r\u00e9s\u00fck ezzel kapcsolatban. Ezeket a k\u00e9r\u00e9seket a legt\u00f6bb esetben siker\u00fcl megoldani.<\/p>\n\t\t\t<\/div>\n\t\t<\/div>\n\t\t\t\t<div id=\"qaef-209\" class=\"qe-faq-toggle mentoroknak\">\n\t\t\t<div class=\"qe-toggle-title\">\n\t\t\t\t<h4>\n\t\t\t\t\t<i class=\"fa fa-minus-circle\"><\/i> Van lehet\u0151s\u00e9g egy konkr\u00e9t g\u00f3ly\u00e1t k\u00e9rni mentor\u00e1ltnak?\t\t\t\t<\/h4>\n\t\t\t<\/div>\n\t\t\t<div class=\"qe-toggle-content\">\n\t\t\t\t<p>Van, a megadott el\u00e9rhet\u0151s\u00e9geden a f\u00e9l\u00e9v elej\u00e9n egy k\u00e9rd\u0151\u00edvet fogsz kapni, amiben jelezheted effajta ig\u00e9nyeidet.<\/p>\n\t\t\t<\/div>\n\t\t<\/div>\n\t\t\t\t<div id=\"qaef-208\" class=\"qe-faq-toggle mentoroknak\">\n\t\t\t<div class=\"qe-toggle-title\">\n\t\t\t\t<h4>\n\t\t\t\t\t<i class=\"fa fa-minus-circle\"><\/i> Mi t\u00f6rt\u00e9nik, ha nem tudok r\u00e9sztvenni az augusztus mentork\u00e9pz\u00e9si alkalmakon?\t\t\t\t<\/h4>\n\t\t\t<\/div>\n\t\t\t<div class=\"qe-toggle-content\">\n\t\t\t\t<p>Szeptemberben p\u00f3talkalmat tartunk, amir\u0151l a jelentkez\u00e9skor megadott el\u00e9rhet\u0151s\u00e9gen kereszt\u00fcl \u00e9rtes\u00edtj\u00fck a mentorokat.<\/p>\n\t\t\t<\/div>\n\t\t<\/div>\n\t\t<h3 class=\"qe-faqs-group-title\">G\u00f3ly\u00e1knak<\/h3>\t\t<div id=\"qaef-210\" class=\"qe-faq-toggle golyaknak mentoroknak\">\n\t\t\t<div class=\"qe-toggle-title\">\n\t\t\t\t<h4>\n\t\t\t\t\t<i class=\"fa fa-minus-circle\"><\/i> Mi alapj\u00e1n ker\u00fclnek beoszt\u00e1sra a p\u00e1rok?\t\t\t\t<\/h4>\n\t\t\t<\/div>\n\t\t\t<div class=\"qe-toggle-content\">\n\t\t\t\t<p>A g\u00f3lya-mentor p\u00e1rok alapvet\u0151en v\u00e9letlenszer\u0171en ker\u00fclnek kialak\u00edt\u00e1sra. A mentoroknak van lehet\u0151s\u00e9g\u00fck jelezni, ha van k\u00e9r\u00e9s\u00fck ezzel kapcsolatban. Ezeket a k\u00e9r\u00e9seket a legt\u00f6bb esetben siker\u00fcl megoldani.<\/p>\n\t\t\t<\/div>\n\t\t<\/div>\n\t\t\t\t<div id=\"qaef-207\" class=\"qe-faq-toggle golyaknak\">\n\t\t\t<div class=\"qe-toggle-title\">\n\t\t\t\t<h4>\n\t\t\t\t\t<i class=\"fa fa-minus-circle\"><\/i> Nem keresett fel a mentorom, mit tegyek?\t\t\t\t<\/h4>\n\t\t\t<\/div>\n\t\t\t<div class=\"qe-toggle-content\">\n\t\t\t\t<p>A tan\u00e9v elej\u00e9n a mentor-g\u00f3lya p\u00e1rok kialak\u00edt\u00e1sa folyamatosan zajlik. K\u00e9rj\u00fck, hogy ellen\u0151rizd megadott el\u00e9rhet\u0151s\u00e9ged rendszeresen (\u00e9rdemes lehet a Spam mapp\u00e1ra is r\u00e1n\u00e9zni). Amennyiben szeptember k\u00f6zep\u00e9ig m\u00e9g mindig nem keresett fel mentorod, \u00fagy k\u00e9r\u00fcnk, l\u00e9pj kapcsolatba a szervez\u0151i csapattal a <a href=\"https:\/\/semmelweis.hu\/mentorprogram\/elerhetosegek\/\">Kapcsolat<\/a> f\u00fcl alatt tal\u00e1lhat\u00f3 email c\u00edmen kereszt\u00fcl.<\/p>\n\t\t\t<\/div>\n\t\t<\/div>\n\t\t\t\t<div id=\"qaef-206\" class=\"qe-faq-toggle golyaknak\">\n\t\t\t<div class=\"qe-toggle-title\">\n\t\t\t\t<h4>\n\t\t\t\t\t<i class=\"fa fa-minus-circle\"><\/i> Van lehet\u0151s\u00e9g kil\u00e9pni a programb\u00f3l?\t\t\t\t<\/h4>\n\t\t\t<\/div>\n\t\t\t<div class=\"qe-toggle-content\">\n\t\t\t\t<p>K\u00e9r\u00fcnk, hogy miel\u0151tt kil\u00e9pn\u00e9l, gondold \u00e1t mit adhat Neked a program, eddig milyen seg\u00edts\u00e9get kapt\u00e1l \u00e9s milyen h\u00e1tr\u00e1nyokkal j\u00e1rt a r\u00e9szv\u00e9teled. Ha ezek ut\u00e1n val\u00f3ban \u00fagy l\u00e1tod, nem szeretn\u00e9l tov\u00e1bb a programban r\u00e9szt venni, akkor k\u00e9r\u00fcnk, hogy ezt egy\u00e9rtelm\u0171en kommunik\u00e1ld mind a mentorod, mind a szervez\u0151i csapat fel\u00e9. A szervez\u0151i csapatot a <a href=\"https:\/\/semmelweis.hu\/mentorprogram\/elerhetosegek\/\">Kapcsolat<\/a> f\u00fcl alatt tal\u00e1lhat\u00f3 email c\u00edmen kereszt\u00fcl \u00e9red el.<\/p>\n\t\t\t<\/div>\n\t\t<\/div>\n\t\t\t\t<div id=\"qaef-205\" class=\"qe-faq-toggle golyaknak\">\n\t\t\t<div class=\"qe-toggle-title\">\n\t\t\t\t<h4>\n\t\t\t\t\t<i class=\"fa fa-minus-circle\"><\/i> Van lehet\u0151s\u00e9g arra, hogy egy fels\u0151bb \u00e9ves ismer\u0151s\u00f6m legyen a mentorom?\t\t\t\t<\/h4>\n\t\t\t<\/div>\n\t\t\t<div class=\"qe-toggle-content\">\n\t\t\t\t<p>Van, ezt az ig\u00e9nyt a mentor tudja jelezni a szervez\u0151i csapat fel\u00e9 a tan\u00e9v elej\u00e9n kik\u00fcld\u00f6tt k\u00e9rd\u0151\u00edven kereszt\u00fcl.<\/p>\n\t\t\t<\/div>\n\t\t<\/div>\n\t\t            <\/div>\n\t\t\n","protected":false},"excerpt":{"rendered":"","protected":false},"author":101724,"featured_media":0,"parent":0,"menu_order":7,"comment_status":"closed","ping_status":"closed","template":"","meta":{"_acf_changed":false,"footnotes":""},"categories":[],"tags":[],"class_list":["post-213","page","type-page","status-publish","hentry"],"acf":[],"_links":{"self":[{"href":"https:\/\/semmelweis.hu\/mentorprogram\/wp-json\/wp\/v2\/pages\/213","targetHints":{"allow":["GET"]}}],"collection":[{"href":"https:\/\/semmelweis.hu\/mentorprogram\/wp-json\/wp\/v2\/pages"}],"about":[{"href":"https:\/\/semmelweis.hu\/mentorprogram\/wp-json\/wp\/v2\/types\/page"}],"author":[{"embeddable":true,"href":"https:\/\/semmelweis.hu\/mentorprogram\/wp-json\/wp\/v2\/users\/101724"}],"replies":[{"embeddable":true,"href":"https:\/\/semmelweis.hu\/mentorprogram\/wp-json\/wp\/v2\/comments?post=213"}],"version-history":[{"count":2,"href":"https:\/\/semmelweis.hu\/mentorprogram\/wp-json\/wp\/v2\/pages\/213\/revisions"}],"predecessor-version":[{"id":216,"href":"https:\/\/semmelweis.hu\/mentorprogram\/wp-json\/wp\/v2\/pages\/213\/revisions\/216"}],"wp:attachment":[{"href":"https:\/\/semmelweis.hu\/mentorprogram\/wp-json\/wp\/v2\/media?parent=213"}],"wp:term":[{"taxonomy":"category","embeddable":true,"href":"https:\/\/semmelweis.hu\/mentorprogram\/wp-json\/wp\/v2\/categories?post=213"},{"taxonomy":"post_tag","embeddable":true,"href":"https:\/\/semmelweis.hu\/mentorprogram\/wp-json\/wp\/v2\/tags?post=213"}],"curies":[{"name":"wp","href":"https:\/\/api.w.org\/{rel}","templated":true}]}}