{"id":184,"date":"2023-11-20T18:38:07","date_gmt":"2023-11-20T17:38:07","guid":{"rendered":"https:\/\/semmelweis.hu\/mentorprogram\/?page_id=184"},"modified":"2024-01-24T12:41:13","modified_gmt":"2024-01-24T11:41:13","slug":"fuer-mentoren","status":"publish","type":"page","link":"https:\/\/semmelweis.hu\/mentorprogram\/de\/bewerbung\/fuer-mentoren\/","title":{"rendered":"F\u00fcr Mentoren"},"content":{"rendered":"<p><b><i>Voraussetzungen:<\/i><\/b><\/p>\n<p><span style=\"font-weight: 400\">&#8211; du bist Medizinstudent<\/span><\/p>\n<p><span style=\"font-weight: 400\">&#8211; du hast die ersten 2 Jahre abgeschlossen<\/span><\/p>\n<p><span style=\"font-weight: 400\">&#8211; du hast dasBewerbungsverfahren erf\u00fcllt (siehe unten)<\/span><\/p>\n<p><span style=\"font-weight: 400\">\u00a0<\/span><\/p>\n<p><b><i>Schritte der Bewerbung:<\/i><\/b><\/p>\n<ul>\n<li style=\"font-weight: 400\"><span style=\"font-weight: 400\">F\u00fclle unser Bewerbungsformular aus<\/span><\/li>\n<li style=\"font-weight: 400\"><span style=\"font-weight: 400\">Schreib eine E-Mail mit beigef\u00fcgtem Motivationsschreiben und Lebenslauf<\/span><\/li>\n<li style=\"font-weight: 400\"><span style=\"font-weight: 400\">Teilnahme an einem Vorstellungsgespr\u00e4ch<\/span><\/li>\n<li style=\"font-weight: 400\"><span style=\"font-weight: 400\">Bewerbung f\u00fcr den Wahlpflichtkurs (\u00fcber Neptun)<\/span><\/li>\n<\/ul>\n<p><span style=\"font-weight: 400\">\u00a0<\/span><\/p>\n<p><b><i>Was kannst du von dem Programm profitieren, warum solltest du dich bewerben?<\/i><\/b><\/p>\n<ul>\n<li style=\"font-weight: 400\"><span style=\"font-weight: 400\">Deinen Mentee in den Phasen helfen, in denen du besonders viel Unterst\u00fctzung gebraucht h\u00e4ttest<\/span><\/li>\n<li style=\"font-weight: 400\"><span style=\"font-weight: 400\">Du kannst all das weitergeben, was du \u00fcber Ungarn und die Universit\u00e4t gelernt hast<\/span><\/li>\n<li style=\"font-weight: 400\"><span style=\"font-weight: 400\">Kommunikation, P\u00e4dagogik und andere F\u00e4higkeiten zu \u00fcben, die du in den Pflichtkursen nicht anwenden kannst<\/span><\/li>\n<li style=\"font-weight: 400\"><span style=\"font-weight: 400\">Vertiefung der Kenntnisse \u00fcber Zeit-\/Stressmanagement und Lernf\u00e4higkeiten<\/span><\/li>\n<li style=\"font-weight: 400\"><span style=\"font-weight: 400\">2&#215;2 Credits f\u00fcr das ganze Jahr<\/span><\/li>\n<\/ul>\n<p><span style=\"font-weight: 400\">\u00a0<\/span><\/p>\n<p><b><i>Was erwarten wir von dir?<\/i><\/b><\/p>\n<ul>\n<li style=\"font-weight: 400\"><span style=\"font-weight: 400\">Offenheit und Proaktivit\u00e4t<\/span><\/li>\n<li style=\"font-weight: 400\"><span style=\"font-weight: 400\">st\u00e4ndiger Kontakt zu deiner Mentees und Verf\u00fcgbarkeit f\u00fcr sie (nat\u00fcrlich in einem gewissen Rahmen), auch pers\u00f6nliche Treffen<\/span><\/li>\n<li style=\"font-weight: 400\"><span style=\"font-weight: 400\">Teilnahme an der Ausbildung, den Vortr\u00e4gen und der Supervision<\/span><\/li>\n<li style=\"font-weight: 400\"><span style=\"font-weight: 400\">das Ausf\u00fcllen des Mentoren-Logbuchs<\/span><\/li>\n<li style=\"font-weight: 400\"><span style=\"font-weight: 400\">Engagement f\u00fcr ein akademisches Jahr<\/span><\/li>\n<li style=\"font-weight: 400\"><span style=\"font-weight: 400\">das Ausf\u00fcllen der erforderlichen Frageb\u00f6gen<\/span><\/li>\n<\/ul>\n","protected":false},"excerpt":{"rendered":"<p>Voraussetzungen: &#8211; du bist Medizinstudent &#8211; du hast die ersten 2 Jahre abgeschlossen &#8211; du hast dasBewerbungsverfahren erf\u00fcllt (siehe unten) \u00a0 Schritte der Bewerbung: F\u00fclle unser Bewerbungsformular aus Schreib eine E-Mail mit beigef\u00fcgtem Motivationsschreiben und Lebenslauf Teilnahme an einem Vorstellungsgespr\u00e4ch Bewerbung f\u00fcr den Wahlpflichtkurs (\u00fcber Neptun) \u00a0 Was kannst du von dem Programm profitieren, warum &hellip;<\/p>\n","protected":false},"author":101724,"featured_media":0,"parent":180,"menu_order":2,"comment_status":"closed","ping_status":"closed","template":"","meta":{"_acf_changed":false,"footnotes":""},"categories":[],"tags":[],"class_list":["post-184","page","type-page","status-publish","hentry"],"acf":[],"_links":{"self":[{"href":"https:\/\/semmelweis.hu\/mentorprogram\/wp-json\/wp\/v2\/pages\/184","targetHints":{"allow":["GET"]}}],"collection":[{"href":"https:\/\/semmelweis.hu\/mentorprogram\/wp-json\/wp\/v2\/pages"}],"about":[{"href":"https:\/\/semmelweis.hu\/mentorprogram\/wp-json\/wp\/v2\/types\/page"}],"author":[{"embeddable":true,"href":"https:\/\/semmelweis.hu\/mentorprogram\/wp-json\/wp\/v2\/users\/101724"}],"replies":[{"embeddable":true,"href":"https:\/\/semmelweis.hu\/mentorprogram\/wp-json\/wp\/v2\/comments?post=184"}],"version-history":[{"count":2,"href":"https:\/\/semmelweis.hu\/mentorprogram\/wp-json\/wp\/v2\/pages\/184\/revisions"}],"predecessor-version":[{"id":298,"href":"https:\/\/semmelweis.hu\/mentorprogram\/wp-json\/wp\/v2\/pages\/184\/revisions\/298"}],"up":[{"embeddable":true,"href":"https:\/\/semmelweis.hu\/mentorprogram\/wp-json\/wp\/v2\/pages\/180"}],"wp:attachment":[{"href":"https:\/\/semmelweis.hu\/mentorprogram\/wp-json\/wp\/v2\/media?parent=184"}],"wp:term":[{"taxonomy":"category","embeddable":true,"href":"https:\/\/semmelweis.hu\/mentorprogram\/wp-json\/wp\/v2\/categories?post=184"},{"taxonomy":"post_tag","embeddable":true,"href":"https:\/\/semmelweis.hu\/mentorprogram\/wp-json\/wp\/v2\/tags?post=184"}],"curies":[{"name":"wp","href":"https:\/\/api.w.org\/{rel}","templated":true}]}}